INSERT INTO `product_custom_fields` (`id`, `ad_id`, `custom_field_id`, `custom_field_group_id`, `value`, `order`, `created_at`, `updated_at`) VALUES
(11268, 1127, 8, 2, '2020-05-05', 0, '2023-10-09 21:29:19', '2023-10-09 21:29:19'),
(11269, 1127, 9, 2, 'https://www.templatecookie.com', 0, '2023-10-09 21:29:19', '2023-10-09 21:29:19'),
(11270, 1127, 10, 2, '0123456789', 0, '2023-10-09 21:29:19', '2023-10-09 21:29:19'),
(11271, 1128, 1, 1, 'F100', 0, '2023-10-09 21:29:19', '2023-10-09 21:29:19'),
(11272, 1128, 2, 1, 'New', 0, '2023-10-09 21:29:19', '2023-10-09 21:29:19'),
(11273, 1128, 3, 1, '0', 0, '2023-10-09 21:29:19', '2023-10-09 21:29:19'),
(11274, 1128, 4, 1, 'Beautiful Look, Good Condition', 0, '2023-10-09 21:29:19', '2023-10-09 21:29:19'),
(11275, 1128, 5, 1, 'Yes', 0, '2023-10-09 21:29:19', '2023-10-09 21:29:19'),
(11276, 1128, 6, 2, 'This is a note', 0, '2023-10-09 21:29:19', '2023-10-09 21:29:19'),
(11277, 1128, 7, 2, 'https://youtu.be/Ic_Kkmzm3uQ', 0, '2023-10-09 21:29:19', '2023-10-09 21:29:19'),
(11278, 1128, 8, 2, '2020-05-05', 0, '2023-10-09 21:29:19', '2023-10-09 21:29:19'),
(11279, 1128, 9, 2, 'https://www.templatecookie.com', 0, '2023-10-09 21:29:19', '2023-10-09 21:29:19'),
(11280, 1128, 10, 2, '0123456789', 0, '2023-10-09 21:29:19', '2023-10-09 21:29:19'),
(11281, 1129, 1, 1, 'F100', 0, '2023-10-09 21:29:19', '2023-10-09 21:29:19'),
(11282, 1129, 2, 1, 'New', 0, '2023-10-09 21:29:19', '2023-10-09 21:29:19'),
(11283, 1129, 3, 1, '1', 0, '2023-10-09 21:29:19', '2023-10-09 21:29:19'),
(11284, 1129, 4, 1, 'Comfortable, Beautiful Look, Good Condition', 0, '2023-10-09 21:29:19', '2023-10-09 21:29:19'),
(11285, 1129, 5, 1, 'Yes', 0, '2023-10-09 21:29:19', '2023-10-09 21:29:19'),
(11286, 1129, 6, 2, 'This is a note', 0, '2023-10-09 21:29:19', '2023-10-09 21:29:19'),
(11287, 1129, 7, 2, 'https://youtu.be/Ic_Kkmzm3uQ', 0, '2023-10-09 21:29:19', '2023-10-09 21:29:19'),
(11288, 1129, 8, 2, '2020-05-05', 0, '2023-10-09 21:29:19', '2023-10-09 21:29:19'),
(11289, 1129, 9, 2, 'https://www.templatecookie.com', 0, '2023-10-09 21:29:19', '2023-10-09 21:29:19'),
(11290, 1129, 10, 2, '0123456789', 0, '2023-10-09 21:29:19', '2023-10-09 21:29:19'),
(11291, 1130, 1, 1, 'F100', 0, '2023-10-09 21:29:19', '2023-10-09 21:29:19'),
(11292, 1130, 2, 1, 'New', 0, '2023-10-09 21:29:19', '2023-10-09 21:29:19'),
(11293, 1130, 3, 1, '1', 0, '2023-10-09 21:29:19', '2023-10-09 21:29:19'),
(11294, 1130, 4, 1, 'Beautiful Look, Good Condition', 0, '2023-10-09 21:29:19', '2023-10-09 21:29:19'),
(11295, 1130, 5, 1, 'Yes', 0, '2023-10-09 21:29:19', '2023-10-09 21:29:19'),
(11296, 1130, 6, 2, 'This is a note', 0, '2023-10-09 21:29:19', '2023-10-09 21:29:19'),
(11297, 1130, 7, 2, 'https://youtu.be/Ic_Kkmzm3uQ', 0, '2023-10-09 21:29:19', '2023-10-09 21:29:19'),
(11298, 1130, 8, 2, '2020-05-05', 0, '2023-10-09 21:29:19', '2023-10-09 21:29:19'),
(11299, 1130, 9, 2, 'https://www.templatecookie.com', 0, '2023-10-09 21:29:19', '2023-10-09 21:29:19'),
(11300, 1130, 10, 2, '0123456789', 0, '2023-10-09 21:29:19', '2023-10-09 21:29:19'),
(11301, 1131, 1, 1, 'F100', 0, '2023-10-09 21:29:19', '2023-10-09 21:29:19'),
(11302, 1131, 2, 1, 'New', 0, '2023-10-09 21:29:19', '2023-10-09 21:29:19'),
(11303, 1131, 3, 1, '1', 0, '2023-10-09 21:29:19', '2023-10-09 21:29:19'),
(11304, 1131, 4, 1, 'Comfortable, Beautiful Look, Good Condition', 0, '2023-10-09 21:29:19', '2023-10-09 21:29:19'),
(11305, 1131, 5, 1, 'Yes', 0, '2023-10-09 21:29:19', '2023-10-09 21:29:19'),
(11306, 1131, 6, 2, 'This is a note', 0, '2023-10-09 21:29:19', '2023-10-09 21:29:19'),
(11307, 1131, 7, 2, 'https://youtu.be/Ic_Kkmzm3uQ', 0, '2023-10-09 21:29:19', '2023-10-09 21:29:19'),
(11308, 1131, 8, 2, '2020-05-05', 0, '2023-10-09 21:29:19', '2023-10-09 21:29:19'),
(11309, 1131, 9, 2, 'https://www.templatecookie.com', 0, '2023-10-09 21:29:19', '2023-10-09 21:29:19'),
(11310, 1131, 10, 2, '0123456789', 0, '2023-10-09 21:29:19', '2023-10-09 21:29:19'),
(11311, 1132, 1, 1, 'F100', 0, '2023-10-09 21:29:19', '2023-10-09 21:29:19'),
(11312, 1132, 2, 1, 'New', 0, '2023-10-09 21:29:19', '2023-10-09 21:29:19'),
(11313, 1132, 3, 1, '0', 0, '2023-10-09 21:29:19', '2023-10-09 21:29:19'),
(11314, 1132, 4, 1, 'Comfortable, Beautiful Look', 0, '2023-10-09 21:29:19', '2023-10-09 21:29:19'),
(11315, 1132, 5, 1, 'Yes', 0, '2023-10-09 21:29:19', '2023-10-09 21:29:19'),
(11316, 1132, 6, 2, 'This is a note', 0, '2023-10-09 21:29:19', '2023-10-09 21:29:19'),
(11317, 1132, 7, 2, 'https://youtu.be/Ic_Kkmzm3uQ', 0, '2023-10-09 21:29:19', '2023-10-09 21:29:19'),
(11318, 1132, 8, 2, '2020-05-05', 0, '2023-10-09 21:29:19', '2023-10-09 21:29:19'),
(11319, 1132, 9, 2, 'https://www.templatecookie.com', 0, '2023-10-09 21:29:19', '2023-10-09 21:29:19'),
(11320, 1132, 10, 2, '0123456789', 0, '2023-10-09 21:29:19', '2023-10-09 21:29:19'),
(11321, 1133, 1, 1, 'F100', 0, '2023-10-09 21:29:19', '2023-10-09 21:29:19'),
(11322, 1133, 2, 1, 'New', 0, '2023-10-09 21:29:19', '2023-10-09 21:29:19'),
(11323, 1133, 3, 1, '0', 0, '2023-10-09 21:29:19', '2023-10-09 21:29:19'),
(11324, 1133, 4, 1, 'Comfortable, Beautiful Look, Good Condition', 0, '2023-10-09 21:29:19', '2023-10-09 21:29:19'),
(11325, 1133, 5, 1, 'Yes', 0, '2023-10-09 21:29:19', '2023-10-09 21:29:19'),
(11326, 1133, 6, 2, 'This is a note', 0, '2023-10-09 21:29:19', '2023-10-09 21:29:19'),
(11327, 1133, 7, 2, 'https://youtu.be/Ic_Kkmzm3uQ', 0, '2023-10-09 21:29:19', '2023-10-09 21:29:19'),
(11328, 1133, 8, 2, '2020-05-05', 0, '2023-10-09 21:29:19', '2023-10-09 21:29:19'),
(11329, 1133, 9, 2, 'https://www.templatecookie.com', 0, '2023-10-09 21:29:19', '2023-10-09 21:29:19'),
(11330, 1133, 10, 2, '0123456789', 0, '2023-10-09 21:29:19', '2023-10-09 21:29:19'),
(11331, 1134, 1, 1, 'F100', 0, '2023-10-09 21:29:19', '2023-10-09 21:29:19'),
(11332, 1134, 2, 1, 'New', 0, '2023-10-09 21:29:19', '2023-10-09 21:29:19'),
(11333, 1134, 3, 1, '1', 0, '2023-10-09 21:29:19', '2023-10-09 21:29:19'),
(11334, 1134, 4, 1, 'Comfortable, Good Condition', 0, '2023-10-09 21:29:19', '2023-10-09 21:29:19'),
(11335, 1134, 5, 1, 'Yes', 0, '2023-10-09 21:29:19', '2023-10-09 21:29:19'),
(11336, 1134, 6, 2, 'This is a note', 0, '2023-10-09 21:29:19', '2023-10-09 21:29:19'),
(11337, 1134, 7, 2, 'https://youtu.be/Ic_Kkmzm3uQ', 0, '2023-10-09 21:29:19', '2023-10-09 21:29:19'),
(11338, 1134, 8, 2, '2020-05-05', 0, '2023-10-09 21:29:19', '2023-10-09 21:29:19'),
(11339, 1134, 9, 2, 'https://www.templatecookie.com', 0, '2023-10-09 21:29:19', '2023-10-09 21:29:19'),
(11340, 1134, 10, 2, '0123456789', 0, '2023-10-09 21:29:19', '2023-10-09 21:29:19'),
(11341, 1135, 1, 1, 'F100', 0, '2023-10-09 21:29:19', '2023-10-09 21:29:19'),
(11342, 1135, 2, 1, 'New', 0, '2023-10-09 21:29:19', '2023-10-09 21:29:19'),
(11343, 1135, 3, 1, '0', 0, '2023-10-09 21:29:19', '2023-10-09 21:29:19'),
(11344, 1135, 4, 1, 'Comfortable, Beautiful Look, Good Condition', 0, '2023-10-09 21:29:19', '2023-10-09 21:29:19'),
(11345, 1135, 5, 1, 'Yes', 0, '2023-10-09 21:29:19', '2023-10-09 21:29:19'),
(11346, 1135, 6, 2, 'This is a note', 0, '2023-10-09 21:29:19', '2023-10-09 21:29:19'),
(11347, 1135, 7, 2, 'https://youtu.be/Ic_Kkmzm3uQ', 0, '2023-10-09 21:29:19', '2023-10-09 21:29:19'),
(11348, 1135, 8, 2, '2020-05-05', 0, '2023-10-09 21:29:19', '2023-10-09 21:29:19'),
(11349, 1135, 9, 2, 'https://www.templatecookie.com', 0, '2023-10-09 21:29:19', '2023-10-09 21:29:19'),
(11350, 1135, 10, 2, '0123456789', 0, '2023-10-09 21:29:19', '2023-10-09 21:29:19'),
(11351, 1136, 1, 1, 'F100', 0, '2023-10-09 21:29:19', '2023-10-09 21:29:19'),
(11352, 1136, 2, 1, 'New', 0, '2023-10-09 21:29:19', '2023-10-09 21:29:19'),
(11353, 1136, 3, 1, '1', 0, '2023-10-09 21:29:19', '2023-10-09 21:29:19'),
(11354, 1136, 4, 1, 'Beautiful Look, Good Condition', 0, '2023-10-09 21:29:19', '2023-10-09 21:29:19'),
(11355, 1136, 5, 1, 'Yes', 0, '2023-10-09 21:29:19', '2023-10-09 21:29:19'),
(11356, 1136, 6, 2, 'This is a note', 0, '2023-10-09 21:29:19', '2023-10-09 21:29:19'),
(11357, 1136, 7, 2, 'https://youtu.be/Ic_Kkmzm3uQ', 0, '2023-10-09 21:29:19', '2023-10-09 21:29:19'),
(11358, 1136, 8, 2, '2020-05-05', 0, '2023-10-09 21:29:19', '2023-10-09 21:29:19'),
(11359, 1136, 9, 2, 'https://www.templatecookie.com', 0, '2023-10-09 21:29:19', '2023-10-09 21:29:19'),
(11360, 1136, 10, 2, '0123456789', 0, '2023-10-09 21:29:19', '2023-10-09 21:29:19'),
(11361, 1137, 1, 1, 'F100', 0, '2023-10-09 21:29:19', '2023-10-09 21:29:19'),
(11362, 1137, 2, 1, 'New', 0, '2023-10-09 21:29:19', '2023-10-09 21:29:19'),
(11363, 1137, 3, 1, '1', 0, '2023-10-09 21:29:19', '2023-10-09 21:29:19'),
(11364, 1137, 4, 1, 'Comfortable, Beautiful Look', 0, '2023-10-09 21:29:19', '2023-10-09 21:29:19'),
(11365, 1137, 5, 1, 'Yes', 0, '2023-10-09 21:29:19', '2023-10-09 21:29:19'),
(11366, 1137, 6, 2, 'This is a note', 0, '2023-10-09 21:29:19', '2023-10-09 21:29:19'),
(11367, 1137, 7, 2, 'https://youtu.be/Ic_Kkmzm3uQ', 0, '2023-10-09 21:29:19', '2023-10-09 21:29:19'),
(11368, 1137, 8, 2, '2020-05-05', 0, '2023-10-09 21:29:19', '2023-10-09 21:29:19'),
(11369, 1137, 9, 2, 'https://www.templatecookie.com', 0, '2023-10-09 21:29:19', '2023-10-09 21:29:19'),
(11370, 1137, 10, 2, '0123456789', 0, '2023-10-09 21:29:19', '2023-10-09 21:29:19'),
(11371, 1138, 1, 1, 'F100', 0, '2023-10-09 21:29:19', '2023-10-09 21:29:19'),
(11372, 1138, 2, 1, 'New', 0, '2023-10-09 21:29:19', '2023-10-09 21:29:19'),
(11373, 1138, 3, 1, '1', 0, '2023-10-09 21:29:19', '2023-10-09 21:29:19'),
(11374, 1138, 4, 1, 'Comfortable, Beautiful Look', 0, '2023-10-09 21:29:19', '2023-10-09 21:29:19'),
(11375, 1138, 5, 1, 'Yes', 0, '2023-10-09 21:29:19', '2023-10-09 21:29:19'),
(11376, 1138, 6, 2, 'This is a note', 0, '2023-10-09 21:29:19', '2023-10-09 21:29:19'),
(11377, 1138, 7, 2, 'https://youtu.be/Ic_Kkmzm3uQ', 0, '2023-10-09 21:29:19', '2023-10-09 21:29:19'),
(11378, 1138, 8, 2, '2020-05-05', 0, '2023-10-09 21:29:19', '2023-10-09 21:29:19'),
(11379, 1138, 9, 2, 'https://www.templatecookie.com', 0, '2023-10-09 21:29:19', '2023-10-09 21:29:19'),
(11380, 1138, 10, 2, '0123456789', 0, '2023-10-09 21:29:19', '2023-10-09 21:29:19'),
(11381, 1139, 1, 1, 'F100', 0, '2023-10-09 21:29:19', '2023-10-09 21:29:19'),
(11382, 1139, 2, 1, 'New', 0, '2023-10-09 21:29:19', '2023-10-09 21:29:19'),
(11383, 1139, 3, 1, '1', 0, '2023-10-09 21:29:19', '2023-10-09 21:29:19'),
(11384, 1139, 4, 1, 'Beautiful Look, Good Condition', 0, '2023-10-09 21:29:19', '2023-10-09 21:29:19'),
(11385, 1139, 5, 1, 'Yes', 0, '2023-10-09 21:29:19', '2023-10-09 21:29:19'),
(11386, 1139, 6, 2, 'This is a note', 0, '2023-10-09 21:29:19', '2023-10-09 21:29:19'),
(11387, 1139, 7, 2, 'https://youtu.be/Ic_Kkmzm3uQ', 0, '2023-10-09 21:29:19', '2023-10-09 21:29:19'),
(11388, 1139, 8, 2, '2020-05-05', 0, '2023-10-09 21:29:19', '2023-10-09 21:29:19'),
(11389, 1139, 9, 2, 'https://www.templatecookie.com', 0, '2023-10-09 21:29:19', '2023-10-09 21:29:19'),
(11390, 1139, 10, 2, '0123456789', 0, '2023-10-09 21:29:19', '2023-10-09 21:29:19'),
(11391, 1140, 1, 1, 'F100', 0, '2023-10-09 21:29:19', '2023-10-09 21:29:19'),
(11392, 1140, 2, 1, 'New', 0, '2023-10-09 21:29:19', '2023-10-09 21:29:19'),
(11393, 1140, 3, 1, '0', 0, '2023-10-09 21:29:19', '2023-10-09 21:29:19'),
(11394, 1140, 4, 1, 'Comfortable, Beautiful Look, Good Condition', 0, '2023-10-09 21:29:19', '2023-10-09 21:29:19'),
(11395, 1140, 5, 1, 'Yes', 0, '2023-10-09 21:29:19', '2023-10-09 21:29:19'),
(11396, 1140, 6, 2, 'This is a note', 0, '2023-10-09 21:29:19', '2023-10-09 21:29:19'),
(11397, 1140, 7, 2, 'https://youtu.be/Ic_Kkmzm3uQ', 0, '2023-10-09 21:29:19', '2023-10-09 21:29:19'),
(11398, 1140, 8, 2, '2020-05-05', 0, '2023-10-09 21:29:19', '2023-10-09 21:29:19'),
(11399, 1140, 9, 2, 'https://www.templatecookie.com', 0, '2023-10-09 21:29:19', '2023-10-09 21:29:19'),
(11400, 1140, 10, 2, '0123456789', 0, '2023-10-09 21:29:19', '2023-10-09 21:29:19'),
(11401, 1141, 1, 1, 'F100', 0, '2023-10-09 21:29:19', '2023-10-09 21:29:19'),
(11402, 1141, 2, 1, 'New', 0, '2023-10-09 21:29:19', '2023-10-09 21:29:19'),
(11403, 1141, 3, 1, '1', 0, '2023-10-09 21:29:19', '2023-10-09 21:29:19'),
(11404, 1141, 4, 1, 'Comfortable, Good Condition', 0, '2023-10-09 21:29:19', '2023-10-09 21:29:19'),
(11405, 1141, 5, 1, 'Yes', 0, '2023-10-09 21:29:19', '2023-10-09 21:29:19'),
(11406, 1141, 6, 2, 'This is a note', 0, '2023-10-09 21:29:19', '2023-10-09 21:29:19'),
(11407, 1141, 7, 2, 'https://youtu.be/Ic_Kkmzm3uQ', 0, '2023-10-09 21:29:19', '2023-10-09 21:29:19'),
(11408, 1141, 8, 2, '2020-05-05', 0, '2023-10-09 21:29:19', '2023-10-09 21:29:19'),
(11409, 1141, 9, 2, 'https://www.templatecookie.com', 0, '2023-10-09 21:29:19', '2023-10-09 21:29:19'),
(11410, 1141, 10, 2, '0123456789', 0, '2023-10-09 21:29:19', '2023-10-09 21:29:19'),
(11411, 1142, 1, 1, 'F100', 0, '2023-10-09 21:29:19', '2023-10-09 21:29:19'),
(11412, 1142, 2, 1, 'New', 0, '2023-10-09 21:29:20', '2023-10-09 21:29:20'),
(11413, 1142, 3, 1, '1', 0, '2023-10-09 21:29:20', '2023-10-09 21:29:20'),
(11414, 1142, 4, 1, 'Comfortable, Beautiful Look, Good Condition', 0, '2023-10-09 21:29:20', '2023-10-09 21:29:20'),
(11415, 1142, 5, 1, 'Yes', 0, '2023-10-09 21:29:20', '2023-10-09 21:29:20'),
(11416, 1142, 6, 2, 'This is a note', 0, '2023-10-09 21:29:20', '2023-10-09 21:29:20'),
(11417, 1142, 7, 2, 'https://youtu.be/Ic_Kkmzm3uQ', 0, '2023-10-09 21:29:20', '2023-10-09 21:29:20'),
(11418, 1142, 8, 2, '2020-05-05', 0, '2023-10-09 21:29:20', '2023-10-09 21:29:20'),
(11419, 1142, 9, 2, 'https://www.templatecookie.com', 0, '2023-10-09 21:29:20', '2023-10-09 21:29:20'),
(11420, 1142, 10, 2, '0123456789', 0, '2023-10-09 21:29:20', '2023-10-09 21:29:20'),
(11421, 1143, 1, 1, 'F100', 0, '2023-10-09 21:29:20', '2023-10-09 21:29:20'),
(11422, 1143, 2, 1, 'New', 0, '2023-10-09 21:29:20', '2023-10-09 21:29:20'),
(11423, 1143, 3, 1, '0', 0, '2023-10-09 21:29:20', '2023-10-09 21:29:20'),
(11424, 1143, 4, 1, 'Comfortable, Beautiful Look, Good Condition', 0, '2023-10-09 21:29:20', '2023-10-09 21:29:20'),
(11425, 1143, 5, 1, 'Yes', 0, '2023-10-09 21:29:20', '2023-10-09 21:29:20'),
(11426, 1143, 6, 2, 'This is a note', 0, '2023-10-09 21:29:20', '2023-10-09 21:29:20'),
(11427, 1143, 7, 2, 'https://youtu.be/Ic_Kkmzm3uQ', 0, '2023-10-09 21:29:20', '2023-10-09 21:29:20'),
(11428, 1143, 8, 2, '2020-05-05', 0, '2023-10-09 21:29:20', '2023-10-09 21:29:20'),
(11429, 1143, 9, 2, 'https://www.templatecookie.com', 0, '2023-10-09 21:29:20', '2023-10-09 21:29:20'),
(11430, 1143, 10, 2, '0123456789', 0, '2023-10-09 21:29:20', '2023-10-09 21:29:20'),
(11431, 1144, 1, 1, 'F100', 0, '2023-10-09 21:29:20', '2023-10-09 21:29:20'),
(11432, 1144, 2, 1, 'New', 0, '2023-10-09 21:29:20', '2023-10-09 21:29:20'),
(11433, 1144, 3, 1, '0', 0, '2023-10-09 21:29:20', '2023-10-09 21:29:20'),
(11434, 1144, 4, 1, 'Comfortable, Beautiful Look, Good Condition', 0, '2023-10-09 21:29:20', '2023-10-09 21:29:20'),
(11435, 1144, 5, 1, 'Yes', 0, '2023-10-09 21:29:20', '2023-10-09 21:29:20'),
(11436, 1144, 6, 2, 'This is a note', 0, '2023-10-09 21:29:20', '2023-10-09 21:29:20'),
(11437, 1144, 7, 2, 'https://youtu.be/Ic_Kkmzm3uQ', 0, '2023-10-09 21:29:20', '2023-10-09 21:29:20'),
(11438, 1144, 8, 2, '2020-05-05', 0, '2023-10-09 21:29:20', '2023-10-09 21:29:20'),
(11439, 1144, 9, 2, 'https://www.templatecookie.com', 0, '2023-10-09 21:29:20', '2023-10-09 21:29:20'),
(11440, 1144, 10, 2, '0123456789', 0, '2023-10-09 21:29:20', '2023-10-09 21:29:20'),
(11441, 1145, 1, 1, 'F100', 0, '2023-10-09 21:29:20', '2023-10-09 21:29:20'),
(11442, 1145, 2, 1, 'New', 0, '2023-10-09 21:29:20', '2023-10-09 21:29:20'),
(11443, 1145, 3, 1, '1', 0, '2023-10-09 21:29:20', '2023-10-09 21:29:20'),
(11444, 1145, 4, 1, 'Comfortable, Beautiful Look, Good Condition', 0, '2023-10-09 21:29:20', '2023-10-09 21:29:20'),
(11445, 1145, 5, 1, 'Yes', 0, '2023-10-09 21:29:20', '2023-10-09 21:29:20'),
(11446, 1145, 6, 2, 'This is a note', 0, '2023-10-09 21:29:20', '2023-10-09 21:29:20'),
(11447, 1145, 7, 2, 'https://youtu.be/Ic_Kkmzm3uQ', 0, '2023-10-09 21:29:20', '2023-10-09 21:29:20'),
(11448, 1145, 8, 2, '2020-05-05', 0, '2023-10-09 21:29:20', '2023-10-09 21:29:20'),
(11449, 1145, 9, 2, 'https://www.templatecookie.com', 0, '2023-10-09 21:29:20', '2023-10-09 21:29:20'),
(11450, 1145, 10, 2, '0123456789', 0, '2023-10-09 21:29:20', '2023-10-09 21:29:20'),
(11451, 1146, 1, 1, 'F100', 0, '2023-10-09 21:29:20', '2023-10-09 21:29:20'),
(11452, 1146, 2, 1, 'New', 0, '2023-10-09 21:29:20', '2023-10-09 21:29:20'),
(11453, 1146, 3, 1, '1', 0, '2023-10-09 21:29:20', '2023-10-09 21:29:20'),
(11454, 1146, 4, 1, 'Comfortable, Beautiful Look', 0, '2023-10-09 21:29:20', '2023-10-09 21:29:20'),
(11455, 1146, 5, 1, 'Yes', 0, '2023-10-09 21:29:20', '2023-10-09 21:29:20'),
(11456, 1146, 6, 2, 'This is a note', 0, '2023-10-09 21:29:20', '2023-10-09 21:29:20'),
(11457, 1146, 7, 2, 'https://youtu.be/Ic_Kkmzm3uQ', 0, '2023-10-09 21:29:20', '2023-10-09 21:29:20'),
(11458, 1146, 8, 2, '2020-05-05', 0, '2023-10-09 21:29:20', '2023-10-09 21:29:20'),
(11459, 1146, 9, 2, 'https://www.templatecookie.com', 0, '2023-10-09 21:29:20', '2023-10-09 21:29:20'),
(11460, 1146, 10, 2, '0123456789', 0, '2023-10-09 21:29:20', '2023-10-09 21:29:20'),
(11461, 1147, 1, 1, 'F100', 0, '2023-10-09 21:29:20', '2023-10-09 21:29:20'),
(11462, 1147, 2, 1, 'New', 0, '2023-10-09 21:29:20', '2023-10-09 21:29:20'),
(11463, 1147, 3, 1, '1', 0, '2023-10-09 21:29:20', '2023-10-09 21:29:20'),
(11464, 1147, 4, 1, 'Comfortable, Beautiful Look, Good Condition', 0, '2023-10-09 21:29:20', '2023-10-09 21:29:20'),
(11465, 1147, 5, 1, 'Yes', 0, '2023-10-09 21:29:20', '2023-10-09 21:29:20'),
(11466, 1147, 6, 2, 'This is a note', 0, '2023-10-09 21:29:20', '2023-10-09 21:29:20'),
(11467, 1147, 7, 2, 'https://youtu.be/Ic_Kkmzm3uQ', 0, '2023-10-09 21:29:20', '2023-10-09 21:29:20'),
(11468, 1147, 8, 2, '2020-05-05', 0, '2023-10-09 21:29:20', '2023-10-09 21:29:20'),
(11469, 1147, 9, 2, 'https://www.templatecookie.com', 0, '2023-10-09 21:29:20', '2023-10-09 21:29:20'),
(11470, 1147, 10, 2, '0123456789', 0, '2023-10-09 21:29:20', '2023-10-09 21:29:20'),
(11471, 1148, 1, 1, 'F100', 0, '2023-10-09 21:29:20', '2023-10-09 21:29:20'),
(11472, 1148, 2, 1, 'New', 0, '2023-10-09 21:29:20', '2023-10-09 21:29:20'),
(11473, 1148, 3, 1, '1', 0, '2023-10-09 21:29:20', '2023-10-09 21:29:20'),
(11474, 1148, 4, 1, 'Comfortable, Beautiful Look', 0, '2023-10-09 21:29:20', '2023-10-09 21:29:20'),
(11475, 1148, 5, 1, 'Yes', 0, '2023-10-09 21:29:20', '2023-10-09 21:29:20'),
(11476, 1148, 6, 2, 'This is a note', 0, '2023-10-09 21:29:20', '2023-10-09 21:29:20'),
(11477, 1148, 7, 2, 'https://youtu.be/Ic_Kkmzm3uQ', 0, '2023-10-09 21:29:20', '2023-10-09 21:29:20'),
(11478, 1148, 8, 2, '2020-05-05', 0, '2023-10-09 21:29:20', '2023-10-09 21:29:20'),
(11479, 1148, 9, 2, 'https://www.templatecookie.com', 0, '2023-10-09 21:29:20', '2023-10-09 21:29:20'),
(11480, 1148, 10, 2, '0123456789', 0, '2023-10-09 21:29:20', '2023-10-09 21:29:20'),
(11481, 1149, 1, 1, 'F100', 0, '2023-10-09 21:29:20', '2023-10-09 21:29:20'),
(11482, 1149, 2, 1, 'New', 0, '2023-10-09 21:29:20', '2023-10-09 21:29:20'),
(11483, 1149, 3, 1, '0', 0, '2023-10-09 21:29:20', '2023-10-09 21:29:20'),
(11484, 1149, 4, 1, 'Comfortable, Beautiful Look, Good Condition', 0, '2023-10-09 21:29:20', '2023-10-09 21:29:20'),
(11485, 1149, 5, 1, 'Yes', 0, '2023-10-09 21:29:20', '2023-10-09 21:29:20'),
(11486, 1149, 6, 2, 'This is a note', 0, '2023-10-09 21:29:20', '2023-10-09 21:29:20'),
(11487, 1149, 7, 2, 'https://youtu.be/Ic_Kkmzm3uQ', 0, '2023-10-09 21:29:20', '2023-10-09 21:29:20'),
(11488, 1149, 8, 2, '2020-05-05', 0, '2023-10-09 21:29:20', '2023-10-09 21:29:20'),
(11489, 1149, 9, 2, 'https://www.templatecookie.com', 0, '2023-10-09 21:29:20', '2023-10-09 21:29:20'),
(11490, 1149, 10, 2, '0123456789', 0, '2023-10-09 21:29:20', '2023-10-09 21:29:20'),
(11491, 1150, 1, 1, 'F100', 0, '2023-10-09 21:29:20', '2023-10-09 21:29:20'),
(11492, 1150, 2, 1, 'New', 0, '2023-10-09 21:29:20', '2023-10-09 21:29:20'),
(11493, 1150, 3, 1, '0', 0, '2023-10-09 21:29:20', '2023-10-09 21:29:20'),
(11494, 1150, 4, 1, 'Comfortable, Beautiful Look, Good Condition', 0, '2023-10-09 21:29:20', '2023-10-09 21:29:20'),
(11495, 1150, 5, 1, 'Yes', 0, '2023-10-09 21:29:20', '2023-10-09 21:29:20'),
(11496, 1150, 6, 2, 'This is a note', 0, '2023-10-09 21:29:20', '2023-10-09 21:29:20'),
(11497, 1150, 7, 2, 'https://youtu.be/Ic_Kkmzm3uQ', 0, '2023-10-09 21:29:20', '2023-10-09 21:29:20'),
(11498, 1150, 8, 2, '2020-05-05', 0, '2023-10-09 21:29:20', '2023-10-09 21:29:20'),
(11499, 1150, 9, 2, 'https://www.templatecookie.com', 0, '2023-10-09 21:29:20', '2023-10-09 21:29:20'),
(11500, 1150, 10, 2, '0123456789', 0, '2023-10-09 21:29:20', '2023-10-09 21:29:20'),
(11501, 1151, 1, 1, 'F100', 0, '2023-10-09 21:29:20', '2023-10-09 21:29:20'),
(11502, 1151, 2, 1, 'New', 0, '2023-10-09 21:29:20', '2023-10-09 21:29:20'),
(11503, 1151, 3, 1, '0', 0, '2023-10-09 21:29:20', '2023-10-09 21:29:20'),
(11504, 1151, 4, 1, 'Beautiful Look, Good Condition', 0, '2023-10-09 21:29:20', '2023-10-09 21:29:20'),
(11505, 1151, 5, 1, 'Yes', 0, '2023-10-09 21:29:20', '2023-10-09 21:29:20'),
(11506, 1151, 6, 2, 'This is a note', 0, '2023-10-09 21:29:20', '2023-10-09 21:29:20'),
(11507, 1151, 7, 2, 'https://youtu.be/Ic_Kkmzm3uQ', 0, '2023-10-09 21:29:20', '2023-10-09 21:29:20'),
(11508, 1151, 8, 2, '2020-05-05', 0, '2023-10-09 21:29:20', '2023-10-09 21:29:20'),
(11509, 1151, 9, 2, 'https://www.templatecookie.com', 0, '2023-10-09 21:29:20', '2023-10-09 21:29:20'),
(11510, 1151, 10, 2, '0123456789', 0, '2023-10-09 21:29:20', '2023-10-09 21:29:20'),
(11511, 1152, 1, 1, 'F100', 0, '2023-10-09 21:29:20', '2023-10-09 21:29:20'),
(11512, 1152, 2, 1, 'New', 0, '2023-10-09 21:29:20', '2023-10-09 21:29:20'),
(11513, 1152, 3, 1, '0', 0, '2023-10-09 21:29:20', '2023-10-09 21:29:20'),
(11514, 1152, 4, 1, 'Comfortable, Beautiful Look, Good Condition', 0, '2023-10-09 21:29:20', '2023-10-09 21:29:20'),
(11515, 1152, 5, 1, 'Yes', 0, '2023-10-09 21:29:20', '2023-10-09 21:29:20'),
(11516, 1152, 6, 2, 'This is a note', 0, '2023-10-09 21:29:20', '2023-10-09 21:29:20'),
(11517, 1152, 7, 2, 'https://youtu.be/Ic_Kkmzm3uQ', 0, '2023-10-09 21:29:20', '2023-10-09 21:29:20'),
(11518, 1152, 8, 2, '2020-05-05', 0, '2023-10-09 21:29:20', '2023-10-09 21:29:20'),
(11519, 1152, 9, 2, 'https://www.templatecookie.com', 0, '2023-10-09 21:29:20', '2023-10-09 21:29:20'),
(11520, 1152, 10, 2, '0123456789', 0, '2023-10-09 21:29:20', '2023-10-09 21:29:20'),
(11521, 1153, 1, 1, 'F100', 0, '2023-10-09 21:29:20', '2023-10-09 21:29:20'),
(11522, 1153, 2, 1, 'New', 0, '2023-10-09 21:29:20', '2023-10-09 21:29:20'),
(11523, 1153, 3, 1, '0', 0, '2023-10-09 21:29:20', '2023-10-09 21:29:20'),
(11524, 1153, 4, 1, 'Comfortable, Beautiful Look, Good Condition', 0, '2023-10-09 21:29:20', '2023-10-09 21:29:20'),
(11525, 1153, 5, 1, 'Yes', 0, '2023-10-09 21:29:20', '2023-10-09 21:29:20'),
(11526, 1153, 6, 2, 'This is a note', 0, '2023-10-09 21:29:20', '2023-10-09 21:29:20'),
(11527, 1153, 7, 2, 'https://youtu.be/Ic_Kkmzm3uQ', 0, '2023-10-09 21:29:20', '2023-10-09 21:29:20'),
(11528, 1153, 8, 2, '2020-05-05', 0, '2023-10-09 21:29:20', '2023-10-09 21:29:20'),
(11529, 1153, 9, 2, 'https://www.templatecookie.com', 0, '2023-10-09 21:29:20', '2023-10-09 21:29:20'),
(11530, 1153, 10, 2, '0123456789', 0, '2023-10-09 21:29:20', '2023-10-09 21:29:20'),
(11531, 1154, 1, 1, 'F100', 0, '2023-10-09 21:29:20', '2023-10-09 21:29:20'),
(11532, 1154, 2, 1, 'New', 0, '2023-10-09 21:29:20', '2023-10-09 21:29:20'),
(11533, 1154, 3, 1, '0', 0, '2023-10-09 21:29:20', '2023-10-09 21:29:20'),
(11534, 1154, 4, 1, 'Comfortable, Beautiful Look, Good Condition', 0, '2023-10-09 21:29:20', '2023-10-09 21:29:20'),
(11535, 1154, 5, 1, 'Yes', 0, '2023-10-09 21:29:20', '2023-10-09 21:29:20'),
(11536, 1154, 6, 2, 'This is a note', 0, '2023-10-09 21:29:20', '2023-10-09 21:29:20'),
(11537, 1154, 7, 2, 'https://youtu.be/Ic_Kkmzm3uQ', 0, '2023-10-09 21:29:20', '2023-10-09 21:29:20'),
(11538, 1154, 8, 2, '2020-05-05', 0, '2023-10-09 21:29:20', '2023-10-09 21:29:20'),
(11539, 1154, 9, 2, 'https://www.templatecookie.com', 0, '2023-10-09 21:29:20', '2023-10-09 21:29:20'),
(11540, 1154, 10, 2, '0123456789', 0, '2023-10-09 21:29:20', '2023-10-09 21:29:20'),
(11541, 1155, 1, 1, 'F100', 0, '2023-10-09 21:29:20', '2023-10-09 21:29:20'),
(11542, 1155, 2, 1, 'New', 0, '2023-10-09 21:29:20', '2023-10-09 21:29:20'),
(11543, 1155, 3, 1, '1', 0, '2023-10-09 21:29:20', '2023-10-09 21:29:20'),
(11544, 1155, 4, 1, 'Comfortable, Good Condition', 0, '2023-10-09 21:29:20', '2023-10-09 21:29:20'),
(11545, 1155, 5, 1, 'Yes', 0, '2023-10-09 21:29:20', '2023-10-09 21:29:20'),
(11546, 1155, 6, 2, 'This is a note', 0, '2023-10-09 21:29:20', '2023-10-09 21:29:20'),
(11547, 1155, 7, 2, 'https://youtu.be/Ic_Kkmzm3uQ', 0, '2023-10-09 21:29:20', '2023-10-09 21:29:20'),
(11548, 1155, 8, 2, '2020-05-05', 0, '2023-10-09 21:29:20', '2023-10-09 21:29:20'),
(11549, 1155, 9, 2, 'https://www.templatecookie.com', 0, '2023-10-09 21:29:20', '2023-10-09 21:29:20'),
(11550, 1155, 10, 2, '0123456789', 0, '2023-10-09 21:29:20', '2023-10-09 21:29:20'),
(11551, 1156, 1, 1, 'F100', 0, '2023-10-09 21:29:20', '2023-10-09 21:29:20'),
(11552, 1156, 2, 1, 'New', 0, '2023-10-09 21:29:20', '2023-10-09 21:29:20'),
(11553, 1156, 3, 1, '0', 0, '2023-10-09 21:29:20', '2023-10-09 21:29:20'),
(11554, 1156, 4, 1, 'Comfortable, Beautiful Look, Good Condition', 0, '2023-10-09 21:29:20', '2023-10-09 21:29:20'),
(11555, 1156, 5, 1, 'Yes', 0, '2023-10-09 21:29:20', '2023-10-09 21:29:20'),
(11556, 1156, 6, 2, 'This is a note', 0, '2023-10-09 21:29:20', '2023-10-09 21:29:20'),
(11557, 1156, 7, 2, 'https://youtu.be/Ic_Kkmzm3uQ', 0, '2023-10-09 21:29:20', '2023-10-09 21:29:20'),
(11558, 1156, 8, 2, '2020-05-05', 0, '2023-10-09 21:29:20', '2023-10-09 21:29:20'),
(11559, 1156, 9, 2, 'https://www.templatecookie.com', 0, '2023-10-09 21:29:20', '2023-10-09 21:29:20'),
(11560, 1156, 10, 2, '0123456789', 0, '2023-10-09 21:29:20', '2023-10-09 21:29:20'),
(11561, 1157, 1, 1, 'F100', 0, '2023-10-09 21:29:20', '2023-10-09 21:29:20'),
(11562, 1157, 2, 1, 'New', 0, '2023-10-09 21:29:20', '2023-10-09 21:29:20'),
(11563, 1157, 3, 1, '1', 0, '2023-10-09 21:29:20', '2023-10-09 21:29:20'),
(11564, 1157, 4, 1, 'Comfortable, Beautiful Look, Good Condition', 0, '2023-10-09 21:29:20', '2023-10-09 21:29:20'),
(11565, 1157, 5, 1, 'Yes', 0, '2023-10-09 21:29:20', '2023-10-09 21:29:20'),
(11566, 1157, 6, 2, 'This is a note', 0, '2023-10-09 21:29:20', '2023-10-09 21:29:20'),
(11567, 1157, 7, 2, 'https://youtu.be/Ic_Kkmzm3uQ', 0, '2023-10-09 21:29:20', '2023-10-09 21:29:20'),
(11568, 1157, 8, 2, '2020-05-05', 0, '2023-10-09 21:29:20', '2023-10-09 21:29:20'),
(11569, 1157, 9, 2, 'https://www.templatecookie.com', 0, '2023-10-09 21:29:20', '2023-10-09 21:29:20'),
(11570, 1157, 10, 2, '0123456789', 0, '2023-10-09 21:29:20', '2023-10-09 21:29:20'),
(11571, 1158, 1, 1, 'F100', 0, '2023-10-09 21:29:20', '2023-10-09 21:29:20'),
(11572, 1158, 2, 1, 'New', 0, '2023-10-09 21:29:20', '2023-10-09 21:29:20'),
(11573, 1158, 3, 1, '0', 0, '2023-10-09 21:29:20', '2023-10-09 21:29:20'),
(11574, 1158, 4, 1, 'Comfortable, Beautiful Look, Good Condition', 0, '2023-10-09 21:29:20', '2023-10-09 21:29:20'),
(11575, 1158, 5, 1, 'Yes', 0, '2023-10-09 21:29:20', '2023-10-09 21:29:20'),
(11576, 1158, 6, 2, 'This is a note', 0, '2023-10-09 21:29:20', '2023-10-09 21:29:20'),
(11577, 1158, 7, 2, 'https://youtu.be/Ic_Kkmzm3uQ', 0, '2023-10-09 21:29:20', '2023-10-09 21:29:20'),
(11578, 1158, 8, 2, '2020-05-05', 0, '2023-10-09 21:29:20', '2023-10-09 21:29:20'),
(11579, 1158, 9, 2, 'https://www.templatecookie.com', 0, '2023-10-09 21:29:20', '2023-10-09 21:29:20'),
(11580, 1158, 10, 2, '0123456789', 0, '2023-10-09 21:29:20', '2023-10-09 21:29:20'),
(11581, 1159, 1, 1, 'F100', 0, '2023-10-09 21:29:20', '2023-10-09 21:29:20'),
(11582, 1159, 2, 1, 'New', 0, '2023-10-09 21:29:20', '2023-10-09 21:29:20'),
(11583, 1159, 3, 1, '0', 0, '2023-10-09 21:29:20', '2023-10-09 21:29:20'),
(11584, 1159, 4, 1, 'Comfortable, Beautiful Look, Good Condition', 0, '2023-10-09 21:29:20', '2023-10-09 21:29:20'),
(11585, 1159, 5, 1, 'Yes', 0, '2023-10-09 21:29:20', '2023-10-09 21:29:20'),
(11586, 1159, 6, 2, 'This is a note', 0, '2023-10-09 21:29:20', '2023-10-09 21:29:20'),
(11587, 1159, 7, 2, 'https://youtu.be/Ic_Kkmzm3uQ', 0, '2023-10-09 21:29:20', '2023-10-09 21:29:20'),
(11588, 1159, 8, 2, '2020-05-05', 0, '2023-10-09 21:29:20', '2023-10-09 21:29:20'),
(11589, 1159, 9, 2, 'https://www.templatecookie.com', 0, '2023-10-09 21:29:20', '2023-10-09 21:29:20'),
(11590, 1159, 10, 2, '0123456789', 0, '2023-10-09 21:29:20', '2023-10-09 21:29:20'),
(11591, 1160, 1, 1, 'F100', 0, '2023-10-09 21:29:20', '2023-10-09 21:29:20'),
(11592, 1160, 2, 1, 'New', 0, '2023-10-09 21:29:20', '2023-10-09 21:29:20'),
(11593, 1160, 3, 1, '1', 0, '2023-10-09 21:29:20', '2023-10-09 21:29:20'),
(11594, 1160, 4, 1, 'Comfortable, Beautiful Look, Good Condition', 0, '2023-10-09 21:29:20', '2023-10-09 21:29:20'),
(11595, 1160, 5, 1, 'Yes', 0, '2023-10-09 21:29:20', '2023-10-09 21:29:20'),
(11596, 1160, 6, 2, 'This is a note', 0, '2023-10-09 21:29:21', '2023-10-09 21:29:21'),
(11597, 1160, 7, 2, 'https://youtu.be/Ic_Kkmzm3uQ', 0, '2023-10-09 21:29:21', '2023-10-09 21:29:21'),
(11598, 1160, 8, 2, '2020-05-05', 0, '2023-10-09 21:29:21', '2023-10-09 21:29:21'),
(11599, 1160, 9, 2, 'https://www.templatecookie.com', 0, '2023-10-09 21:29:21', '2023-10-09 21:29:21'),
(11600, 1160, 10, 2, '0123456789', 0, '2023-10-09 21:29:21', '2023-10-09 21:29:21'),
(11601, 1161, 1, 1, 'F100', 0, '2023-10-09 21:29:21', '2023-10-09 21:29:21'),
(11602, 1161, 2, 1, 'New', 0, '2023-10-09 21:29:21', '2023-10-09 21:29:21'),
(11603, 1161, 3, 1, '0', 0, '2023-10-09 21:29:21', '2023-10-09 21:29:21'),
(11604, 1161, 4, 1, 'Comfortable, Good Condition', 0, '2023-10-09 21:29:21', '2023-10-09 21:29:21'),
(11605, 1161, 5, 1, 'Yes', 0, '2023-10-09 21:29:21', '2023-10-09 21:29:21'),
(11606, 1161, 6, 2, 'This is a note', 0, '2023-10-09 21:29:21', '2023-10-09 21:29:21'),
(11607, 1161, 7, 2, 'https://youtu.be/Ic_Kkmzm3uQ', 0, '2023-10-09 21:29:21', '2023-10-09 21:29:21'),
(11608, 1161, 8, 2, '2020-05-05', 0, '2023-10-09 21:29:21', '2023-10-09 21:29:21'),
(11609, 1161, 9, 2, 'https://www.templatecookie.com', 0, '2023-10-09 21:29:21', '2023-10-09 21:29:21'),
(11610, 1161, 10, 2, '0123456789', 0, '2023-10-09 21:29:21', '2023-10-09 21:29:21'),
(11611, 1162, 1, 1, 'F100', 0, '2023-10-09 21:29:21', '2023-10-09 21:29:21'),
(11612, 1162, 2, 1, 'New', 0, '2023-10-09 21:29:21', '2023-10-09 21:29:21'),
(11613, 1162, 3, 1, '0', 0, '2023-10-09 21:29:21', '2023-10-09 21:29:21'),
(11614, 1162, 4, 1, 'Comfortable, Beautiful Look, Good Condition', 0, '2023-10-09 21:29:21', '2023-10-09 21:29:21'),
(11615, 1162, 5, 1, 'Yes', 0, '2023-10-09 21:29:21', '2023-10-09 21:29:21'),
(11616, 1162, 6, 2, 'This is a note', 0, '2023-10-09 21:29:21', '2023-10-09 21:29:21'),
(11617, 1162, 7, 2, 'https://youtu.be/Ic_Kkmzm3uQ', 0, '2023-10-09 21:29:21', '2023-10-09 21:29:21'),
(11618, 1162, 8, 2, '2020-05-05', 0, '2023-10-09 21:29:21', '2023-10-09 21:29:21'),
(11619, 1162, 9, 2, 'https://www.templatecookie.com', 0, '2023-10-09 21:29:21', '2023-10-09 21:29:21'),
(11620, 1162, 10, 2, '0123456789', 0, '2023-10-09 21:29:21', '2023-10-09 21:29:21'),
(11621, 1163, 1, 1, 'F100', 0, '2023-10-09 21:29:21', '2023-10-09 21:29:21'),
(11622, 1163, 2, 1, 'New', 0, '2023-10-09 21:29:21', '2023-10-09 21:29:21'),
(11623, 1163, 3, 1, '0', 0, '2023-10-09 21:29:21', '2023-10-09 21:29:21'),
(11624, 1163, 4, 1, 'Comfortable, Beautiful Look, Good Condition', 0, '2023-10-09 21:29:21', '2023-10-09 21:29:21'),
(11625, 1163, 5, 1, 'Yes', 0, '2023-10-09 21:29:21', '2023-10-09 21:29:21'),
(11626, 1163, 6, 2, 'This is a note', 0, '2023-10-09 21:29:21', '2023-10-09 21:29:21'),
(11627, 1163, 7, 2, 'https://youtu.be/Ic_Kkmzm3uQ', 0, '2023-10-09 21:29:21', '2023-10-09 21:29:21'),
(11628, 1163, 8, 2, '2020-05-05', 0, '2023-10-09 21:29:21', '2023-10-09 21:29:21'),
(11629, 1163, 9, 2, 'https://www.templatecookie.com', 0, '2023-10-09 21:29:21', '2023-10-09 21:29:21'),
(11630, 1163, 10, 2, '0123456789', 0, '2023-10-09 21:29:21', '2023-10-09 21:29:21'),
(11631, 1164, 1, 1, 'F100', 0, '2023-10-09 21:29:21', '2023-10-09 21:29:21'),
(11632, 1164, 2, 1, 'New', 0, '2023-10-09 21:29:21', '2023-10-09 21:29:21'),
(11633, 1164, 3, 1, '1', 0, '2023-10-09 21:29:21', '2023-10-09 21:29:21'),
(11634, 1164, 4, 1, 'Comfortable, Beautiful Look', 0, '2023-10-09 21:29:21', '2023-10-09 21:29:21'),
(11635, 1164, 5, 1, 'Yes', 0, '2023-10-09 21:29:21', '2023-10-09 21:29:21'),
(11636, 1164, 6, 2, 'This is a note', 0, '2023-10-09 21:29:21', '2023-10-09 21:29:21'),
(11637, 1164, 7, 2, 'https://youtu.be/Ic_Kkmzm3uQ', 0, '2023-10-09 21:29:21', '2023-10-09 21:29:21'),
(11638, 1164, 8, 2, '2020-05-05', 0, '2023-10-09 21:29:21', '2023-10-09 21:29:21'),
(11639, 1164, 9, 2, 'https://www.templatecookie.com', 0, '2023-10-09 21:29:21', '2023-10-09 21:29:21'),
(11640, 1164, 10, 2, '0123456789', 0, '2023-10-09 21:29:21', '2023-10-09 21:29:21'),
(11641, 1165, 1, 1, 'F100', 0, '2023-10-09 21:29:21', '2023-10-09 21:29:21'),
(11642, 1165, 2, 1, 'New', 0, '2023-10-09 21:29:21', '2023-10-09 21:29:21'),
(11643, 1165, 3, 1, '0', 0, '2023-10-09 21:29:21', '2023-10-09 21:29:21'),
(11644, 1165, 4, 1, 'Comfortable, Good Condition', 0, '2023-10-09 21:29:21', '2023-10-09 21:29:21'),
(11645, 1165, 5, 1, 'Yes', 0, '2023-10-09 21:29:21', '2023-10-09 21:29:21'),
(11646, 1165, 6, 2, 'This is a note', 0, '2023-10-09 21:29:21', '2023-10-09 21:29:21'),
(11647, 1165, 7, 2, 'https://youtu.be/Ic_Kkmzm3uQ', 0, '2023-10-09 21:29:21', '2023-10-09 21:29:21'),
(11648, 1165, 8, 2, '2020-05-05', 0, '2023-10-09 21:29:21', '2023-10-09 21:29:21'),
(11649, 1165, 9, 2, 'https://www.templatecookie.com', 0, '2023-10-09 21:29:21', '2023-10-09 21:29:21'),
(11650, 1165, 10, 2, '0123456789', 0, '2023-10-09 21:29:21', '2023-10-09 21:29:21'),
(11651, 1166, 1, 1, 'F100', 0, '2023-10-09 21:29:21', '2023-10-09 21:29:21'),
(11652, 1166, 2, 1, 'New', 0, '2023-10-09 21:29:21', '2023-10-09 21:29:21'),
(11653, 1166, 3, 1, '0', 0, '2023-10-09 21:29:21', '2023-10-09 21:29:21'),
(11654, 1166, 4, 1, 'Comfortable, Beautiful Look', 0, '2023-10-09 21:29:21', '2023-10-09 21:29:21'),
(11655, 1166, 5, 1, 'Yes', 0, '2023-10-09 21:29:21', '2023-10-09 21:29:21'),
(11656, 1166, 6, 2, 'This is a note', 0, '2023-10-09 21:29:21', '2023-10-09 21:29:21'),
(11657, 1166, 7, 2, 'https://youtu.be/Ic_Kkmzm3uQ', 0, '2023-10-09 21:29:21', '2023-10-09 21:29:21'),
(11658, 1166, 8, 2, '2020-05-05', 0, '2023-10-09 21:29:21', '2023-10-09 21:29:21'),
(11659, 1166, 9, 2, 'https://www.templatecookie.com', 0, '2023-10-09 21:29:21', '2023-10-09 21:29:21'),
(11660, 1166, 10, 2, '0123456789', 0, '2023-10-09 21:29:21', '2023-10-09 21:29:21'),
(11661, 1167, 1, 1, 'F100', 0, '2023-10-09 21:29:21', '2023-10-09 21:29:21'),
(11662, 1167, 2, 1, 'New', 0, '2023-10-09 21:29:21', '2023-10-09 21:29:21'),
(11663, 1167, 3, 1, '1', 0, '2023-10-09 21:29:21', '2023-10-09 21:29:21'),
(11664, 1167, 4, 1, 'Beautiful Look, Good Condition', 0, '2023-10-09 21:29:21', '2023-10-09 21:29:21'),
(11665, 1167, 5, 1, 'Yes', 0, '2023-10-09 21:29:21', '2023-10-09 21:29:21'),
(11666, 1167, 6, 2, 'This is a note', 0, '2023-10-09 21:29:21', '2023-10-09 21:29:21'),
(11667, 1167, 7, 2, 'https://youtu.be/Ic_Kkmzm3uQ', 0, '2023-10-09 21:29:21', '2023-10-09 21:29:21'),
(11668, 1167, 8, 2, '2020-05-05', 0, '2023-10-09 21:29:21', '2023-10-09 21:29:21'),
(11669, 1167, 9, 2, 'https://www.templatecookie.com', 0, '2023-10-09 21:29:21', '2023-10-09 21:29:21'),
(11670, 1167, 10, 2, '0123456789', 0, '2023-10-09 21:29:21', '2023-10-09 21:29:21'),
(11671, 1168, 1, 1, 'F100', 0, '2023-10-09 21:29:21', '2023-10-09 21:29:21'),
(11672, 1168, 2, 1, 'New', 0, '2023-10-09 21:29:21', '2023-10-09 21:29:21'),
(11673, 1168, 3, 1, '1', 0, '2023-10-09 21:29:21', '2023-10-09 21:29:21'),
(11674, 1168, 4, 1, 'Comfortable, Beautiful Look, Good Condition', 0, '2023-10-09 21:29:21', '2023-10-09 21:29:21'),
(11675, 1168, 5, 1, 'Yes', 0, '2023-10-09 21:29:21', '2023-10-09 21:29:21'),
(11676, 1168, 6, 2, 'This is a note', 0, '2023-10-09 21:29:21', '2023-10-09 21:29:21'),
(11677, 1168, 7, 2, 'https://youtu.be/Ic_Kkmzm3uQ', 0, '2023-10-09 21:29:21', '2023-10-09 21:29:21'),
(11678, 1168, 8, 2, '2020-05-05', 0, '2023-10-09 21:29:21', '2023-10-09 21:29:21'),
(11679, 1168, 9, 2, 'https://www.templatecookie.com', 0, '2023-10-09 21:29:21', '2023-10-09 21:29:21'),
(11680, 1168, 10, 2, '0123456789', 0, '2023-10-09 21:29:21', '2023-10-09 21:29:21'),
(11681, 1169, 1, 1, 'F100', 0, '2023-10-09 21:29:21', '2023-10-09 21:29:21'),
(11682, 1169, 2, 1, 'New', 0, '2023-10-09 21:29:21', '2023-10-09 21:29:21'),
(11683, 1169, 3, 1, '0', 0, '2023-10-09 21:29:21', '2023-10-09 21:29:21'),
(11684, 1169, 4, 1, 'Comfortable, Beautiful Look, Good Condition', 0, '2023-10-09 21:29:21', '2023-10-09 21:29:21'),
(11685, 1169, 5, 1, 'Yes', 0, '2023-10-09 21:29:21', '2023-10-09 21:29:21'),
(11686, 1169, 6, 2, 'This is a note', 0, '2023-10-09 21:29:21', '2023-10-09 21:29:21'),
(11687, 1169, 7, 2, 'https://youtu.be/Ic_Kkmzm3uQ', 0, '2023-10-09 21:29:21', '2023-10-09 21:29:21'),
(11688, 1169, 8, 2, '2020-05-05', 0, '2023-10-09 21:29:21', '2023-10-09 21:29:21'),
(11689, 1169, 9, 2, 'https://www.templatecookie.com', 0, '2023-10-09 21:29:21', '2023-10-09 21:29:21'),
(11690, 1169, 10, 2, '0123456789', 0, '2023-10-09 21:29:21', '2023-10-09 21:29:21'),
(11691, 1170, 1, 1, 'F100', 0, '2023-10-09 21:29:21', '2023-10-09 21:29:21'),
(11692, 1170, 2, 1, 'New', 0, '2023-10-09 21:29:21', '2023-10-09 21:29:21'),
(11693, 1170, 3, 1, '1', 0, '2023-10-09 21:29:21', '2023-10-09 21:29:21'),
(11694, 1170, 4, 1, 'Comfortable, Beautiful Look, Good Condition', 0, '2023-10-09 21:29:21', '2023-10-09 21:29:21'),
(11695, 1170, 5, 1, 'Yes', 0, '2023-10-09 21:29:21', '2023-10-09 21:29:21'),
(11696, 1170, 6, 2, 'This is a note', 0, '2023-10-09 21:29:21', '2023-10-09 21:29:21'),
(11697, 1170, 7, 2, 'https://youtu.be/Ic_Kkmzm3uQ', 0, '2023-10-09 21:29:21', '2023-10-09 21:29:21'),
(11698, 1170, 8, 2, '2020-05-05', 0, '2023-10-09 21:29:21', '2023-10-09 21:29:21'),
(11699, 1170, 9, 2, 'https://www.templatecookie.com', 0, '2023-10-09 21:29:21', '2023-10-09 21:29:21'),
(11700, 1170, 10, 2, '0123456789', 0, '2023-10-09 21:29:21', '2023-10-09 21:29:21'),
(11701, 1171, 1, 1, 'F100', 0, '2023-10-09 21:29:21', '2023-10-09 21:29:21'),
(11702, 1171, 2, 1, 'New', 0, '2023-10-09 21:29:21', '2023-10-09 21:29:21'),
(11703, 1171, 3, 1, '0', 0, '2023-10-09 21:29:21', '2023-10-09 21:29:21'),
(11704, 1171, 4, 1, 'Beautiful Look, Good Condition', 0, '2023-10-09 21:29:21', '2023-10-09 21:29:21'),
(11705, 1171, 5, 1, 'Yes', 0, '2023-10-09 21:29:21', '2023-10-09 21:29:21'),
(11706, 1171, 6, 2, 'This is a note', 0, '2023-10-09 21:29:21', '2023-10-09 21:29:21'),
(11707, 1171, 7, 2, 'https://youtu.be/Ic_Kkmzm3uQ', 0, '2023-10-09 21:29:21', '2023-10-09 21:29:21'),
(11708, 1171, 8, 2, '2020-05-05', 0, '2023-10-09 21:29:21', '2023-10-09 21:29:21'),
(11709, 1171, 9, 2, 'https://www.templatecookie.com', 0, '2023-10-09 21:29:21', '2023-10-09 21:29:21'),
(11710, 1171, 10, 2, '0123456789', 0, '2023-10-09 21:29:21', '2023-10-09 21:29:21'),
(11711, 1172, 1, 1, 'F100', 0, '2023-10-09 21:29:21', '2023-10-09 21:29:21'),
(11712, 1172, 2, 1, 'New', 0, '2023-10-09 21:29:21', '2023-10-09 21:29:21'),
(11713, 1172, 3, 1, '0', 0, '2023-10-09 21:29:21', '2023-10-09 21:29:21'),
(11714, 1172, 4, 1, 'Comfortable, Beautiful Look, Good Condition', 0, '2023-10-09 21:29:21', '2023-10-09 21:29:21'),
(11715, 1172, 5, 1, 'Yes', 0, '2023-10-09 21:29:21', '2023-10-09 21:29:21'),
(11716, 1172, 6, 2, 'This is a note', 0, '2023-10-09 21:29:21', '2023-10-09 21:29:21'),
(11717, 1172, 7, 2, 'https://youtu.be/Ic_Kkmzm3uQ', 0, '2023-10-09 21:29:21', '2023-10-09 21:29:21'),
(11718, 1172, 8, 2, '2020-05-05', 0, '2023-10-09 21:29:21', '2023-10-09 21:29:21'),
(11719, 1172, 9, 2, 'https://www.templatecookie.com', 0, '2023-10-09 21:29:21', '2023-10-09 21:29:21'),
(11720, 1172, 10, 2, '0123456789', 0, '2023-10-09 21:29:21', '2023-10-09 21:29:21'),
(11721, 1173, 1, 1, 'F100', 0, '2023-10-09 21:29:21', '2023-10-09 21:29:21'),
(11722, 1173, 2, 1, 'New', 0, '2023-10-09 21:29:21', '2023-10-09 21:29:21'),
(11723, 1173, 3, 1, '1', 0, '2023-10-09 21:29:21', '2023-10-09 21:29:21'),
(11724, 1173, 4, 1, 'Comfortable, Beautiful Look, Good Condition', 0, '2023-10-09 21:29:21', '2023-10-09 21:29:21'),
(11725, 1173, 5, 1, 'Yes', 0, '2023-10-09 21:29:21', '2023-10-09 21:29:21'),
(11726, 1173, 6, 2, 'This is a note', 0, '2023-10-09 21:29:21', '2023-10-09 21:29:21'),
(11727, 1173, 7, 2, 'https://youtu.be/Ic_Kkmzm3uQ', 0, '2023-10-09 21:29:21', '2023-10-09 21:29:21'),
(11728, 1173, 8, 2, '2020-05-05', 0, '2023-10-09 21:29:21', '2023-10-09 21:29:21'),
(11729, 1173, 9, 2, 'https://www.templatecookie.com', 0, '2023-10-09 21:29:21', '2023-10-09 21:29:21'),
(11730, 1173, 10, 2, '0123456789', 0, '2023-10-09 21:29:21', '2023-10-09 21:29:21'),
(11731, 1174, 1, 1, 'F100', 0, '2023-10-09 21:29:21', '2023-10-09 21:29:21'),
(11732, 1174, 2, 1, 'New', 0, '2023-10-09 21:29:21', '2023-10-09 21:29:21'),
(11733, 1174, 3, 1, '0', 0, '2023-10-09 21:29:21', '2023-10-09 21:29:21'),
(11734, 1174, 4, 1, 'Beautiful Look, Good Condition', 0, '2023-10-09 21:29:21', '2023-10-09 21:29:21'),
(11735, 1174, 5, 1, 'Yes', 0, '2023-10-09 21:29:21', '2023-10-09 21:29:21'),
(11736, 1174, 6, 2, 'This is a note', 0, '2023-10-09 21:29:21', '2023-10-09 21:29:21'),
(11737, 1174, 7, 2, 'https://youtu.be/Ic_Kkmzm3uQ', 0, '2023-10-09 21:29:21', '2023-10-09 21:29:21'),
(11738, 1174, 8, 2, '2020-05-05', 0, '2023-10-09 21:29:21', '2023-10-09 21:29:21'),
(11739, 1174, 9, 2, 'https://www.templatecookie.com', 0, '2023-10-09 21:29:21', '2023-10-09 21:29:21'),
(11740, 1174, 10, 2, '0123456789', 0, '2023-10-09 21:29:21', '2023-10-09 21:29:21'),
(11741, 1175, 1, 1, 'F100', 0, '2023-10-09 21:29:21', '2023-10-09 21:29:21'),
(11742, 1175, 2, 1, 'New', 0, '2023-10-09 21:29:21', '2023-10-09 21:29:21'),
(11743, 1175, 3, 1, '1', 0, '2023-10-09 21:29:21', '2023-10-09 21:29:21'),
(11744, 1175, 4, 1, 'Beautiful Look, Good Condition', 0, '2023-10-09 21:29:21', '2023-10-09 21:29:21'),
(11745, 1175, 5, 1, 'Yes', 0, '2023-10-09 21:29:21', '2023-10-09 21:29:21'),
(11746, 1175, 6, 2, 'This is a note', 0, '2023-10-09 21:29:21', '2023-10-09 21:29:21'),
(11747, 1175, 7, 2, 'https://youtu.be/Ic_Kkmzm3uQ', 0, '2023-10-09 21:29:21', '2023-10-09 21:29:21'),
(11748, 1175, 8, 2, '2020-05-05', 0, '2023-10-09 21:29:21', '2023-10-09 21:29:21'),
(11749, 1175, 9, 2, 'https://www.templatecookie.com', 0, '2023-10-09 21:29:21', '2023-10-09 21:29:21'),
(11750, 1175, 10, 2, '0123456789', 0, '2023-10-09 21:29:21', '2023-10-09 21:29:21'),
(11751, 1176, 1, 1, 'F100', 0, '2023-10-09 21:29:21', '2023-10-09 21:29:21'),
(11752, 1176, 2, 1, 'New', 0, '2023-10-09 21:29:21', '2023-10-09 21:29:21'),
(11753, 1176, 3, 1, '1', 0, '2023-10-09 21:29:21', '2023-10-09 21:29:21'),
(11754, 1176, 4, 1, 'Comfortable, Beautiful Look, Good Condition', 0, '2023-10-09 21:29:21', '2023-10-09 21:29:21'),
(11755, 1176, 5, 1, 'Yes', 0, '2023-10-09 21:29:21', '2023-10-09 21:29:21'),
(11756, 1176, 6, 2, 'This is a note', 0, '2023-10-09 21:29:21', '2023-10-09 21:29:21'),
(11757, 1176, 7, 2, 'https://youtu.be/Ic_Kkmzm3uQ', 0, '2023-10-09 21:29:21', '2023-10-09 21:29:21'),
(11758, 1176, 8, 2, '2020-05-05', 0, '2023-10-09 21:29:21', '2023-10-09 21:29:21'),
(11759, 1176, 9, 2, 'https://www.templatecookie.com', 0, '2023-10-09 21:29:21', '2023-10-09 21:29:21'),
(11760, 1176, 10, 2, '0123456789', 0, '2023-10-09 21:29:21', '2023-10-09 21:29:21'),
(11761, 1177, 1, 1, 'F100', 0, '2023-10-09 21:29:21', '2023-10-09 21:29:21'),
(11762, 1177, 2, 1, 'New', 0, '2023-10-09 21:29:21', '2023-10-09 21:29:21'),
(11763, 1177, 3, 1, '0', 0, '2023-10-09 21:29:21', '2023-10-09 21:29:21'),
(11764, 1177, 4, 1, 'Comfortable, Beautiful Look', 0, '2023-10-09 21:29:21', '2023-10-09 21:29:21'),
(11765, 1177, 5, 1, 'Yes', 0, '2023-10-09 21:29:21', '2023-10-09 21:29:21'),
(11766, 1177, 6, 2, 'This is a note', 0, '2023-10-09 21:29:21', '2023-10-09 21:29:21'),
(11767, 1177, 7, 2, 'https://youtu.be/Ic_Kkmzm3uQ', 0, '2023-10-09 21:29:21', '2023-10-09 21:29:21'),
(11768, 1177, 8, 2, '2020-05-05', 0, '2023-10-09 21:29:21', '2023-10-09 21:29:21'),
(11769, 1177, 9, 2, 'https://www.templatecookie.com', 0, '2023-10-09 21:29:22', '2023-10-09 21:29:22'),
(11770, 1177, 10, 2, '0123456789', 0, '2023-10-09 21:29:22', '2023-10-09 21:29:22'),
(11771, 1178, 1, 1, 'F100', 0, '2023-10-09 21:29:22', '2023-10-09 21:29:22'),
(11772, 1178, 2, 1, 'New', 0, '2023-10-09 21:29:22', '2023-10-09 21:29:22'),
(11773, 1178, 3, 1, '0', 0, '2023-10-09 21:29:22', '2023-10-09 21:29:22'),
(11774, 1178, 4, 1, 'Comfortable, Good Condition', 0, '2023-10-09 21:29:22', '2023-10-09 21:29:22'),
(11775, 1178, 5, 1, 'Yes', 0, '2023-10-09 21:29:22', '2023-10-09 21:29:22'),
(11776, 1178, 6, 2, 'This is a note', 0, '2023-10-09 21:29:22', '2023-10-09 21:29:22'),
(11777, 1178, 7, 2, 'https://youtu.be/Ic_Kkmzm3uQ', 0, '2023-10-09 21:29:22', '2023-10-09 21:29:22'),
(11778, 1178, 8, 2, '2020-05-05', 0, '2023-10-09 21:29:22', '2023-10-09 21:29:22'),
(11779, 1178, 9, 2, 'https://www.templatecookie.com', 0, '2023-10-09 21:29:22', '2023-10-09 21:29:22'),
(11780, 1178, 10, 2, '0123456789', 0, '2023-10-09 21:29:22', '2023-10-09 21:29:22'),
(11781, 1179, 1, 1, 'F100', 0, '2023-10-09 21:29:22', '2023-10-09 21:29:22'),
(11782, 1179, 2, 1, 'New', 0, '2023-10-09 21:29:22', '2023-10-09 21:29:22'),
(11783, 1179, 3, 1, '1', 0, '2023-10-09 21:29:22', '2023-10-09 21:29:22'),
(11784, 1179, 4, 1, 'Comfortable, Beautiful Look, Good Condition', 0, '2023-10-09 21:29:22', '2023-10-09 21:29:22'),
(11785, 1179, 5, 1, 'Yes', 0, '2023-10-09 21:29:22', '2023-10-09 21:29:22'),
(11786, 1179, 6, 2, 'This is a note', 0, '2023-10-09 21:29:22', '2023-10-09 21:29:22'),
(11787, 1179, 7, 2, 'https://youtu.be/Ic_Kkmzm3uQ', 0, '2023-10-09 21:29:22', '2023-10-09 21:29:22'),
(11788, 1179, 8, 2, '2020-05-05', 0, '2023-10-09 21:29:22', '2023-10-09 21:29:22'),
(11789, 1179, 9, 2, 'https://www.templatecookie.com', 0, '2023-10-09 21:29:22', '2023-10-09 21:29:22'),
(11790, 1179, 10, 2, '0123456789', 0, '2023-10-09 21:29:22', '2023-10-09 21:29:22'),
(11791, 1180, 1, 1, 'F100', 0, '2023-10-09 21:29:22', '2023-10-09 21:29:22'),
(11792, 1180, 2, 1, 'New', 0, '2023-10-09 21:29:22', '2023-10-09 21:29:22'),
(11793, 1180, 3, 1, '0', 0, '2023-10-09 21:29:22', '2023-10-09 21:29:22'),
(11794, 1180, 4, 1, 'Beautiful Look, Good Condition', 0, '2023-10-09 21:29:22', '2023-10-09 21:29:22'),
(11795, 1180, 5, 1, 'Yes', 0, '2023-10-09 21:29:22', '2023-10-09 21:29:22'),
(11796, 1180, 6, 2, 'This is a note', 0, '2023-10-09 21:29:22', '2023-10-09 21:29:22'),
(11797, 1180, 7, 2, 'https://youtu.be/Ic_Kkmzm3uQ', 0, '2023-10-09 21:29:22', '2023-10-09 21:29:22'),
(11798, 1180, 8, 2, '2020-05-05', 0, '2023-10-09 21:29:22', '2023-10-09 21:29:22'),
(11799, 1180, 9, 2, 'https://www.templatecookie.com', 0, '2023-10-09 21:29:22', '2023-10-09 21:29:22'),
(11800, 1180, 10, 2, '0123456789', 0, '2023-10-09 21:29:22', '2023-10-09 21:29:22'),
(11801, 1181, 1, 1, 'F100', 0, '2023-10-09 21:29:22', '2023-10-09 21:29:22'),
(11802, 1181, 2, 1, 'New', 0, '2023-10-09 21:29:22', '2023-10-09 21:29:22'),
(11803, 1181, 3, 1, '1', 0, '2023-10-09 21:29:22', '2023-10-09 21:29:22'),
(11804, 1181, 4, 1, 'Comfortable, Beautiful Look', 0, '2023-10-09 21:29:22', '2023-10-09 21:29:22'),
(11805, 1181, 5, 1, 'Yes', 0, '2023-10-09 21:29:22', '2023-10-09 21:29:22'),
(11806, 1181, 6, 2, 'This is a note', 0, '2023-10-09 21:29:22', '2023-10-09 21:29:22'),
(11807, 1181, 7, 2, 'https://youtu.be/Ic_Kkmzm3uQ', 0, '2023-10-09 21:29:22', '2023-10-09 21:29:22'),
(11808, 1181, 8, 2, '2020-05-05', 0, '2023-10-09 21:29:22', '2023-10-09 21:29:22'),
(11809, 1181, 9, 2, 'https://www.templatecookie.com', 0, '2023-10-09 21:29:22', '2023-10-09 21:29:22'),
(11810, 1181, 10, 2, '0123456789', 0, '2023-10-09 21:29:22', '2023-10-09 21:29:22'),
(11811, 1182, 1, 1, 'F100', 0, '2023-10-09 21:29:22', '2023-10-09 21:29:22'),
(11812, 1182, 2, 1, 'New', 0, '2023-10-09 21:29:22', '2023-10-09 21:29:22'),
(11813, 1182, 3, 1, '1', 0, '2023-10-09 21:29:22', '2023-10-09 21:29:22'),
(11814, 1182, 4, 1, 'Beautiful Look, Good Condition', 0, '2023-10-09 21:29:22', '2023-10-09 21:29:22'),
(11815, 1182, 5, 1, 'Yes', 0, '2023-10-09 21:29:22', '2023-10-09 21:29:22'),
(11816, 1182, 6, 2, 'This is a note', 0, '2023-10-09 21:29:22', '2023-10-09 21:29:22'),
(11817, 1182, 7, 2, 'https://youtu.be/Ic_Kkmzm3uQ', 0, '2023-10-09 21:29:22', '2023-10-09 21:29:22'),
(11818, 1182, 8, 2, '2020-05-05', 0, '2023-10-09 21:29:22', '2023-10-09 21:29:22'),
(11819, 1182, 9, 2, 'https://www.templatecookie.com', 0, '2023-10-09 21:29:22', '2023-10-09 21:29:22'),
(11820, 1182, 10, 2, '0123456789', 0, '2023-10-09 21:29:22', '2023-10-09 21:29:22'),
(11821, 1183, 1, 1, 'F100', 0, '2023-10-09 21:29:22', '2023-10-09 21:29:22'),
(11822, 1183, 2, 1, 'New', 0, '2023-10-09 21:29:22', '2023-10-09 21:29:22'),
(11823, 1183, 3, 1, '1', 0, '2023-10-09 21:29:22', '2023-10-09 21:29:22'),
(11824, 1183, 4, 1, 'Comfortable, Beautiful Look', 0, '2023-10-09 21:29:22', '2023-10-09 21:29:22'),
(11825, 1183, 5, 1, 'Yes', 0, '2023-10-09 21:29:22', '2023-10-09 21:29:22'),
(11826, 1183, 6, 2, 'This is a note', 0, '2023-10-09 21:29:22', '2023-10-09 21:29:22'),
(11827, 1183, 7, 2, 'https://youtu.be/Ic_Kkmzm3uQ', 0, '2023-10-09 21:29:22', '2023-10-09 21:29:22'),
(11828, 1183, 8, 2, '2020-05-05', 0, '2023-10-09 21:29:22', '2023-10-09 21:29:22'),
(11829, 1183, 9, 2, 'https://www.templatecookie.com', 0, '2023-10-09 21:29:22', '2023-10-09 21:29:22'),
(11830, 1183, 10, 2, '0123456789', 0, '2023-10-09 21:29:22', '2023-10-09 21:29:22'),
(11831, 1184, 1, 1, 'F100', 0, '2023-10-09 21:29:22', '2023-10-09 21:29:22'),
(11832, 1184, 2, 1, 'New', 0, '2023-10-09 21:29:22', '2023-10-09 21:29:22'),
(11833, 1184, 3, 1, '1', 0, '2023-10-09 21:29:22', '2023-10-09 21:29:22'),
(11834, 1184, 4, 1, 'Comfortable, Beautiful Look', 0, '2023-10-09 21:29:22', '2023-10-09 21:29:22'),
(11835, 1184, 5, 1, 'Yes', 0, '2023-10-09 21:29:22', '2023-10-09 21:29:22'),
(11836, 1184, 6, 2, 'This is a note', 0, '2023-10-09 21:29:22', '2023-10-09 21:29:22'),
(11837, 1184, 7, 2, 'https://youtu.be/Ic_Kkmzm3uQ', 0, '2023-10-09 21:29:22', '2023-10-09 21:29:22'),
(11838, 1184, 8, 2, '2020-05-05', 0, '2023-10-09 21:29:22', '2023-10-09 21:29:22'),
(11839, 1184, 9, 2, 'https://www.templatecookie.com', 0, '2023-10-09 21:29:22', '2023-10-09 21:29:22'),
(11840, 1184, 10, 2, '0123456789', 0, '2023-10-09 21:29:22', '2023-10-09 21:29:22'),
(11841, 1185, 1, 1, 'F100', 0, '2023-10-09 21:29:22', '2023-10-09 21:29:22'),
(11842, 1185, 2, 1, 'New', 0, '2023-10-09 21:29:22', '2023-10-09 21:29:22'),
(11843, 1185, 3, 1, '1', 0, '2023-10-09 21:29:22', '2023-10-09 21:29:22'),
(11844, 1185, 4, 1, 'Comfortable, Beautiful Look, Good Condition', 0, '2023-10-09 21:29:22', '2023-10-09 21:29:22'),
(11845, 1185, 5, 1, 'Yes', 0, '2023-10-09 21:29:22', '2023-10-09 21:29:22'),
(11846, 1185, 6, 2, 'This is a note', 0, '2023-10-09 21:29:22', '2023-10-09 21:29:22');
INSERT INTO `product_custom_fields` (`id`, `ad_id`, `custom_field_id`, `custom_field_group_id`, `value`, `order`, `created_at`, `updated_at`) VALUES
(11847, 1185, 7, 2, 'https://youtu.be/Ic_Kkmzm3uQ', 0, '2023-10-09 21:29:22', '2023-10-09 21:29:22'),
(11848, 1185, 8, 2, '2020-05-05', 0, '2023-10-09 21:29:22', '2023-10-09 21:29:22'),
(11849, 1185, 9, 2, 'https://www.templatecookie.com', 0, '2023-10-09 21:29:22', '2023-10-09 21:29:22'),
(11850, 1185, 10, 2, '0123456789', 0, '2023-10-09 21:29:22', '2023-10-09 21:29:22'),
(11851, 1186, 1, 1, 'F100', 0, '2023-10-09 21:29:22', '2023-10-09 21:29:22'),
(11852, 1186, 2, 1, 'New', 0, '2023-10-09 21:29:22', '2023-10-09 21:29:22'),
(11853, 1186, 3, 1, '1', 0, '2023-10-09 21:29:22', '2023-10-09 21:29:22'),
(11854, 1186, 4, 1, 'Comfortable, Beautiful Look, Good Condition', 0, '2023-10-09 21:29:22', '2023-10-09 21:29:22'),
(11855, 1186, 5, 1, 'Yes', 0, '2023-10-09 21:29:22', '2023-10-09 21:29:22'),
(11856, 1186, 6, 2, 'This is a note', 0, '2023-10-09 21:29:22', '2023-10-09 21:29:22'),
(11857, 1186, 7, 2, 'https://youtu.be/Ic_Kkmzm3uQ', 0, '2023-10-09 21:29:22', '2023-10-09 21:29:22'),
(11858, 1186, 8, 2, '2020-05-05', 0, '2023-10-09 21:29:22', '2023-10-09 21:29:22'),
(11859, 1186, 9, 2, 'https://www.templatecookie.com', 0, '2023-10-09 21:29:22', '2023-10-09 21:29:22'),
(11860, 1186, 10, 2, '0123456789', 0, '2023-10-09 21:29:22', '2023-10-09 21:29:22'),
(11861, 1187, 1, 1, 'F100', 0, '2023-10-09 21:29:22', '2023-10-09 21:29:22'),
(11862, 1187, 2, 1, 'New', 0, '2023-10-09 21:29:22', '2023-10-09 21:29:22'),
(11863, 1187, 3, 1, '0', 0, '2023-10-09 21:29:22', '2023-10-09 21:29:22'),
(11864, 1187, 4, 1, 'Comfortable, Beautiful Look, Good Condition', 0, '2023-10-09 21:29:22', '2023-10-09 21:29:22'),
(11865, 1187, 5, 1, 'Yes', 0, '2023-10-09 21:29:22', '2023-10-09 21:29:22'),
(11866, 1187, 6, 2, 'This is a note', 0, '2023-10-09 21:29:22', '2023-10-09 21:29:22'),
(11867, 1187, 7, 2, 'https://youtu.be/Ic_Kkmzm3uQ', 0, '2023-10-09 21:29:22', '2023-10-09 21:29:22'),
(11868, 1187, 8, 2, '2020-05-05', 0, '2023-10-09 21:29:22', '2023-10-09 21:29:22'),
(11869, 1187, 9, 2, 'https://www.templatecookie.com', 0, '2023-10-09 21:29:22', '2023-10-09 21:29:22'),
(11870, 1187, 10, 2, '0123456789', 0, '2023-10-09 21:29:22', '2023-10-09 21:29:22'),
(11871, 1188, 1, 1, 'F100', 0, '2023-10-09 21:29:22', '2023-10-09 21:29:22'),
(11872, 1188, 2, 1, 'New', 0, '2023-10-09 21:29:22', '2023-10-09 21:29:22'),
(11873, 1188, 3, 1, '0', 0, '2023-10-09 21:29:22', '2023-10-09 21:29:22'),
(11874, 1188, 4, 1, 'Comfortable, Good Condition', 0, '2023-10-09 21:29:22', '2023-10-09 21:29:22'),
(11875, 1188, 5, 1, 'Yes', 0, '2023-10-09 21:29:22', '2023-10-09 21:29:22'),
(11876, 1188, 6, 2, 'This is a note', 0, '2023-10-09 21:29:22', '2023-10-09 21:29:22'),
(11877, 1188, 7, 2, 'https://youtu.be/Ic_Kkmzm3uQ', 0, '2023-10-09 21:29:22', '2023-10-09 21:29:22'),
(11878, 1188, 8, 2, '2020-05-05', 0, '2023-10-09 21:29:22', '2023-10-09 21:29:22'),
(11879, 1188, 9, 2, 'https://www.templatecookie.com', 0, '2023-10-09 21:29:22', '2023-10-09 21:29:22'),
(11880, 1188, 10, 2, '0123456789', 0, '2023-10-09 21:29:22', '2023-10-09 21:29:22'),
(11881, 1189, 1, 1, 'F100', 0, '2023-10-09 21:29:22', '2023-10-09 21:29:22'),
(11882, 1189, 2, 1, 'New', 0, '2023-10-09 21:29:22', '2023-10-09 21:29:22'),
(11883, 1189, 3, 1, '1', 0, '2023-10-09 21:29:22', '2023-10-09 21:29:22'),
(11884, 1189, 4, 1, 'Comfortable, Beautiful Look, Good Condition', 0, '2023-10-09 21:29:22', '2023-10-09 21:29:22'),
(11885, 1189, 5, 1, 'Yes', 0, '2023-10-09 21:29:22', '2023-10-09 21:29:22'),
(11886, 1189, 6, 2, 'This is a note', 0, '2023-10-09 21:29:22', '2023-10-09 21:29:22'),
(11887, 1189, 7, 2, 'https://youtu.be/Ic_Kkmzm3uQ', 0, '2023-10-09 21:29:22', '2023-10-09 21:29:22'),
(11888, 1189, 8, 2, '2020-05-05', 0, '2023-10-09 21:29:22', '2023-10-09 21:29:22'),
(11889, 1189, 9, 2, 'https://www.templatecookie.com', 0, '2023-10-09 21:29:22', '2023-10-09 21:29:22'),
(11890, 1189, 10, 2, '0123456789', 0, '2023-10-09 21:29:22', '2023-10-09 21:29:22'),
(11891, 1190, 1, 1, 'F100', 0, '2023-10-09 21:29:22', '2023-10-09 21:29:22'),
(11892, 1190, 2, 1, 'New', 0, '2023-10-09 21:29:22', '2023-10-09 21:29:22'),
(11893, 1190, 3, 1, '1', 0, '2023-10-09 21:29:22', '2023-10-09 21:29:22'),
(11894, 1190, 4, 1, 'Comfortable, Beautiful Look, Good Condition', 0, '2023-10-09 21:29:22', '2023-10-09 21:29:22'),
(11895, 1190, 5, 1, 'Yes', 0, '2023-10-09 21:29:22', '2023-10-09 21:29:22'),
(11896, 1190, 6, 2, 'This is a note', 0, '2023-10-09 21:29:22', '2023-10-09 21:29:22'),
(11897, 1190, 7, 2, 'https://youtu.be/Ic_Kkmzm3uQ', 0, '2023-10-09 21:29:22', '2023-10-09 21:29:22'),
(11898, 1190, 8, 2, '2020-05-05', 0, '2023-10-09 21:29:22', '2023-10-09 21:29:22'),
(11899, 1190, 9, 2, 'https://www.templatecookie.com', 0, '2023-10-09 21:29:22', '2023-10-09 21:29:22'),
(11900, 1190, 10, 2, '0123456789', 0, '2023-10-09 21:29:22', '2023-10-09 21:29:22'),
(11901, 1191, 1, 1, 'F100', 0, '2023-10-09 21:29:22', '2023-10-09 21:29:22'),
(11902, 1191, 2, 1, 'New', 0, '2023-10-09 21:29:22', '2023-10-09 21:29:22'),
(11903, 1191, 3, 1, '1', 0, '2023-10-09 21:29:22', '2023-10-09 21:29:22'),
(11904, 1191, 4, 1, 'Comfortable, Beautiful Look, Good Condition', 0, '2023-10-09 21:29:22', '2023-10-09 21:29:22'),
(11905, 1191, 5, 1, 'Yes', 0, '2023-10-09 21:29:22', '2023-10-09 21:29:22'),
(11906, 1191, 6, 2, 'This is a note', 0, '2023-10-09 21:29:22', '2023-10-09 21:29:22'),
(11907, 1191, 7, 2, 'https://youtu.be/Ic_Kkmzm3uQ', 0, '2023-10-09 21:29:22', '2023-10-09 21:29:22'),
(11908, 1191, 8, 2, '2020-05-05', 0, '2023-10-09 21:29:22', '2023-10-09 21:29:22'),
(11909, 1191, 9, 2, 'https://www.templatecookie.com', 0, '2023-10-09 21:29:22', '2023-10-09 21:29:22'),
(11910, 1191, 10, 2, '0123456789', 0, '2023-10-09 21:29:22', '2023-10-09 21:29:22'),
(11911, 1192, 1, 1, 'F100', 0, '2023-10-09 21:29:22', '2023-10-09 21:29:22'),
(11912, 1192, 2, 1, 'New', 0, '2023-10-09 21:29:22', '2023-10-09 21:29:22'),
(11913, 1192, 3, 1, '1', 0, '2023-10-09 21:29:22', '2023-10-09 21:29:22'),
(11914, 1192, 4, 1, 'Comfortable, Beautiful Look, Good Condition', 0, '2023-10-09 21:29:22', '2023-10-09 21:29:22'),
(11915, 1192, 5, 1, 'Yes', 0, '2023-10-09 21:29:22', '2023-10-09 21:29:22'),
(11916, 1192, 6, 2, 'This is a note', 0, '2023-10-09 21:29:22', '2023-10-09 21:29:22'),
(11917, 1192, 7, 2, 'https://youtu.be/Ic_Kkmzm3uQ', 0, '2023-10-09 21:29:22', '2023-10-09 21:29:22'),
(11918, 1192, 8, 2, '2020-05-05', 0, '2023-10-09 21:29:22', '2023-10-09 21:29:22'),
(11919, 1192, 9, 2, 'https://www.templatecookie.com', 0, '2023-10-09 21:29:22', '2023-10-09 21:29:22'),
(11920, 1192, 10, 2, '0123456789', 0, '2023-10-09 21:29:22', '2023-10-09 21:29:22'),
(11921, 1193, 1, 1, 'F100', 0, '2023-10-09 21:29:22', '2023-10-09 21:29:22'),
(11922, 1193, 2, 1, 'New', 0, '2023-10-09 21:29:22', '2023-10-09 21:29:22'),
(11923, 1193, 3, 1, '1', 0, '2023-10-09 21:29:22', '2023-10-09 21:29:22'),
(11924, 1193, 4, 1, 'Comfortable, Good Condition', 0, '2023-10-09 21:29:22', '2023-10-09 21:29:22'),
(11925, 1193, 5, 1, 'Yes', 0, '2023-10-09 21:29:22', '2023-10-09 21:29:22'),
(11926, 1193, 6, 2, 'This is a note', 0, '2023-10-09 21:29:22', '2023-10-09 21:29:22'),
(11927, 1193, 7, 2, 'https://youtu.be/Ic_Kkmzm3uQ', 0, '2023-10-09 21:29:22', '2023-10-09 21:29:22'),
(11928, 1193, 8, 2, '2020-05-05', 0, '2023-10-09 21:29:22', '2023-10-09 21:29:22'),
(11929, 1193, 9, 2, 'https://www.templatecookie.com', 0, '2023-10-09 21:29:22', '2023-10-09 21:29:22'),
(11930, 1193, 10, 2, '0123456789', 0, '2023-10-09 21:29:22', '2023-10-09 21:29:22'),
(11931, 1194, 1, 1, 'F100', 0, '2023-10-09 21:29:22', '2023-10-09 21:29:22'),
(11932, 1194, 2, 1, 'New', 0, '2023-10-09 21:29:22', '2023-10-09 21:29:22'),
(11933, 1194, 3, 1, '0', 0, '2023-10-09 21:29:22', '2023-10-09 21:29:22'),
(11934, 1194, 4, 1, 'Beautiful Look, Good Condition', 0, '2023-10-09 21:29:22', '2023-10-09 21:29:22'),
(11935, 1194, 5, 1, 'Yes', 0, '2023-10-09 21:29:22', '2023-10-09 21:29:22'),
(11936, 1194, 6, 2, 'This is a note', 0, '2023-10-09 21:29:22', '2023-10-09 21:29:22'),
(11937, 1194, 7, 2, 'https://youtu.be/Ic_Kkmzm3uQ', 0, '2023-10-09 21:29:22', '2023-10-09 21:29:22'),
(11938, 1194, 8, 2, '2020-05-05', 0, '2023-10-09 21:29:22', '2023-10-09 21:29:22'),
(11939, 1194, 9, 2, 'https://www.templatecookie.com', 0, '2023-10-09 21:29:22', '2023-10-09 21:29:22'),
(11940, 1194, 10, 2, '0123456789', 0, '2023-10-09 21:29:22', '2023-10-09 21:29:22'),
(11941, 1195, 1, 1, 'F100', 0, '2023-10-09 21:29:22', '2023-10-09 21:29:22'),
(11942, 1195, 2, 1, 'New', 0, '2023-10-09 21:29:22', '2023-10-09 21:29:22'),
(11943, 1195, 3, 1, '1', 0, '2023-10-09 21:29:22', '2023-10-09 21:29:22'),
(11944, 1195, 4, 1, 'Comfortable, Beautiful Look', 0, '2023-10-09 21:29:22', '2023-10-09 21:29:22'),
(11945, 1195, 5, 1, 'Yes', 0, '2023-10-09 21:29:22', '2023-10-09 21:29:22'),
(11946, 1195, 6, 2, 'This is a note', 0, '2023-10-09 21:29:22', '2023-10-09 21:29:22'),
(11947, 1195, 7, 2, 'https://youtu.be/Ic_Kkmzm3uQ', 0, '2023-10-09 21:29:22', '2023-10-09 21:29:22'),
(11948, 1195, 8, 2, '2020-05-05', 0, '2023-10-09 21:29:22', '2023-10-09 21:29:22'),
(11949, 1195, 9, 2, 'https://www.templatecookie.com', 0, '2023-10-09 21:29:22', '2023-10-09 21:29:22'),
(11950, 1195, 10, 2, '0123456789', 0, '2023-10-09 21:29:22', '2023-10-09 21:29:22'),
(11951, 1196, 1, 1, 'F100', 0, '2023-10-09 21:29:22', '2023-10-09 21:29:22'),
(11952, 1196, 2, 1, 'New', 0, '2023-10-09 21:29:22', '2023-10-09 21:29:22'),
(11953, 1196, 3, 1, '0', 0, '2023-10-09 21:29:22', '2023-10-09 21:29:22'),
(11954, 1196, 4, 1, 'Comfortable, Beautiful Look, Good Condition', 0, '2023-10-09 21:29:22', '2023-10-09 21:29:22'),
(11955, 1196, 5, 1, 'Yes', 0, '2023-10-09 21:29:23', '2023-10-09 21:29:23'),
(11956, 1196, 6, 2, 'This is a note', 0, '2023-10-09 21:29:23', '2023-10-09 21:29:23'),
(11957, 1196, 7, 2, 'https://youtu.be/Ic_Kkmzm3uQ', 0, '2023-10-09 21:29:23', '2023-10-09 21:29:23'),
(11958, 1196, 8, 2, '2020-05-05', 0, '2023-10-09 21:29:23', '2023-10-09 21:29:23'),
(11959, 1196, 9, 2, 'https://www.templatecookie.com', 0, '2023-10-09 21:29:23', '2023-10-09 21:29:23'),
(11960, 1196, 10, 2, '0123456789', 0, '2023-10-09 21:29:23', '2023-10-09 21:29:23'),
(11961, 1197, 1, 1, 'F100', 0, '2023-10-09 21:29:23', '2023-10-09 21:29:23'),
(11962, 1197, 2, 1, 'New', 0, '2023-10-09 21:29:23', '2023-10-09 21:29:23'),
(11963, 1197, 3, 1, '1', 0, '2023-10-09 21:29:23', '2023-10-09 21:29:23'),
(11964, 1197, 4, 1, 'Beautiful Look, Good Condition', 0, '2023-10-09 21:29:23', '2023-10-09 21:29:23'),
(11965, 1197, 5, 1, 'Yes', 0, '2023-10-09 21:29:23', '2023-10-09 21:29:23'),
(11966, 1197, 6, 2, 'This is a note', 0, '2023-10-09 21:29:23', '2023-10-09 21:29:23'),
(11967, 1197, 7, 2, 'https://youtu.be/Ic_Kkmzm3uQ', 0, '2023-10-09 21:29:23', '2023-10-09 21:29:23'),
(11968, 1197, 8, 2, '2020-05-05', 0, '2023-10-09 21:29:23', '2023-10-09 21:29:23'),
(11969, 1197, 9, 2, 'https://www.templatecookie.com', 0, '2023-10-09 21:29:23', '2023-10-09 21:29:23'),
(11970, 1197, 10, 2, '0123456789', 0, '2023-10-09 21:29:23', '2023-10-09 21:29:23'),
(11971, 1198, 1, 1, 'F100', 0, '2023-10-09 21:29:23', '2023-10-09 21:29:23'),
(11972, 1198, 2, 1, 'New', 0, '2023-10-09 21:29:23', '2023-10-09 21:29:23'),
(11973, 1198, 3, 1, '0', 0, '2023-10-09 21:29:23', '2023-10-09 21:29:23'),
(11974, 1198, 4, 1, 'Beautiful Look, Good Condition', 0, '2023-10-09 21:29:23', '2023-10-09 21:29:23'),
(11975, 1198, 5, 1, 'Yes', 0, '2023-10-09 21:29:23', '2023-10-09 21:29:23'),
(11976, 1198, 6, 2, 'This is a note', 0, '2023-10-09 21:29:23', '2023-10-09 21:29:23'),
(11977, 1198, 7, 2, 'https://youtu.be/Ic_Kkmzm3uQ', 0, '2023-10-09 21:29:23', '2023-10-09 21:29:23'),
(11978, 1198, 8, 2, '2020-05-05', 0, '2023-10-09 21:29:23', '2023-10-09 21:29:23'),
(11979, 1198, 9, 2, 'https://www.templatecookie.com', 0, '2023-10-09 21:29:23', '2023-10-09 21:29:23'),
(11980, 1198, 10, 2, '0123456789', 0, '2023-10-09 21:29:23', '2023-10-09 21:29:23'),
(11981, 1199, 1, 1, 'F100', 0, '2023-10-09 21:29:23', '2023-10-09 21:29:23'),
(11982, 1199, 2, 1, 'New', 0, '2023-10-09 21:29:23', '2023-10-09 21:29:23'),
(11983, 1199, 3, 1, '1', 0, '2023-10-09 21:29:23', '2023-10-09 21:29:23'),
(11984, 1199, 4, 1, 'Comfortable, Beautiful Look, Good Condition', 0, '2023-10-09 21:29:23', '2023-10-09 21:29:23'),
(11985, 1199, 5, 1, 'Yes', 0, '2023-10-09 21:29:23', '2023-10-09 21:29:23'),
(11986, 1199, 6, 2, 'This is a note', 0, '2023-10-09 21:29:23', '2023-10-09 21:29:23'),
(11987, 1199, 7, 2, 'https://youtu.be/Ic_Kkmzm3uQ', 0, '2023-10-09 21:29:23', '2023-10-09 21:29:23'),
(11988, 1199, 8, 2, '2020-05-05', 0, '2023-10-09 21:29:23', '2023-10-09 21:29:23'),
(11989, 1199, 9, 2, 'https://www.templatecookie.com', 0, '2023-10-09 21:29:23', '2023-10-09 21:29:23'),
(11990, 1199, 10, 2, '0123456789', 0, '2023-10-09 21:29:23', '2023-10-09 21:29:23'),
(11991, 1200, 1, 1, 'F100', 0, '2023-10-09 21:29:23', '2023-10-09 21:29:23'),
(11992, 1200, 2, 1, 'New', 0, '2023-10-09 21:29:23', '2023-10-09 21:29:23'),
(11993, 1200, 3, 1, '1', 0, '2023-10-09 21:29:23', '2023-10-09 21:29:23'),
(11994, 1200, 4, 1, 'Comfortable, Beautiful Look, Good Condition', 0, '2023-10-09 21:29:23', '2023-10-09 21:29:23'),
(11995, 1200, 5, 1, 'Yes', 0, '2023-10-09 21:29:23', '2023-10-09 21:29:23'),
(11996, 1200, 6, 2, 'This is a note', 0, '2023-10-09 21:29:23', '2023-10-09 21:29:23'),
(11997, 1200, 7, 2, 'https://youtu.be/Ic_Kkmzm3uQ', 0, '2023-10-09 21:29:23', '2023-10-09 21:29:23'),
(11998, 1200, 8, 2, '2020-05-05', 0, '2023-10-09 21:29:23', '2023-10-09 21:29:23'),
(11999, 1200, 9, 2, 'https://www.templatecookie.com', 0, '2023-10-09 21:29:23', '2023-10-09 21:29:23'),
(12000, 1200, 10, 2, '0123456789', 0, '2023-10-09 21:29:23', '2023-10-09 21:29:23'),
(12001, 1201, 1, 1, 'F100', 0, '2023-10-09 21:29:23', '2023-10-09 21:29:23'),
(12002, 1201, 2, 1, 'New', 0, '2023-10-09 21:29:23', '2023-10-09 21:29:23'),
(12003, 1201, 3, 1, '0', 0, '2023-10-09 21:29:23', '2023-10-09 21:29:23'),
(12004, 1201, 4, 1, 'Comfortable, Beautiful Look, Good Condition', 0, '2023-10-09 21:29:23', '2023-10-09 21:29:23'),
(12005, 1201, 5, 1, 'Yes', 0, '2023-10-09 21:29:23', '2023-10-09 21:29:23'),
(12006, 1201, 6, 2, 'This is a note', 0, '2023-10-09 21:29:23', '2023-10-09 21:29:23'),
(12007, 1201, 7, 2, 'https://youtu.be/Ic_Kkmzm3uQ', 0, '2023-10-09 21:29:23', '2023-10-09 21:29:23'),
(12008, 1201, 8, 2, '2020-05-05', 0, '2023-10-09 21:29:23', '2023-10-09 21:29:23'),
(12009, 1201, 9, 2, 'https://www.templatecookie.com', 0, '2023-10-09 21:29:23', '2023-10-09 21:29:23'),
(12010, 1201, 10, 2, '0123456789', 0, '2023-10-09 21:29:23', '2023-10-09 21:29:23'),
(12011, 1202, 1, 1, 'F100', 0, '2023-10-09 21:29:23', '2023-10-09 21:29:23'),
(12012, 1202, 2, 1, 'New', 0, '2023-10-09 21:29:23', '2023-10-09 21:29:23'),
(12013, 1202, 3, 1, '1', 0, '2023-10-09 21:29:23', '2023-10-09 21:29:23'),
(12014, 1202, 4, 1, 'Comfortable, Beautiful Look, Good Condition', 0, '2023-10-09 21:29:23', '2023-10-09 21:29:23'),
(12015, 1202, 5, 1, 'Yes', 0, '2023-10-09 21:29:23', '2023-10-09 21:29:23'),
(12016, 1202, 6, 2, 'This is a note', 0, '2023-10-09 21:29:23', '2023-10-09 21:29:23'),
(12017, 1202, 7, 2, 'https://youtu.be/Ic_Kkmzm3uQ', 0, '2023-10-09 21:29:23', '2023-10-09 21:29:23'),
(12018, 1202, 8, 2, '2020-05-05', 0, '2023-10-09 21:29:23', '2023-10-09 21:29:23'),
(12019, 1202, 9, 2, 'https://www.templatecookie.com', 0, '2023-10-09 21:29:23', '2023-10-09 21:29:23'),
(12020, 1202, 10, 2, '0123456789', 0, '2023-10-09 21:29:23', '2023-10-09 21:29:23'),
(12021, 1203, 1, 1, 'F100', 0, '2023-10-09 21:29:23', '2023-10-09 21:29:23'),
(12022, 1203, 2, 1, 'New', 0, '2023-10-09 21:29:23', '2023-10-09 21:29:23'),
(12023, 1203, 3, 1, '1', 0, '2023-10-09 21:29:23', '2023-10-09 21:29:23'),
(12024, 1203, 4, 1, 'Comfortable, Beautiful Look, Good Condition', 0, '2023-10-09 21:29:23', '2023-10-09 21:29:23'),
(12025, 1203, 5, 1, 'Yes', 0, '2023-10-09 21:29:23', '2023-10-09 21:29:23'),
(12026, 1203, 6, 2, 'This is a note', 0, '2023-10-09 21:29:23', '2023-10-09 21:29:23'),
(12027, 1203, 7, 2, 'https://youtu.be/Ic_Kkmzm3uQ', 0, '2023-10-09 21:29:23', '2023-10-09 21:29:23'),
(12028, 1203, 8, 2, '2020-05-05', 0, '2023-10-09 21:29:23', '2023-10-09 21:29:23'),
(12029, 1203, 9, 2, 'https://www.templatecookie.com', 0, '2023-10-09 21:29:23', '2023-10-09 21:29:23'),
(12030, 1203, 10, 2, '0123456789', 0, '2023-10-09 21:29:23', '2023-10-09 21:29:23'),
(12031, 1204, 1, 1, 'F100', 0, '2023-10-09 21:29:23', '2023-10-09 21:29:23'),
(12032, 1204, 2, 1, 'New', 0, '2023-10-09 21:29:23', '2023-10-09 21:29:23'),
(12033, 1204, 3, 1, '0', 0, '2023-10-09 21:29:23', '2023-10-09 21:29:23'),
(12034, 1204, 4, 1, 'Comfortable, Beautiful Look, Good Condition', 0, '2023-10-09 21:29:23', '2023-10-09 21:29:23'),
(12035, 1204, 5, 1, 'Yes', 0, '2023-10-09 21:29:23', '2023-10-09 21:29:23'),
(12036, 1204, 6, 2, 'This is a note', 0, '2023-10-09 21:29:23', '2023-10-09 21:29:23'),
(12037, 1204, 7, 2, 'https://youtu.be/Ic_Kkmzm3uQ', 0, '2023-10-09 21:29:23', '2023-10-09 21:29:23'),
(12038, 1204, 8, 2, '2020-05-05', 0, '2023-10-09 21:29:23', '2023-10-09 21:29:23'),
(12039, 1204, 9, 2, 'https://www.templatecookie.com', 0, '2023-10-09 21:29:23', '2023-10-09 21:29:23'),
(12040, 1204, 10, 2, '0123456789', 0, '2023-10-09 21:29:23', '2023-10-09 21:29:23'),
(12041, 1205, 1, 1, 'F100', 0, '2023-10-09 21:29:23', '2023-10-09 21:29:23'),
(12042, 1205, 2, 1, 'New', 0, '2023-10-09 21:29:23', '2023-10-09 21:29:23'),
(12043, 1205, 3, 1, '1', 0, '2023-10-09 21:29:23', '2023-10-09 21:29:23'),
(12044, 1205, 4, 1, 'Comfortable, Beautiful Look, Good Condition', 0, '2023-10-09 21:29:23', '2023-10-09 21:29:23'),
(12045, 1205, 5, 1, 'Yes', 0, '2023-10-09 21:29:23', '2023-10-09 21:29:23'),
(12046, 1205, 6, 2, 'This is a note', 0, '2023-10-09 21:29:23', '2023-10-09 21:29:23'),
(12047, 1205, 7, 2, 'https://youtu.be/Ic_Kkmzm3uQ', 0, '2023-10-09 21:29:23', '2023-10-09 21:29:23'),
(12048, 1205, 8, 2, '2020-05-05', 0, '2023-10-09 21:29:23', '2023-10-09 21:29:23'),
(12049, 1205, 9, 2, 'https://www.templatecookie.com', 0, '2023-10-09 21:29:23', '2023-10-09 21:29:23'),
(12050, 1205, 10, 2, '0123456789', 0, '2023-10-09 21:29:23', '2023-10-09 21:29:23'),
(12051, 1206, 1, 1, 'F100', 0, '2023-10-09 21:29:23', '2023-10-09 21:29:23'),
(12052, 1206, 2, 1, 'New', 0, '2023-10-09 21:29:23', '2023-10-09 21:29:23'),
(12053, 1206, 3, 1, '0', 0, '2023-10-09 21:29:23', '2023-10-09 21:29:23'),
(12054, 1206, 4, 1, 'Comfortable, Good Condition', 0, '2023-10-09 21:29:23', '2023-10-09 21:29:23'),
(12055, 1206, 5, 1, 'Yes', 0, '2023-10-09 21:29:23', '2023-10-09 21:29:23'),
(12056, 1206, 6, 2, 'This is a note', 0, '2023-10-09 21:29:23', '2023-10-09 21:29:23'),
(12057, 1206, 7, 2, 'https://youtu.be/Ic_Kkmzm3uQ', 0, '2023-10-09 21:29:23', '2023-10-09 21:29:23'),
(12058, 1206, 8, 2, '2020-05-05', 0, '2023-10-09 21:29:23', '2023-10-09 21:29:23'),
(12059, 1206, 9, 2, 'https://www.templatecookie.com', 0, '2023-10-09 21:29:23', '2023-10-09 21:29:23'),
(12060, 1206, 10, 2, '0123456789', 0, '2023-10-09 21:29:23', '2023-10-09 21:29:23'),
(12061, 1207, 1, 1, 'F100', 0, '2023-10-09 21:29:23', '2023-10-09 21:29:23'),
(12062, 1207, 2, 1, 'New', 0, '2023-10-09 21:29:23', '2023-10-09 21:29:23'),
(12063, 1207, 3, 1, '0', 0, '2023-10-09 21:29:23', '2023-10-09 21:29:23'),
(12064, 1207, 4, 1, 'Beautiful Look, Good Condition', 0, '2023-10-09 21:29:23', '2023-10-09 21:29:23'),
(12065, 1207, 5, 1, 'Yes', 0, '2023-10-09 21:29:23', '2023-10-09 21:29:23'),
(12066, 1207, 6, 2, 'This is a note', 0, '2023-10-09 21:29:23', '2023-10-09 21:29:23'),
(12067, 1207, 7, 2, 'https://youtu.be/Ic_Kkmzm3uQ', 0, '2023-10-09 21:29:23', '2023-10-09 21:29:23'),
(12068, 1207, 8, 2, '2020-05-05', 0, '2023-10-09 21:29:23', '2023-10-09 21:29:23'),
(12069, 1207, 9, 2, 'https://www.templatecookie.com', 0, '2023-10-09 21:29:23', '2023-10-09 21:29:23'),
(12070, 1207, 10, 2, '0123456789', 0, '2023-10-09 21:29:23', '2023-10-09 21:29:23'),
(12071, 1208, 1, 1, 'F100', 0, '2023-10-09 21:29:23', '2023-10-09 21:29:23'),
(12072, 1208, 2, 1, 'New', 0, '2023-10-09 21:29:23', '2023-10-09 21:29:23'),
(12073, 1208, 3, 1, '1', 0, '2023-10-09 21:29:23', '2023-10-09 21:29:23'),
(12074, 1208, 4, 1, 'Comfortable, Beautiful Look, Good Condition', 0, '2023-10-09 21:29:23', '2023-10-09 21:29:23'),
(12075, 1208, 5, 1, 'Yes', 0, '2023-10-09 21:29:23', '2023-10-09 21:29:23'),
(12076, 1208, 6, 2, 'This is a note', 0, '2023-10-09 21:29:23', '2023-10-09 21:29:23'),
(12077, 1208, 7, 2, 'https://youtu.be/Ic_Kkmzm3uQ', 0, '2023-10-09 21:29:23', '2023-10-09 21:29:23'),
(12078, 1208, 8, 2, '2020-05-05', 0, '2023-10-09 21:29:23', '2023-10-09 21:29:23'),
(12079, 1208, 9, 2, 'https://www.templatecookie.com', 0, '2023-10-09 21:29:23', '2023-10-09 21:29:23'),
(12080, 1208, 10, 2, '0123456789', 0, '2023-10-09 21:29:23', '2023-10-09 21:29:23'),
(12081, 1209, 1, 1, 'F100', 0, '2023-10-09 21:29:23', '2023-10-09 21:29:23'),
(12082, 1209, 2, 1, 'New', 0, '2023-10-09 21:29:23', '2023-10-09 21:29:23'),
(12083, 1209, 3, 1, '1', 0, '2023-10-09 21:29:23', '2023-10-09 21:29:23'),
(12084, 1209, 4, 1, 'Comfortable, Good Condition', 0, '2023-10-09 21:29:23', '2023-10-09 21:29:23'),
(12085, 1209, 5, 1, 'Yes', 0, '2023-10-09 21:29:23', '2023-10-09 21:29:23'),
(12086, 1209, 6, 2, 'This is a note', 0, '2023-10-09 21:29:23', '2023-10-09 21:29:23'),
(12087, 1209, 7, 2, 'https://youtu.be/Ic_Kkmzm3uQ', 0, '2023-10-09 21:29:23', '2023-10-09 21:29:23'),
(12088, 1209, 8, 2, '2020-05-05', 0, '2023-10-09 21:29:23', '2023-10-09 21:29:23'),
(12089, 1209, 9, 2, 'https://www.templatecookie.com', 0, '2023-10-09 21:29:23', '2023-10-09 21:29:23'),
(12090, 1209, 10, 2, '0123456789', 0, '2023-10-09 21:29:23', '2023-10-09 21:29:23'),
(12091, 1210, 1, 1, 'F100', 0, '2023-10-09 21:29:23', '2023-10-09 21:29:23'),
(12092, 1210, 2, 1, 'New', 0, '2023-10-09 21:29:23', '2023-10-09 21:29:23'),
(12093, 1210, 3, 1, '1', 0, '2023-10-09 21:29:23', '2023-10-09 21:29:23'),
(12094, 1210, 4, 1, 'Comfortable, Good Condition', 0, '2023-10-09 21:29:23', '2023-10-09 21:29:23'),
(12095, 1210, 5, 1, 'Yes', 0, '2023-10-09 21:29:23', '2023-10-09 21:29:23'),
(12096, 1210, 6, 2, 'This is a note', 0, '2023-10-09 21:29:23', '2023-10-09 21:29:23'),
(12097, 1210, 7, 2, 'https://youtu.be/Ic_Kkmzm3uQ', 0, '2023-10-09 21:29:23', '2023-10-09 21:29:23'),
(12098, 1210, 8, 2, '2020-05-05', 0, '2023-10-09 21:29:23', '2023-10-09 21:29:23'),
(12099, 1210, 9, 2, 'https://www.templatecookie.com', 0, '2023-10-09 21:29:23', '2023-10-09 21:29:23'),
(12100, 1210, 10, 2, '0123456789', 0, '2023-10-09 21:29:23', '2023-10-09 21:29:23'),
(12101, 1211, 1, 1, 'F100', 0, '2023-10-09 21:29:23', '2023-10-09 21:29:23'),
(12102, 1211, 2, 1, 'New', 0, '2023-10-09 21:29:23', '2023-10-09 21:29:23'),
(12103, 1211, 3, 1, '0', 0, '2023-10-09 21:29:23', '2023-10-09 21:29:23'),
(12104, 1211, 4, 1, 'Comfortable, Beautiful Look, Good Condition', 0, '2023-10-09 21:29:23', '2023-10-09 21:29:23'),
(12105, 1211, 5, 1, 'Yes', 0, '2023-10-09 21:29:23', '2023-10-09 21:29:23'),
(12106, 1211, 6, 2, 'This is a note', 0, '2023-10-09 21:29:23', '2023-10-09 21:29:23'),
(12107, 1211, 7, 2, 'https://youtu.be/Ic_Kkmzm3uQ', 0, '2023-10-09 21:29:23', '2023-10-09 21:29:23'),
(12108, 1211, 8, 2, '2020-05-05', 0, '2023-10-09 21:29:23', '2023-10-09 21:29:23'),
(12109, 1211, 9, 2, 'https://www.templatecookie.com', 0, '2023-10-09 21:29:23', '2023-10-09 21:29:23'),
(12110, 1211, 10, 2, '0123456789', 0, '2023-10-09 21:29:23', '2023-10-09 21:29:23'),
(12111, 1212, 1, 1, 'F100', 0, '2023-10-09 21:29:23', '2023-10-09 21:29:23'),
(12112, 1212, 2, 1, 'New', 0, '2023-10-09 21:29:23', '2023-10-09 21:29:23'),
(12113, 1212, 3, 1, '1', 0, '2023-10-09 21:29:23', '2023-10-09 21:29:23'),
(12114, 1212, 4, 1, 'Comfortable, Good Condition', 0, '2023-10-09 21:29:23', '2023-10-09 21:29:23'),
(12115, 1212, 5, 1, 'Yes', 0, '2023-10-09 21:29:23', '2023-10-09 21:29:23'),
(12116, 1212, 6, 2, 'This is a note', 0, '2023-10-09 21:29:23', '2023-10-09 21:29:23'),
(12117, 1212, 7, 2, 'https://youtu.be/Ic_Kkmzm3uQ', 0, '2023-10-09 21:29:23', '2023-10-09 21:29:23'),
(12118, 1212, 8, 2, '2020-05-05', 0, '2023-10-09 21:29:23', '2023-10-09 21:29:23'),
(12119, 1212, 9, 2, 'https://www.templatecookie.com', 0, '2023-10-09 21:29:23', '2023-10-09 21:29:23'),
(12120, 1212, 10, 2, '0123456789', 0, '2023-10-09 21:29:23', '2023-10-09 21:29:23'),
(12121, 1213, 1, 1, 'F100', 0, '2023-10-09 21:29:23', '2023-10-09 21:29:23'),
(12122, 1213, 2, 1, 'New', 0, '2023-10-09 21:29:23', '2023-10-09 21:29:23'),
(12123, 1213, 3, 1, '0', 0, '2023-10-09 21:29:23', '2023-10-09 21:29:23'),
(12124, 1213, 4, 1, 'Beautiful Look, Good Condition', 0, '2023-10-09 21:29:23', '2023-10-09 21:29:23'),
(12125, 1213, 5, 1, 'Yes', 0, '2023-10-09 21:29:23', '2023-10-09 21:29:23'),
(12126, 1213, 6, 2, 'This is a note', 0, '2023-10-09 21:29:23', '2023-10-09 21:29:23'),
(12127, 1213, 7, 2, 'https://youtu.be/Ic_Kkmzm3uQ', 0, '2023-10-09 21:29:23', '2023-10-09 21:29:23'),
(12128, 1213, 8, 2, '2020-05-05', 0, '2023-10-09 21:29:23', '2023-10-09 21:29:23'),
(12129, 1213, 9, 2, 'https://www.templatecookie.com', 0, '2023-10-09 21:29:23', '2023-10-09 21:29:23'),
(12130, 1213, 10, 2, '0123456789', 0, '2023-10-09 21:29:23', '2023-10-09 21:29:23'),
(12131, 1214, 1, 1, 'F100', 0, '2023-10-09 21:29:23', '2023-10-09 21:29:23'),
(12132, 1214, 2, 1, 'New', 0, '2023-10-09 21:29:23', '2023-10-09 21:29:23'),
(12133, 1214, 3, 1, '0', 0, '2023-10-09 21:29:23', '2023-10-09 21:29:23'),
(12134, 1214, 4, 1, 'Beautiful Look, Good Condition', 0, '2023-10-09 21:29:23', '2023-10-09 21:29:23'),
(12135, 1214, 5, 1, 'Yes', 0, '2023-10-09 21:29:23', '2023-10-09 21:29:23'),
(12136, 1214, 6, 2, 'This is a note', 0, '2023-10-09 21:29:23', '2023-10-09 21:29:23'),
(12137, 1214, 7, 2, 'https://youtu.be/Ic_Kkmzm3uQ', 0, '2023-10-09 21:29:23', '2023-10-09 21:29:23'),
(12138, 1214, 8, 2, '2020-05-05', 0, '2023-10-09 21:29:23', '2023-10-09 21:29:23'),
(12139, 1214, 9, 2, 'https://www.templatecookie.com', 0, '2023-10-09 21:29:23', '2023-10-09 21:29:23'),
(12140, 1214, 10, 2, '0123456789', 0, '2023-10-09 21:29:23', '2023-10-09 21:29:23'),
(12141, 1215, 1, 1, 'F100', 0, '2023-10-09 21:29:23', '2023-10-09 21:29:23'),
(12142, 1215, 2, 1, 'New', 0, '2023-10-09 21:29:23', '2023-10-09 21:29:23'),
(12143, 1215, 3, 1, '1', 0, '2023-10-09 21:29:23', '2023-10-09 21:29:23'),
(12144, 1215, 4, 1, 'Comfortable, Beautiful Look', 0, '2023-10-09 21:29:23', '2023-10-09 21:29:23'),
(12145, 1215, 5, 1, 'Yes', 0, '2023-10-09 21:29:23', '2023-10-09 21:29:23'),
(12146, 1215, 6, 2, 'This is a note', 0, '2023-10-09 21:29:23', '2023-10-09 21:29:23'),
(12147, 1215, 7, 2, 'https://youtu.be/Ic_Kkmzm3uQ', 0, '2023-10-09 21:29:23', '2023-10-09 21:29:23'),
(12148, 1215, 8, 2, '2020-05-05', 0, '2023-10-09 21:29:23', '2023-10-09 21:29:23'),
(12149, 1215, 9, 2, 'https://www.templatecookie.com', 0, '2023-10-09 21:29:23', '2023-10-09 21:29:23'),
(12150, 1215, 10, 2, '0123456789', 0, '2023-10-09 21:29:23', '2023-10-09 21:29:23'),
(12151, 1216, 1, 1, 'F100', 0, '2023-10-09 21:29:23', '2023-10-09 21:29:23'),
(12152, 1216, 2, 1, 'New', 0, '2023-10-09 21:29:23', '2023-10-09 21:29:23'),
(12153, 1216, 3, 1, '0', 0, '2023-10-09 21:29:23', '2023-10-09 21:29:23'),
(12154, 1216, 4, 1, 'Comfortable, Good Condition', 0, '2023-10-09 21:29:24', '2023-10-09 21:29:24'),
(12155, 1216, 5, 1, 'Yes', 0, '2023-10-09 21:29:24', '2023-10-09 21:29:24'),
(12156, 1216, 6, 2, 'This is a note', 0, '2023-10-09 21:29:24', '2023-10-09 21:29:24'),
(12157, 1216, 7, 2, 'https://youtu.be/Ic_Kkmzm3uQ', 0, '2023-10-09 21:29:24', '2023-10-09 21:29:24'),
(12158, 1216, 8, 2, '2020-05-05', 0, '2023-10-09 21:29:24', '2023-10-09 21:29:24'),
(12159, 1216, 9, 2, 'https://www.templatecookie.com', 0, '2023-10-09 21:29:24', '2023-10-09 21:29:24'),
(12160, 1216, 10, 2, '0123456789', 0, '2023-10-09 21:29:24', '2023-10-09 21:29:24'),
(12161, 1217, 1, 1, 'F100', 0, '2023-10-09 21:29:24', '2023-10-09 21:29:24'),
(12162, 1217, 2, 1, 'New', 0, '2023-10-09 21:29:24', '2023-10-09 21:29:24'),
(12163, 1217, 3, 1, '0', 0, '2023-10-09 21:29:24', '2023-10-09 21:29:24'),
(12164, 1217, 4, 1, 'Comfortable, Beautiful Look, Good Condition', 0, '2023-10-09 21:29:24', '2023-10-09 21:29:24'),
(12165, 1217, 5, 1, 'Yes', 0, '2023-10-09 21:29:24', '2023-10-09 21:29:24'),
(12166, 1217, 6, 2, 'This is a note', 0, '2023-10-09 21:29:24', '2023-10-09 21:29:24'),
(12167, 1217, 7, 2, 'https://youtu.be/Ic_Kkmzm3uQ', 0, '2023-10-09 21:29:24', '2023-10-09 21:29:24'),
(12168, 1217, 8, 2, '2020-05-05', 0, '2023-10-09 21:29:24', '2023-10-09 21:29:24'),
(12169, 1217, 9, 2, 'https://www.templatecookie.com', 0, '2023-10-09 21:29:24', '2023-10-09 21:29:24'),
(12170, 1217, 10, 2, '0123456789', 0, '2023-10-09 21:29:24', '2023-10-09 21:29:24'),
(12171, 1218, 1, 1, 'F100', 0, '2023-10-09 21:29:24', '2023-10-09 21:29:24'),
(12172, 1218, 2, 1, 'New', 0, '2023-10-09 21:29:24', '2023-10-09 21:29:24'),
(12173, 1218, 3, 1, '0', 0, '2023-10-09 21:29:24', '2023-10-09 21:29:24'),
(12174, 1218, 4, 1, 'Comfortable, Beautiful Look, Good Condition', 0, '2023-10-09 21:29:24', '2023-10-09 21:29:24'),
(12175, 1218, 5, 1, 'Yes', 0, '2023-10-09 21:29:24', '2023-10-09 21:29:24'),
(12176, 1218, 6, 2, 'This is a note', 0, '2023-10-09 21:29:24', '2023-10-09 21:29:24'),
(12177, 1218, 7, 2, 'https://youtu.be/Ic_Kkmzm3uQ', 0, '2023-10-09 21:29:24', '2023-10-09 21:29:24'),
(12178, 1218, 8, 2, '2020-05-05', 0, '2023-10-09 21:29:24', '2023-10-09 21:29:24'),
(12179, 1218, 9, 2, 'https://www.templatecookie.com', 0, '2023-10-09 21:29:24', '2023-10-09 21:29:24'),
(12180, 1218, 10, 2, '0123456789', 0, '2023-10-09 21:29:24', '2023-10-09 21:29:24'),
(12181, 1219, 1, 1, 'F100', 0, '2023-10-09 21:29:24', '2023-10-09 21:29:24'),
(12182, 1219, 2, 1, 'New', 0, '2023-10-09 21:29:24', '2023-10-09 21:29:24'),
(12183, 1219, 3, 1, '1', 0, '2023-10-09 21:29:24', '2023-10-09 21:29:24'),
(12184, 1219, 4, 1, 'Comfortable, Good Condition', 0, '2023-10-09 21:29:24', '2023-10-09 21:29:24'),
(12185, 1219, 5, 1, 'Yes', 0, '2023-10-09 21:29:24', '2023-10-09 21:29:24'),
(12186, 1219, 6, 2, 'This is a note', 0, '2023-10-09 21:29:24', '2023-10-09 21:29:24'),
(12187, 1219, 7, 2, 'https://youtu.be/Ic_Kkmzm3uQ', 0, '2023-10-09 21:29:24', '2023-10-09 21:29:24'),
(12188, 1219, 8, 2, '2020-05-05', 0, '2023-10-09 21:29:24', '2023-10-09 21:29:24'),
(12189, 1219, 9, 2, 'https://www.templatecookie.com', 0, '2023-10-09 21:29:24', '2023-10-09 21:29:24'),
(12190, 1219, 10, 2, '0123456789', 0, '2023-10-09 21:29:24', '2023-10-09 21:29:24'),
(12191, 1220, 1, 1, 'F100', 0, '2023-10-09 21:29:24', '2023-10-09 21:29:24'),
(12192, 1220, 2, 1, 'New', 0, '2023-10-09 21:29:24', '2023-10-09 21:29:24'),
(12193, 1220, 3, 1, '1', 0, '2023-10-09 21:29:24', '2023-10-09 21:29:24'),
(12194, 1220, 4, 1, 'Beautiful Look, Good Condition', 0, '2023-10-09 21:29:24', '2023-10-09 21:29:24'),
(12195, 1220, 5, 1, 'Yes', 0, '2023-10-09 21:29:24', '2023-10-09 21:29:24'),
(12196, 1220, 6, 2, 'This is a note', 0, '2023-10-09 21:29:24', '2023-10-09 21:29:24'),
(12197, 1220, 7, 2, 'https://youtu.be/Ic_Kkmzm3uQ', 0, '2023-10-09 21:29:24', '2023-10-09 21:29:24'),
(12198, 1220, 8, 2, '2020-05-05', 0, '2023-10-09 21:29:24', '2023-10-09 21:29:24'),
(12199, 1220, 9, 2, 'https://www.templatecookie.com', 0, '2023-10-09 21:29:24', '2023-10-09 21:29:24'),
(12200, 1220, 10, 2, '0123456789', 0, '2023-10-09 21:29:24', '2023-10-09 21:29:24'),
(12201, 1221, 1, 1, 'F100', 0, '2023-10-09 21:29:24', '2023-10-09 21:29:24'),
(12202, 1221, 2, 1, 'New', 0, '2023-10-09 21:29:24', '2023-10-09 21:29:24'),
(12203, 1221, 3, 1, '1', 0, '2023-10-09 21:29:24', '2023-10-09 21:29:24'),
(12204, 1221, 4, 1, 'Comfortable, Good Condition', 0, '2023-10-09 21:29:24', '2023-10-09 21:29:24'),
(12205, 1221, 5, 1, 'Yes', 0, '2023-10-09 21:29:24', '2023-10-09 21:29:24'),
(12206, 1221, 6, 2, 'This is a note', 0, '2023-10-09 21:29:24', '2023-10-09 21:29:24'),
(12207, 1221, 7, 2, 'https://youtu.be/Ic_Kkmzm3uQ', 0, '2023-10-09 21:29:24', '2023-10-09 21:29:24'),
(12208, 1221, 8, 2, '2020-05-05', 0, '2023-10-09 21:29:24', '2023-10-09 21:29:24'),
(12209, 1221, 9, 2, 'https://www.templatecookie.com', 0, '2023-10-09 21:29:24', '2023-10-09 21:29:24'),
(12210, 1221, 10, 2, '0123456789', 0, '2023-10-09 21:29:24', '2023-10-09 21:29:24'),
(12211, 1222, 1, 1, 'F100', 0, '2023-10-09 21:29:24', '2023-10-09 21:29:24'),
(12212, 1222, 2, 1, 'New', 0, '2023-10-09 21:29:24', '2023-10-09 21:29:24'),
(12213, 1222, 3, 1, '0', 0, '2023-10-09 21:29:24', '2023-10-09 21:29:24'),
(12214, 1222, 4, 1, 'Comfortable, Beautiful Look, Good Condition', 0, '2023-10-09 21:29:24', '2023-10-09 21:29:24'),
(12215, 1222, 5, 1, 'Yes', 0, '2023-10-09 21:29:24', '2023-10-09 21:29:24'),
(12216, 1222, 6, 2, 'This is a note', 0, '2023-10-09 21:29:24', '2023-10-09 21:29:24'),
(12217, 1222, 7, 2, 'https://youtu.be/Ic_Kkmzm3uQ', 0, '2023-10-09 21:29:24', '2023-10-09 21:29:24'),
(12218, 1222, 8, 2, '2020-05-05', 0, '2023-10-09 21:29:24', '2023-10-09 21:29:24'),
(12219, 1222, 9, 2, 'https://www.templatecookie.com', 0, '2023-10-09 21:29:24', '2023-10-09 21:29:24'),
(12220, 1222, 10, 2, '0123456789', 0, '2023-10-09 21:29:24', '2023-10-09 21:29:24'),
(12221, 1223, 1, 1, 'F100', 0, '2023-10-09 21:29:24', '2023-10-09 21:29:24'),
(12222, 1223, 2, 1, 'New', 0, '2023-10-09 21:29:24', '2023-10-09 21:29:24'),
(12223, 1223, 3, 1, '1', 0, '2023-10-09 21:29:24', '2023-10-09 21:29:24'),
(12224, 1223, 4, 1, 'Comfortable, Beautiful Look, Good Condition', 0, '2023-10-09 21:29:24', '2023-10-09 21:29:24'),
(12225, 1223, 5, 1, 'Yes', 0, '2023-10-09 21:29:24', '2023-10-09 21:29:24'),
(12226, 1223, 6, 2, 'This is a note', 0, '2023-10-09 21:29:24', '2023-10-09 21:29:24'),
(12227, 1223, 7, 2, 'https://youtu.be/Ic_Kkmzm3uQ', 0, '2023-10-09 21:29:24', '2023-10-09 21:29:24'),
(12228, 1223, 8, 2, '2020-05-05', 0, '2023-10-09 21:29:24', '2023-10-09 21:29:24'),
(12229, 1223, 9, 2, 'https://www.templatecookie.com', 0, '2023-10-09 21:29:24', '2023-10-09 21:29:24'),
(12230, 1223, 10, 2, '0123456789', 0, '2023-10-09 21:29:24', '2023-10-09 21:29:24'),
(12231, 1224, 1, 1, 'F100', 0, '2023-10-09 21:29:24', '2023-10-09 21:29:24'),
(12232, 1224, 2, 1, 'New', 0, '2023-10-09 21:29:24', '2023-10-09 21:29:24'),
(12233, 1224, 3, 1, '1', 0, '2023-10-09 21:29:24', '2023-10-09 21:29:24'),
(12234, 1224, 4, 1, 'Beautiful Look, Good Condition', 0, '2023-10-09 21:29:24', '2023-10-09 21:29:24'),
(12235, 1224, 5, 1, 'Yes', 0, '2023-10-09 21:29:24', '2023-10-09 21:29:24'),
(12236, 1224, 6, 2, 'This is a note', 0, '2023-10-09 21:29:24', '2023-10-09 21:29:24'),
(12237, 1224, 7, 2, 'https://youtu.be/Ic_Kkmzm3uQ', 0, '2023-10-09 21:29:24', '2023-10-09 21:29:24'),
(12238, 1224, 8, 2, '2020-05-05', 0, '2023-10-09 21:29:24', '2023-10-09 21:29:24'),
(12239, 1224, 9, 2, 'https://www.templatecookie.com', 0, '2023-10-09 21:29:24', '2023-10-09 21:29:24'),
(12240, 1224, 10, 2, '0123456789', 0, '2023-10-09 21:29:24', '2023-10-09 21:29:24'),
(12241, 1225, 1, 1, 'F100', 0, '2023-10-09 21:29:24', '2023-10-09 21:29:24'),
(12242, 1225, 2, 1, 'New', 0, '2023-10-09 21:29:24', '2023-10-09 21:29:24'),
(12243, 1225, 3, 1, '1', 0, '2023-10-09 21:29:24', '2023-10-09 21:29:24'),
(12244, 1225, 4, 1, 'Comfortable, Good Condition', 0, '2023-10-09 21:29:24', '2023-10-09 21:29:24'),
(12245, 1225, 5, 1, 'Yes', 0, '2023-10-09 21:29:24', '2023-10-09 21:29:24'),
(12246, 1225, 6, 2, 'This is a note', 0, '2023-10-09 21:29:24', '2023-10-09 21:29:24'),
(12247, 1225, 7, 2, 'https://youtu.be/Ic_Kkmzm3uQ', 0, '2023-10-09 21:29:24', '2023-10-09 21:29:24'),
(12248, 1225, 8, 2, '2020-05-05', 0, '2023-10-09 21:29:24', '2023-10-09 21:29:24'),
(12249, 1225, 9, 2, 'https://www.templatecookie.com', 0, '2023-10-09 21:29:24', '2023-10-09 21:29:24'),
(12250, 1225, 10, 2, '0123456789', 0, '2023-10-09 21:29:24', '2023-10-09 21:29:24'),
(12251, 1226, 1, 1, 'F100', 0, '2023-10-09 21:29:24', '2023-10-09 21:29:24'),
(12252, 1226, 2, 1, 'New', 0, '2023-10-09 21:29:24', '2023-10-09 21:29:24'),
(12253, 1226, 3, 1, '1', 0, '2023-10-09 21:29:24', '2023-10-09 21:29:24'),
(12254, 1226, 4, 1, 'Comfortable, Good Condition', 0, '2023-10-09 21:29:24', '2023-10-09 21:29:24'),
(12255, 1226, 5, 1, 'Yes', 0, '2023-10-09 21:29:24', '2023-10-09 21:29:24'),
(12256, 1226, 6, 2, 'This is a note', 0, '2023-10-09 21:29:24', '2023-10-09 21:29:24'),
(12257, 1226, 7, 2, 'https://youtu.be/Ic_Kkmzm3uQ', 0, '2023-10-09 21:29:24', '2023-10-09 21:29:24'),
(12258, 1226, 8, 2, '2020-05-05', 0, '2023-10-09 21:29:24', '2023-10-09 21:29:24'),
(12259, 1226, 9, 2, 'https://www.templatecookie.com', 0, '2023-10-09 21:29:24', '2023-10-09 21:29:24'),
(12260, 1226, 10, 2, '0123456789', 0, '2023-10-09 21:29:24', '2023-10-09 21:29:24'),
(12261, 1227, 1, 1, 'F100', 0, '2023-10-09 21:29:24', '2023-10-09 21:29:24'),
(12262, 1227, 2, 1, 'New', 0, '2023-10-09 21:29:24', '2023-10-09 21:29:24'),
(12263, 1227, 3, 1, '0', 0, '2023-10-09 21:29:24', '2023-10-09 21:29:24'),
(12264, 1227, 4, 1, 'Comfortable, Beautiful Look', 0, '2023-10-09 21:29:24', '2023-10-09 21:29:24'),
(12265, 1227, 5, 1, 'Yes', 0, '2023-10-09 21:29:24', '2023-10-09 21:29:24'),
(12266, 1227, 6, 2, 'This is a note', 0, '2023-10-09 21:29:24', '2023-10-09 21:29:24'),
(12267, 1227, 7, 2, 'https://youtu.be/Ic_Kkmzm3uQ', 0, '2023-10-09 21:29:24', '2023-10-09 21:29:24'),
(12268, 1227, 8, 2, '2020-05-05', 0, '2023-10-09 21:29:24', '2023-10-09 21:29:24'),
(12269, 1227, 9, 2, 'https://www.templatecookie.com', 0, '2023-10-09 21:29:24', '2023-10-09 21:29:24'),
(12270, 1227, 10, 2, '0123456789', 0, '2023-10-09 21:29:24', '2023-10-09 21:29:24'),
(12271, 1228, 1, 1, 'F100', 0, '2023-10-09 21:29:24', '2023-10-09 21:29:24'),
(12272, 1228, 2, 1, 'New', 0, '2023-10-09 21:29:24', '2023-10-09 21:29:24'),
(12273, 1228, 3, 1, '1', 0, '2023-10-09 21:29:24', '2023-10-09 21:29:24'),
(12274, 1228, 4, 1, 'Comfortable, Beautiful Look, Good Condition', 0, '2023-10-09 21:29:24', '2023-10-09 21:29:24'),
(12275, 1228, 5, 1, 'Yes', 0, '2023-10-09 21:29:24', '2023-10-09 21:29:24'),
(12276, 1228, 6, 2, 'This is a note', 0, '2023-10-09 21:29:24', '2023-10-09 21:29:24'),
(12277, 1228, 7, 2, 'https://youtu.be/Ic_Kkmzm3uQ', 0, '2023-10-09 21:29:24', '2023-10-09 21:29:24'),
(12278, 1228, 8, 2, '2020-05-05', 0, '2023-10-09 21:29:24', '2023-10-09 21:29:24'),
(12279, 1228, 9, 2, 'https://www.templatecookie.com', 0, '2023-10-09 21:29:24', '2023-10-09 21:29:24'),
(12280, 1228, 10, 2, '0123456789', 0, '2023-10-09 21:29:24', '2023-10-09 21:29:24'),
(12281, 1229, 1, 1, 'F100', 0, '2023-10-09 21:29:24', '2023-10-09 21:29:24'),
(12282, 1229, 2, 1, 'New', 0, '2023-10-09 21:29:24', '2023-10-09 21:29:24'),
(12283, 1229, 3, 1, '1', 0, '2023-10-09 21:29:24', '2023-10-09 21:29:24'),
(12284, 1229, 4, 1, 'Comfortable, Beautiful Look', 0, '2023-10-09 21:29:24', '2023-10-09 21:29:24'),
(12285, 1229, 5, 1, 'Yes', 0, '2023-10-09 21:29:24', '2023-10-09 21:29:24'),
(12286, 1229, 6, 2, 'This is a note', 0, '2023-10-09 21:29:24', '2023-10-09 21:29:24'),
(12287, 1229, 7, 2, 'https://youtu.be/Ic_Kkmzm3uQ', 0, '2023-10-09 21:29:24', '2023-10-09 21:29:24'),
(12288, 1229, 8, 2, '2020-05-05', 0, '2023-10-09 21:29:24', '2023-10-09 21:29:24'),
(12289, 1229, 9, 2, 'https://www.templatecookie.com', 0, '2023-10-09 21:29:24', '2023-10-09 21:29:24'),
(12290, 1229, 10, 2, '0123456789', 0, '2023-10-09 21:29:24', '2023-10-09 21:29:24'),
(12291, 1230, 1, 1, 'F100', 0, '2023-10-09 21:29:24', '2023-10-09 21:29:24'),
(12292, 1230, 2, 1, 'New', 0, '2023-10-09 21:29:24', '2023-10-09 21:29:24'),
(12293, 1230, 3, 1, '0', 0, '2023-10-09 21:29:24', '2023-10-09 21:29:24'),
(12294, 1230, 4, 1, 'Comfortable, Beautiful Look, Good Condition', 0, '2023-10-09 21:29:24', '2023-10-09 21:29:24'),
(12295, 1230, 5, 1, 'Yes', 0, '2023-10-09 21:29:24', '2023-10-09 21:29:24'),
(12296, 1230, 6, 2, 'This is a note', 0, '2023-10-09 21:29:24', '2023-10-09 21:29:24'),
(12297, 1230, 7, 2, 'https://youtu.be/Ic_Kkmzm3uQ', 0, '2023-10-09 21:29:24', '2023-10-09 21:29:24'),
(12298, 1230, 8, 2, '2020-05-05', 0, '2023-10-09 21:29:24', '2023-10-09 21:29:24'),
(12299, 1230, 9, 2, 'https://www.templatecookie.com', 0, '2023-10-09 21:29:24', '2023-10-09 21:29:24'),
(12300, 1230, 10, 2, '0123456789', 0, '2023-10-09 21:29:24', '2023-10-09 21:29:24'),
(12301, 1231, 1, 1, 'F100', 0, '2023-10-09 21:29:24', '2023-10-09 21:29:24'),
(12302, 1231, 2, 1, 'New', 0, '2023-10-09 21:29:24', '2023-10-09 21:29:24'),
(12303, 1231, 3, 1, '0', 0, '2023-10-09 21:29:24', '2023-10-09 21:29:24'),
(12304, 1231, 4, 1, 'Beautiful Look, Good Condition', 0, '2023-10-09 21:29:24', '2023-10-09 21:29:24'),
(12305, 1231, 5, 1, 'Yes', 0, '2023-10-09 21:29:24', '2023-10-09 21:29:24'),
(12306, 1231, 6, 2, 'This is a note', 0, '2023-10-09 21:29:24', '2023-10-09 21:29:24'),
(12307, 1231, 7, 2, 'https://youtu.be/Ic_Kkmzm3uQ', 0, '2023-10-09 21:29:24', '2023-10-09 21:29:24'),
(12308, 1231, 8, 2, '2020-05-05', 0, '2023-10-09 21:29:24', '2023-10-09 21:29:24'),
(12309, 1231, 9, 2, 'https://www.templatecookie.com', 0, '2023-10-09 21:29:24', '2023-10-09 21:29:24'),
(12310, 1231, 10, 2, '0123456789', 0, '2023-10-09 21:29:24', '2023-10-09 21:29:24'),
(12311, 1232, 1, 1, 'F100', 0, '2023-10-09 21:29:24', '2023-10-09 21:29:24'),
(12312, 1232, 2, 1, 'New', 0, '2023-10-09 21:29:24', '2023-10-09 21:29:24'),
(12313, 1232, 3, 1, '0', 0, '2023-10-09 21:29:24', '2023-10-09 21:29:24'),
(12314, 1232, 4, 1, 'Comfortable, Beautiful Look, Good Condition', 0, '2023-10-09 21:29:24', '2023-10-09 21:29:24'),
(12315, 1232, 5, 1, 'Yes', 0, '2023-10-09 21:29:24', '2023-10-09 21:29:24'),
(12316, 1232, 6, 2, 'This is a note', 0, '2023-10-09 21:29:24', '2023-10-09 21:29:24'),
(12317, 1232, 7, 2, 'https://youtu.be/Ic_Kkmzm3uQ', 0, '2023-10-09 21:29:24', '2023-10-09 21:29:24'),
(12318, 1232, 8, 2, '2020-05-05', 0, '2023-10-09 21:29:24', '2023-10-09 21:29:24'),
(12319, 1232, 9, 2, 'https://www.templatecookie.com', 0, '2023-10-09 21:29:24', '2023-10-09 21:29:24'),
(12320, 1232, 10, 2, '0123456789', 0, '2023-10-09 21:29:24', '2023-10-09 21:29:24'),
(12321, 1233, 1, 1, 'F100', 0, '2023-10-09 21:29:24', '2023-10-09 21:29:24'),
(12322, 1233, 2, 1, 'New', 0, '2023-10-09 21:29:24', '2023-10-09 21:29:24'),
(12323, 1233, 3, 1, '1', 0, '2023-10-09 21:29:24', '2023-10-09 21:29:24'),
(12324, 1233, 4, 1, 'Beautiful Look, Good Condition', 0, '2023-10-09 21:29:24', '2023-10-09 21:29:24'),
(12325, 1233, 5, 1, 'Yes', 0, '2023-10-09 21:29:24', '2023-10-09 21:29:24'),
(12326, 1233, 6, 2, 'This is a note', 0, '2023-10-09 21:29:24', '2023-10-09 21:29:24'),
(12327, 1233, 7, 2, 'https://youtu.be/Ic_Kkmzm3uQ', 0, '2023-10-09 21:29:24', '2023-10-09 21:29:24'),
(12328, 1233, 8, 2, '2020-05-05', 0, '2023-10-09 21:29:24', '2023-10-09 21:29:24'),
(12329, 1233, 9, 2, 'https://www.templatecookie.com', 0, '2023-10-09 21:29:25', '2023-10-09 21:29:25'),
(12330, 1233, 10, 2, '0123456789', 0, '2023-10-09 21:29:25', '2023-10-09 21:29:25'),
(12331, 1234, 1, 1, 'F100', 0, '2023-10-09 21:29:25', '2023-10-09 21:29:25'),
(12332, 1234, 2, 1, 'New', 0, '2023-10-09 21:29:25', '2023-10-09 21:29:25'),
(12333, 1234, 3, 1, '1', 0, '2023-10-09 21:29:25', '2023-10-09 21:29:25'),
(12334, 1234, 4, 1, 'Comfortable, Beautiful Look', 0, '2023-10-09 21:29:25', '2023-10-09 21:29:25'),
(12335, 1234, 5, 1, 'Yes', 0, '2023-10-09 21:29:25', '2023-10-09 21:29:25'),
(12336, 1234, 6, 2, 'This is a note', 0, '2023-10-09 21:29:25', '2023-10-09 21:29:25'),
(12337, 1234, 7, 2, 'https://youtu.be/Ic_Kkmzm3uQ', 0, '2023-10-09 21:29:25', '2023-10-09 21:29:25'),
(12338, 1234, 8, 2, '2020-05-05', 0, '2023-10-09 21:29:25', '2023-10-09 21:29:25'),
(12339, 1234, 9, 2, 'https://www.templatecookie.com', 0, '2023-10-09 21:29:25', '2023-10-09 21:29:25'),
(12340, 1234, 10, 2, '0123456789', 0, '2023-10-09 21:29:25', '2023-10-09 21:29:25'),
(12341, 1235, 1, 1, 'F100', 0, '2023-10-09 21:29:25', '2023-10-09 21:29:25'),
(12342, 1235, 2, 1, 'New', 0, '2023-10-09 21:29:25', '2023-10-09 21:29:25'),
(12343, 1235, 3, 1, '0', 0, '2023-10-09 21:29:25', '2023-10-09 21:29:25'),
(12344, 1235, 4, 1, 'Comfortable, Beautiful Look, Good Condition', 0, '2023-10-09 21:29:25', '2023-10-09 21:29:25'),
(12345, 1235, 5, 1, 'Yes', 0, '2023-10-09 21:29:25', '2023-10-09 21:29:25'),
(12346, 1235, 6, 2, 'This is a note', 0, '2023-10-09 21:29:25', '2023-10-09 21:29:25'),
(12347, 1235, 7, 2, 'https://youtu.be/Ic_Kkmzm3uQ', 0, '2023-10-09 21:29:25', '2023-10-09 21:29:25'),
(12348, 1235, 8, 2, '2020-05-05', 0, '2023-10-09 21:29:25', '2023-10-09 21:29:25'),
(12349, 1235, 9, 2, 'https://www.templatecookie.com', 0, '2023-10-09 21:29:25', '2023-10-09 21:29:25'),
(12350, 1235, 10, 2, '0123456789', 0, '2023-10-09 21:29:25', '2023-10-09 21:29:25');

-- --------------------------------------------------------

--
-- Table structure for table `reports`
--

CREATE TABLE `reports` (
  `id` bigint(20) UNSIGNED NOT NULL,
  `report_from_id` bigint(20) UNSIGNED NOT NULL,
  `report_to_id` bigint(20) UNSIGNED NOT NULL,
  `reason` text NOT NULL,
  `created_at` timestamp NULL DEFAULT NULL,
  `updated_at` timestamp NULL DEFAULT NULL
) ENGINE=InnoDB DEFAULT CHARSET=utf8mb4 COLLATE=utf8mb4_unicode_ci;

--
-- Dumping data for table `reports`
--

INSERT INTO `reports` (`id`, `report_from_id`, `report_to_id`, `reason`, `created_at`, `updated_at`) VALUES
(1, 3, 3, 'Natus rem sequi fugiat error rerum. Sequi maiores facere doloribus ipsum sit molestiae. Fuga ab totam et atque sit. Earum iste quos cumque et. Vel consequatur recusandae provident pariatur voluptate.', '2023-10-09 21:29:25', '2023-10-09 21:29:25'),
(2, 1, 3, 'Ex veritatis quaerat voluptas dolores autem. Recusandae minima voluptas minus aperiam. Alias alias qui quae aspernatur et quis eligendi maxime. Ut accusamus quos ullam eligendi officia.', '2023-10-09 21:29:25', '2023-10-09 21:29:25'),
(3, 2, 2, 'Iusto minus neque quaerat natus. Voluptas soluta iure dolorem id. Magnam quas ut quae. Voluptas debitis nisi necessitatibus deserunt optio aut.', '2023-10-09 21:29:25', '2023-10-09 21:29:25'),
(4, 2, 2, 'Velit qui velit incidunt vero sint atque quod. Ratione molestiae error qui totam aspernatur sit culpa. Eum ut commodi minus. Cupiditate eos minima dolor suscipit nihil inventore est.', '2023-10-09 21:29:25', '2023-10-09 21:29:25'),
(5, 3, 1, 'Iure quo sint qui quod velit ratione voluptatem. Enim est maxime debitis aliquid placeat beatae voluptatem iure. Ipsum vel quis quidem dolore. Placeat vel quibusdam adipisci dolores.', '2023-10-09 21:29:25', '2023-10-09 21:29:25'),
(6, 1, 1, 'Voluptatum sunt sint explicabo error rem nemo. Natus molestias molestiae eos totam voluptas. Ipsum tenetur veniam quod.', '2023-10-09 21:29:25', '2023-10-09 21:29:25'),
(7, 3, 3, 'Reiciendis natus assumenda ut quam molestiae. Quia officiis tempora sed neque.', '2023-10-09 21:29:25', '2023-10-09 21:29:25'),
(8, 1, 2, 'Repellendus est quia rerum rem et consequuntur recusandae. Voluptatem eos distinctio autem inventore non quis. Ad et expedita vero qui sunt aut.', '2023-10-09 21:29:25', '2023-10-09 21:29:25'),
(9, 1, 3, 'Molestiae sapiente omnis quod illo. Voluptate dolorum esse ducimus adipisci voluptas aperiam et. Accusamus quae amet nam aliquam delectus molestias. Odio omnis doloremque voluptatem.', '2023-10-09 21:29:25', '2023-10-09 21:29:25'),
(10, 3, 2, 'Perspiciatis minima nihil inventore eum. Voluptatem deleniti dolor et rerum.', '2023-10-09 21:29:25', '2023-10-09 21:29:25');

-- --------------------------------------------------------

--
-- Table structure for table `reviews`
--

CREATE TABLE `reviews` (
  `id` bigint(20) UNSIGNED NOT NULL,
  `user_id` bigint(20) UNSIGNED NOT NULL,
  `stars` int(11) NOT NULL,
  `comment` longtext DEFAULT NULL,
  `status` tinyint(1) NOT NULL DEFAULT 1,
  `created_at` timestamp NULL DEFAULT NULL,
  `updated_at` timestamp NULL DEFAULT NULL,
  `seller_id` bigint(20) UNSIGNED DEFAULT NULL
) ENGINE=InnoDB DEFAULT CHARSET=utf8mb4 COLLATE=utf8mb4_unicode_ci;

--
-- Dumping data for table `reviews`
--

INSERT INTO `reviews` (`id`, `user_id`, `stars`, `comment`, `status`, `created_at`, `updated_at`, `seller_id`) VALUES
(1, 2, 5, 'Quaerat suscipit est qui. Quaerat harum ut et dolore voluptatem consequatur.', 1, '2023-10-09 21:29:25', '2023-10-09 21:29:25', 1),
(2, 1, 4, 'Magni vel fugit cum et mollitia non velit. Commodi ut magnam doloribus. Tempore eum unde dolorem aut officiis.', 1, '2023-10-09 21:29:25', '2023-10-09 21:29:25', 3),
(3, 2, 4, 'Est autem minima voluptates. Ducimus necessitatibus qui ab quos ut repellendus sit.', 1, '2023-10-09 21:29:25', '2023-10-09 21:29:25', 3),
(4, 3, 1, 'Atque ipsum ipsum mollitia debitis sint. Occaecati voluptas error quae consequatur quos voluptate veritatis. Et sequi consequatur voluptas ipsa sapiente sit.', 1, '2023-10-09 21:29:25', '2023-10-09 21:29:25', 1),
(5, 3, 5, 'Soluta est velit sed voluptatem. Hic in aut sint autem. At sapiente fuga magni voluptatem tempora sit rerum.', 1, '2023-10-09 21:29:25', '2023-10-09 21:29:25', 2),
(6, 2, 2, 'Doloremque earum qui et laborum omnis. Non maxime tempora esse harum. Sit deleniti minus a nisi distinctio.', 1, '2023-10-09 21:29:25', '2023-10-09 21:29:25', 1),
(7, 3, 4, 'Quis maxime enim sit voluptate enim earum sunt dolor. Perspiciatis deleniti deserunt nisi perferendis illum eum tempora. Aspernatur iure eius dolore tempora temporibus dolore.', 1, '2023-10-09 21:29:25', '2023-10-09 21:29:25', 2),
(8, 2, 4, 'Fugit nemo veritatis qui quae. Repellat praesentium est corporis non. Est rerum explicabo qui quisquam odio corporis praesentium. Dolor aut rerum voluptatem tempore.', 1, '2023-10-09 21:29:25', '2023-10-09 21:29:25', 1),
(9, 1, 4, 'Assumenda voluptatem officiis illum. Aut cumque pariatur quasi sit placeat corporis. Provident fugiat voluptas voluptas sunt harum.', 1, '2023-10-09 21:29:25', '2023-10-09 21:29:25', 3),
(10, 1, 1, 'Est nostrum est ea repellat dolore maiores labore deserunt. Ut atque adipisci nihil ea id accusamus ut. Cumque laudantium distinctio enim illum quia explicabo rerum dolore. Rerum ut nulla consequatur molestiae accusamus.', 1, '2023-10-09 21:29:25', '2023-10-09 21:29:25', 3),
(11, 1, 5, 'Expedita nobis earum quae perspiciatis ipsum vero. Recusandae nihil earum quas nemo ducimus. Nostrum maiores harum quam officiis similique qui ratione.', 1, '2023-10-09 21:29:25', '2023-10-09 21:29:25', 3),
(12, 1, 2, 'Odit odio ad quibusdam eos sapiente dolore. Esse dignissimos doloribus ut mollitia ratione saepe. Vitae nostrum iusto qui.', 1, '2023-10-09 21:29:25', '2023-10-09 21:29:25', 2),
(13, 2, 2, 'Sit id voluptates eum nobis. Nostrum maiores quis doloremque hic. Rerum eum debitis voluptas debitis et doloremque molestias.', 1, '2023-10-09 21:29:25', '2023-10-09 21:29:25', 1),
(14, 1, 3, 'Labore quas dolores officia officiis necessitatibus. Voluptatem velit odit dicta facilis magnam placeat est. Sequi accusantium quaerat dolorem. Perferendis quo quae vel eveniet.', 1, '2023-10-09 21:29:25', '2023-10-09 21:29:25', 3),
(15, 2, 5, 'Et minus cumque modi aspernatur nam dolorem vitae. Incidunt quas ratione alias sed nobis velit omnis. Voluptatem occaecati architecto ullam sunt. Excepturi facere dolores dolorem eveniet eligendi ut.', 1, '2023-10-09 21:29:25', '2023-10-09 21:29:25', 1),
(16, 3, 5, 'Saepe saepe natus culpa earum adipisci. Deleniti tenetur praesentium repellat quo aliquid placeat. Id blanditiis aut et illum labore quae omnis. Earum ad dolorum et doloribus quia. Similique itaque quidem aliquid eveniet et.', 1, '2023-10-09 21:29:25', '2023-10-09 21:29:25', 1),
(17, 1, 3, 'Voluptatem tempore sequi quo a. Temporibus est pariatur sunt. Esse et dolore et est. Odit officia aspernatur dolorum exercitationem.', 1, '2023-10-09 21:29:25', '2023-10-09 21:29:25', 3),
(18, 2, 3, 'Et officia voluptatibus sit qui. Itaque excepturi nulla non. Autem et voluptas laborum quae eos. Exercitationem aut est non vel harum. Et ea qui expedita.', 1, '2023-10-09 21:29:25', '2023-10-09 21:29:25', 3),
(19, 2, 5, 'Consequatur cum aut molestiae sint sunt ut voluptas. Facilis tenetur illum eveniet. Quia non quod quo qui ipsum non. Pariatur omnis voluptates eius cupiditate dicta quo. Ut et qui vitae est nihil aut.', 1, '2023-10-09 21:29:25', '2023-10-09 21:29:25', 3),
(20, 2, 5, 'Et distinctio excepturi voluptatem est minima. Tempora blanditiis a quam impedit incidunt. Assumenda dolores laborum voluptatibus quasi consequuntur sint eaque. Odio quo numquam minima quidem.', 1, '2023-10-09 21:29:25', '2023-10-09 21:29:25', 3),
(21, 2, 1, 'Tenetur quo et qui sit deleniti. Unde aut maxime necessitatibus voluptates fugit. Fuga eveniet minus ut dignissimos eos. Laboriosam impedit aliquam quis esse velit qui vero.', 1, '2023-10-09 21:29:25', '2023-10-09 21:29:25', 3),
(22, 2, 5, 'Rerum natus dolore ut nobis porro aut commodi. Quia ratione odit repellat vitae consequuntur dolorem vero. Praesentium minus ut officiis omnis aut modi temporibus. Iure ut culpa inventore saepe neque reprehenderit amet.', 1, '2023-10-09 21:29:25', '2023-10-09 21:29:25', 1),
(23, 1, 2, 'Fugiat et aspernatur itaque repudiandae sunt molestias. Eum ea et reprehenderit nihil et non. Omnis quaerat illum ea quia debitis. Commodi itaque totam quibusdam non et asperiores occaecati.', 1, '2023-10-09 21:29:25', '2023-10-09 21:29:25', 2),
(24, 1, 5, 'Quia minus suscipit dicta voluptatibus voluptatem aliquam. Iure est ut facilis. Qui laborum vel quod perspiciatis quis eaque.', 1, '2023-10-09 21:29:25', '2023-10-09 21:29:25', 2),
(25, 2, 2, 'Iste aut vel ab voluptatum ut. Molestiae earum sed cupiditate. Voluptate perspiciatis aliquam et quo laborum molestiae.', 1, '2023-10-09 21:29:25', '2023-10-09 21:29:25', 3),
(26, 3, 5, 'Voluptatem tempore accusamus est nemo. Saepe expedita et rerum numquam asperiores quia. Voluptatem expedita amet neque laudantium aut. Qui iusto esse quod officiis vel ut.', 1, '2023-10-09 21:29:25', '2023-10-09 21:29:25', 1),
(27, 1, 2, 'A optio tempora blanditiis doloribus qui. Rerum saepe commodi est expedita illum laborum quam harum. Sunt saepe mollitia voluptas id dolore et.', 1, '2023-10-09 21:29:25', '2023-10-09 21:29:25', 3),
(28, 1, 2, 'Enim quis numquam aut ullam voluptas. Atque accusantium a eius alias praesentium assumenda dolorum. Esse consequatur quod nobis sunt et omnis. Esse quis exercitationem sint velit debitis nulla quas. Qui dolor sunt cum sequi sunt voluptatem.', 1, '2023-10-09 21:29:25', '2023-10-09 21:29:25', 3),
(29, 1, 2, 'Accusamus suscipit quidem aliquid et error. Illo quas voluptas vel doloribus nihil. Consequatur quaerat iste molestias.', 1, '2023-10-09 21:29:25', '2023-10-09 21:29:25', 2),
(30, 1, 4, 'Non quo occaecati dolores voluptatem animi aut. Minima quia asperiores vel quis non. Deleniti odit asperiores ullam harum omnis fugit. Sed quam repudiandae maxime ut velit nesciunt sint.', 1, '2023-10-09 21:29:25', '2023-10-09 21:29:25', 3),
(31, 1, 2, 'In eveniet sit consequatur est. Libero vero delectus voluptas accusantium quas nesciunt. Nobis minima sunt ratione. Eius rerum nam et dolores ducimus.', 1, '2023-10-09 21:29:25', '2023-10-09 21:29:25', 3),
(32, 2, 3, 'Nesciunt alias voluptates aut dolores sed expedita. Dicta nihil aut ad molestiae sed. Non molestiae eos aut et perferendis.', 1, '2023-10-09 21:29:25', '2023-10-09 21:29:25', 1),
(33, 1, 3, 'Incidunt veritatis a enim minima autem quaerat distinctio. Natus officiis ducimus quibusdam mollitia harum minima commodi. Labore et qui nemo rerum officia libero. Saepe sint sequi occaecati veniam non velit sit ea.', 1, '2023-10-09 21:29:25', '2023-10-09 21:29:25', 3),
(34, 3, 4, 'Cum porro quisquam qui et. Esse illo cupiditate rem mollitia. Velit omnis eligendi debitis qui natus.', 1, '2023-10-09 21:29:25', '2023-10-09 21:29:25', 1),
(35, 3, 5, 'Qui quo autem nihil odio maiores rerum voluptatibus. Id nostrum incidunt consequatur dolor velit non enim. Dignissimos et voluptas autem aliquam eum non libero.', 1, '2023-10-09 21:29:25', '2023-10-09 21:29:25', 2),
(36, 1, 4, 'Alias sit sit ipsum maxime temporibus porro. Et repellat quia omnis dolorum. Reprehenderit consequuntur ratione pariatur incidunt. Aut et blanditiis architecto quos et.', 1, '2023-10-09 21:29:25', '2023-10-09 21:29:25', 3),
(37, 3, 5, 'Voluptatibus veritatis laboriosam est nobis laborum ullam. Eius voluptatem harum atque. Sed id itaque ut nam voluptatem. Eaque qui occaecati omnis soluta et repellat perspiciatis debitis.', 1, '2023-10-09 21:29:25', '2023-10-09 21:29:25', 2),
(38, 3, 5, 'Ut veritatis suscipit iusto officia. Necessitatibus officiis in sequi quibusdam voluptas. Dolor consequatur non qui saepe saepe tempore corporis. Occaecati beatae quia eveniet et ullam. Voluptatem ullam aspernatur aperiam consequuntur ut.', 1, '2023-10-09 21:29:25', '2023-10-09 21:29:25', 1),
(39, 1, 5, 'Similique sit reprehenderit molestiae illum. Consequatur et debitis laborum ab. Maxime dolor et neque iste eligendi omnis. Ut sit eligendi et corrupti voluptas.', 1, '2023-10-09 21:29:25', '2023-10-09 21:29:25', 2),
(40, 1, 1, 'Et nemo debitis nostrum consequatur laboriosam. Eius nulla voluptas maxime magni vero. Consequatur ea laboriosam dignissimos et eveniet.', 1, '2023-10-09 21:29:25', '2023-10-09 21:29:25', 3),
(41, 1, 5, 'Tenetur voluptatem voluptatem ea tempore alias amet. Aut nulla aut et eos ratione. Eum aspernatur modi nisi qui quis porro et et. Sed quis omnis beatae ea vero a. Laudantium est repellat doloremque ea non.', 1, '2023-10-09 21:29:25', '2023-10-09 21:29:25', 3),
(42, 2, 2, 'Sunt magni rerum eaque ipsa dolor. Aspernatur doloremque sed et in. Ut exercitationem et expedita earum. Sed sed quidem dignissimos magnam ab.', 1, '2023-10-09 21:29:25', '2023-10-09 21:29:25', 3),
(43, 2, 1, 'Autem autem ut rerum voluptas delectus sequi. Neque rerum eum et rerum dolores eos quo. Nam laborum est animi possimus.', 1, '2023-10-09 21:29:25', '2023-10-09 21:29:25', 3),
(44, 1, 5, 'Voluptas quod voluptatibus voluptatum cum magni voluptas. Placeat ut voluptatibus nam id qui occaecati dolorem. Rerum consectetur consequuntur itaque perferendis. Ea perspiciatis voluptatem impedit id quisquam omnis quas.', 1, '2023-10-09 21:29:25', '2023-10-09 21:29:25', 2),
(45, 2, 5, 'Eaque accusantium quod explicabo expedita fugiat velit saepe. Esse ab distinctio ea cumque quia.', 1, '2023-10-09 21:29:25', '2023-10-09 21:29:25', 1),
(46, 1, 2, 'Reprehenderit sit odio nihil dolorem dolorum eligendi laboriosam autem. Atque enim sunt est deserunt culpa consequuntur. Sint consequuntur fugiat nihil repellat neque.', 1, '2023-10-09 21:29:25', '2023-10-09 21:29:25', 2),
(47, 2, 3, 'Voluptas id explicabo accusamus quidem ad maxime. Eum explicabo est incidunt voluptatum laudantium consequatur dolores. Velit et est aut necessitatibus neque id cupiditate magni.', 1, '2023-10-09 21:29:25', '2023-10-09 21:29:25', 1),
(48, 1, 1, 'Et numquam voluptates quibusdam voluptatem ducimus perferendis recusandae. Molestiae doloremque eum velit in eveniet non quod. Voluptatem et exercitationem omnis et aspernatur.', 1, '2023-10-09 21:29:25', '2023-10-09 21:29:25', 3),
(49, 1, 5, 'Nam nam sed quam ipsa aut. Et nulla qui recusandae distinctio. Quia eum quibusdam eos eaque. Aut nemo repellendus quia alias.', 1, '2023-10-09 21:29:25', '2023-10-09 21:29:25', 3),
(50, 1, 2, 'Qui eum rerum ut sint excepturi eaque magnam dicta. Consequatur praesentium autem numquam molestiae voluptas. Inventore ut est eveniet quas. Eum deleniti voluptate blanditiis debitis.', 1, '2023-10-09 21:29:25', '2023-10-09 21:29:25', 3),
(51, 3, 5, 'Dolorem cumque alias facilis excepturi. Expedita nulla quia hic fugit in repellendus dicta sit. Et temporibus quis autem.', 1, '2023-10-09 21:29:25', '2023-10-09 21:29:25', 2),
(52, 2, 4, 'Maxime qui commodi accusantium ullam dolorem. Porro animi mollitia perferendis iste dolorem saepe. Necessitatibus deleniti illum pariatur ut ab repudiandae. Enim placeat minus aspernatur ut nobis.', 1, '2023-10-09 21:29:25', '2023-10-09 21:29:25', 3),
(53, 3, 3, 'Non ipsum dolor optio distinctio doloremque. Autem molestiae ut et voluptates assumenda. Quis enim sunt tempora quo quaerat vitae.', 1, '2023-10-09 21:29:25', '2023-10-09 21:29:25', 2),
(54, 1, 3, 'Dignissimos ratione sed iure. Exercitationem porro tempore nihil voluptas aliquid est neque et. Modi ducimus veritatis blanditiis quis ad nostrum possimus incidunt. Perferendis autem cum voluptas ullam voluptates nihil.', 1, '2023-10-09 21:29:25', '2023-10-09 21:29:25', 2),
(55, 1, 3, 'Et aut atque aliquam voluptas earum. Dolor fugit neque modi officiis voluptas dolorum dolore dolor. Autem inventore mollitia assumenda ad in optio quaerat.', 1, '2023-10-09 21:29:25', '2023-10-09 21:29:25', 2),
(56, 2, 3, 'Quas consequatur quibusdam distinctio aut dolor quas. Recusandae corrupti omnis ut voluptas aut sunt. Nesciunt voluptatem eligendi minima inventore qui eius repudiandae.', 1, '2023-10-09 21:29:25', '2023-10-09 21:29:25', 1),
(57, 3, 5, 'Quia reprehenderit dolore eveniet harum eligendi incidunt omnis reiciendis. Dolore voluptas eveniet distinctio. Est fuga voluptate ut ducimus vitae. Soluta in natus aperiam et provident quia. Aliquam vel minus mollitia placeat.', 1, '2023-10-09 21:29:25', '2023-10-09 21:29:25', 2),
(58, 2, 3, 'Quia temporibus ab velit similique. Fuga sit praesentium deleniti. Sint perferendis est et qui. Et omnis aut dolores facilis labore.', 1, '2023-10-09 21:29:25', '2023-10-09 21:29:25', 1),
(59, 3, 1, 'Est neque dolorem corporis impedit minima animi. Eius dolore ducimus dignissimos. Perferendis quia qui labore quam animi a fugiat placeat. Repellendus alias eligendi et porro. Ut et occaecati saepe maxime.', 1, '2023-10-09 21:29:25', '2023-10-09 21:29:25', 2),
(60, 2, 4, 'Consequuntur aliquid deleniti expedita excepturi itaque totam. Magnam amet praesentium nesciunt inventore doloribus vero. Tempora deleniti dolores laborum quia maxime rem aut. Facilis inventore occaecati est ea. Esse numquam voluptas sint tempora dolores.', 1, '2023-10-09 21:29:25', '2023-10-09 21:29:25', 1),
(61, 1, 1, 'Recusandae nam et qui sed. Velit molestiae quibusdam rerum. Alias quam accusantium aspernatur voluptatem sunt. Amet quos quas deserunt iure corporis.', 1, '2023-10-09 21:29:25', '2023-10-09 21:29:25', 2),
(62, 3, 4, 'Illo modi maxime eligendi tempore. Voluptatem itaque perspiciatis ab corporis dignissimos quis. Et ut error quos.', 1, '2023-10-09 21:29:25', '2023-10-09 21:29:25', 1),
(63, 2, 5, 'Voluptatibus nulla iure aspernatur modi. Nemo dolore sit maxime blanditiis ut. Voluptatibus natus ratione deleniti fuga aut.', 1, '2023-10-09 21:29:25', '2023-10-09 21:29:25', 1),
(64, 3, 4, 'Rerum ut praesentium praesentium autem tempora. Quisquam et mollitia et tempore. Delectus sint quam itaque qui doloribus sunt et. Sed dolores incidunt nulla qui doloribus aperiam. Consequatur veniam error et voluptate.', 1, '2023-10-09 21:29:25', '2023-10-09 21:29:25', 1),
(65, 3, 2, 'Alias fugiat est velit aspernatur rerum nostrum optio. Dicta aperiam rem consequatur dolorem sed expedita vel. Sed ratione veritatis maxime praesentium sed.', 1, '2023-10-09 21:29:25', '2023-10-09 21:29:25', 2),
(66, 3, 2, 'Hic quae provident sit dolorem doloremque vitae rerum. Quidem ab vel doloremque soluta voluptates. Odio et vel ducimus est est.', 1, '2023-10-09 21:29:25', '2023-10-09 21:29:25', 2),
(67, 2, 4, 'Laudantium corporis doloribus autem commodi voluptas quas. Quia quaerat dolores natus dolorem vitae. Ut dolor deleniti est velit quasi repellendus saepe.', 1, '2023-10-09 21:29:25', '2023-10-09 21:29:25', 1),
(68, 1, 1, 'Numquam ea assumenda cum sint sit et. Repellendus accusamus magnam animi qui temporibus quia optio.', 1, '2023-10-09 21:29:25', '2023-10-09 21:29:25', 2),
(69, 3, 4, 'Necessitatibus eaque numquam non laudantium et. Vel vero sapiente laboriosam voluptatem blanditiis sint sed. Id aperiam est nobis alias. Consequatur ipsum consectetur quo rerum expedita quia.', 1, '2023-10-09 21:29:25', '2023-10-09 21:29:25', 1),
(70, 2, 3, 'Non eveniet repudiandae iure dolor iure numquam. At sint necessitatibus et et asperiores. Quaerat explicabo in asperiores ipsam velit.', 1, '2023-10-09 21:29:25', '2023-10-09 21:29:25', 1),
(71, 3, 5, 'Harum eos est ut tenetur aut. Ab eos maxime maiores sit architecto excepturi. Adipisci eum non sunt ratione aliquam in laborum. Libero a vero aut explicabo.', 1, '2023-10-09 21:29:25', '2023-10-09 21:29:25', 1),
(72, 1, 3, 'Doloremque repellat et distinctio praesentium adipisci aliquid et. Quod sint reprehenderit facilis dolorem et. Blanditiis ducimus laudantium quia fugit impedit quis. Et rem iste porro.', 1, '2023-10-09 21:29:25', '2023-10-09 21:29:25', 2),
(73, 1, 5, 'Ea voluptate non similique quidem ut iusto. Molestiae veritatis delectus est fuga et. Voluptatibus omnis eveniet error illo accusantium mollitia.', 1, '2023-10-09 21:29:25', '2023-10-09 21:29:25', 2),
(74, 2, 2, 'Laboriosam enim ullam inventore et dolores fuga tempore. Temporibus autem voluptatibus cupiditate saepe quos sapiente. Voluptas magnam eaque possimus. Neque provident repellendus temporibus debitis inventore facere.', 1, '2023-10-09 21:29:25', '2023-10-09 21:29:25', 1),
(75, 1, 4, 'Labore quia perferendis incidunt voluptas. Nemo ut deleniti adipisci error. Excepturi ad rerum eveniet.', 1, '2023-10-09 21:29:25', '2023-10-09 21:29:25', 2),
(76, 1, 5, 'Adipisci explicabo placeat id ut. Eveniet a nemo omnis.', 1, '2023-10-09 21:29:25', '2023-10-09 21:29:25', 2),
(77, 2, 4, 'Et aut omnis veritatis quia aperiam sint. Et quisquam provident aut aspernatur et molestias. Dolorem qui quidem et iste reprehenderit consectetur et.', 1, '2023-10-09 21:29:25', '2023-10-09 21:29:25', 1),
(78, 1, 3, 'Dicta minima quia iusto provident. Accusamus qui cumque natus voluptas labore id rerum. Et quos eum asperiores accusamus eos molestias. Asperiores sed provident saepe molestias et autem explicabo.', 1, '2023-10-09 21:29:25', '2023-10-09 21:29:25', 3),
(79, 2, 3, 'Assumenda velit veritatis est culpa laborum dolores qui. Consequatur quis sequi officiis ipsam aspernatur temporibus. Est saepe ipsum doloribus. Eos odit tenetur est quia voluptatem minus in.', 1, '2023-10-09 21:29:25', '2023-10-09 21:29:25', 3),
(80, 3, 5, 'Consequatur voluptate earum atque cupiditate. Aut quis non nesciunt voluptatem qui. Dolorum sed ipsum labore vero. Eveniet voluptas illum ullam a animi suscipit et.', 1, '2023-10-09 21:29:25', '2023-10-09 21:29:25', 2),
(81, 3, 1, 'Et velit et molestias est perferendis deleniti. Vel delectus perferendis iure est aut. Et reprehenderit aut sint ut.', 1, '2023-10-09 21:29:25', '2023-10-09 21:29:25', 1),
(82, 3, 4, 'Nostrum assumenda quaerat ut excepturi eos. Maxime et enim ab vel excepturi. Excepturi aspernatur et fugiat numquam repellat. Recusandae ducimus minima aliquam at.', 1, '2023-10-09 21:29:25', '2023-10-09 21:29:25', 2),
(83, 3, 1, 'Officia in provident quam non inventore voluptatem. Sunt eum ratione consequuntur iure. Quasi deserunt hic itaque molestiae non quis fugiat.', 1, '2023-10-09 21:29:25', '2023-10-09 21:29:25', 1),
(84, 3, 3, 'In sapiente impedit eligendi hic voluptate quas. Doloribus est dolorum sint.', 1, '2023-10-09 21:29:25', '2023-10-09 21:29:25', 1),
(85, 3, 5, 'Ea quod qui et consequatur laudantium et animi. Et vel ut et ipsum. Et voluptate molestiae fugiat expedita ut inventore impedit dolorum. Enim ipsum explicabo facere dolor necessitatibus.', 1, '2023-10-09 21:29:25', '2023-10-09 21:29:25', 2),
(86, 1, 5, 'Similique aspernatur voluptatem in autem. Adipisci sed error omnis mollitia.', 1, '2023-10-09 21:29:25', '2023-10-09 21:29:25', 3),
(87, 2, 1, 'Facilis consectetur voluptatem et minus in reiciendis. Et cupiditate quis dolor consectetur sit labore non. Voluptate maxime totam dolorem corporis aliquam.', 1, '2023-10-09 21:29:25', '2023-10-09 21:29:25', 1),
(88, 3, 2, 'Sint cupiditate ut quaerat vel ut. Dolore sunt architecto doloremque et. Qui mollitia quo dicta similique.', 1, '2023-10-09 21:29:25', '2023-10-09 21:29:25', 1),
(89, 1, 2, 'Sint doloribus id sed sed ut et. Commodi eum dolores quibusdam. Voluptas sunt voluptas corporis.', 1, '2023-10-09 21:29:25', '2023-10-09 21:29:25', 3),
(90, 3, 3, 'Dicta praesentium qui et nostrum qui. Et natus voluptas atque. Delectus harum cupiditate nisi cum. In culpa sequi omnis. Omnis id dicta reprehenderit sunt voluptatem.', 1, '2023-10-09 21:29:25', '2023-10-09 21:29:25', 1),
(91, 2, 5, 'Aut est qui ipsa consectetur mollitia reprehenderit voluptates. Assumenda dicta aut nihil aspernatur. Consequatur itaque consequatur et natus.', 1, '2023-10-09 21:29:25', '2023-10-09 21:29:25', 1),
(92, 2, 5, 'Et omnis commodi et cum quod dolorum. Autem sunt et veniam ab. Eos hic delectus asperiores praesentium dolorem. Dolore sapiente est architecto qui.', 1, '2023-10-09 21:29:25', '2023-10-09 21:29:25', 1),
(93, 3, 2, 'Nam repudiandae qui non ut. Ipsum nisi eius et eum aut beatae.', 1, '2023-10-09 21:29:25', '2023-10-09 21:29:25', 2),
(94, 2, 1, 'Dolores aut fugiat laboriosam labore. Aliquam eaque quis in nihil consequuntur eius. Expedita sint voluptatibus placeat nesciunt est officiis doloremque. Sint eum aspernatur dolor eligendi amet odit quos dolorem.', 1, '2023-10-09 21:29:25', '2023-10-09 21:29:25', 3),
(95, 2, 3, 'Dolores quasi voluptatem fugit. Magni ut non voluptatem sunt. Magnam cum dignissimos non deserunt architecto eos. Non fuga est veniam porro non et quod quam.', 1, '2023-10-09 21:29:25', '2023-10-09 21:29:25', 3),
(96, 1, 1, 'Occaecati laborum saepe exercitationem. Accusamus labore laudantium officiis illo alias consequatur eius. Perspiciatis error molestias sunt porro aut. Libero nemo non voluptatem sit molestias. Impedit tenetur explicabo quasi perferendis debitis voluptas perspiciatis et.', 1, '2023-10-09 21:29:25', '2023-10-09 21:29:25', 3),
(97, 3, 2, 'Ipsam tempora unde non debitis ut. Magni odio et officiis. Vitae consectetur dolor quidem id deleniti necessitatibus. Magnam suscipit quasi repellendus sit sequi nesciunt nihil.', 1, '2023-10-09 21:29:25', '2023-10-09 21:29:25', 1),
(98, 1, 2, 'Maiores reiciendis autem quas aliquid tenetur labore. Adipisci ducimus fugit aspernatur voluptatem repellat id voluptatem. Consequuntur unde culpa occaecati distinctio sit omnis.', 1, '2023-10-09 21:29:25', '2023-10-09 21:29:25', 2),
(99, 1, 4, 'Qui sint repudiandae repellendus voluptatibus ut consequatur vero. Necessitatibus et aut suscipit officiis. Excepturi voluptatem quod velit at necessitatibus.', 1, '2023-10-09 21:29:25', '2023-10-09 21:29:25', 2),
(100, 1, 3, 'Qui rerum qui maiores sed. Ut nemo voluptatum porro aut. Quis dicta eveniet voluptatem qui.', 1, '2023-10-09 21:29:25', '2023-10-09 21:29:25', 2);

-- --------------------------------------------------------

--
-- Table structure for table `roles`
--

CREATE TABLE `roles` (
  `id` bigint(20) UNSIGNED NOT NULL,
  `name` varchar(255) NOT NULL,
  `guard_name` varchar(255) NOT NULL,
  `created_at` timestamp NULL DEFAULT NULL,
  `updated_at` timestamp NULL DEFAULT NULL
) ENGINE=InnoDB DEFAULT CHARSET=utf8mb4 COLLATE=utf8mb4_unicode_ci;

--
-- Dumping data for table `roles`
--

INSERT INTO `roles` (`id`, `name`, `guard_name`, `created_at`, `updated_at`) VALUES
(1, 'superadmin', 'admin', '2023-10-09 21:26:54', '2023-10-09 21:26:54');

-- --------------------------------------------------------

--
-- Table structure for table `role_has_permissions`
--

CREATE TABLE `role_has_permissions` (
  `permission_id` bigint(20) UNSIGNED NOT NULL,
  `role_id` bigint(20) UNSIGNED NOT NULL
) ENGINE=InnoDB DEFAULT CHARSET=utf8mb4 COLLATE=utf8mb4_unicode_ci;

--
-- Dumping data for table `role_has_permissions`
--

INSERT INTO `role_has_permissions` (`permission_id`, `role_id`) VALUES
(1, 1),
(2, 1),
(3, 1),
(4, 1),
(5, 1),
(6, 1),
(7, 1),
(8, 1),
(9, 1),
(10, 1),
(11, 1),
(12, 1),
(13, 1),
(14, 1),
(15, 1),
(16, 1),
(17, 1),
(18, 1),
(19, 1),
(20, 1),
(21, 1),
(22, 1),
(23, 1),
(24, 1),
(25, 1),
(26, 1),
(27, 1),
(28, 1),
(29, 1),
(30, 1),
(31, 1),
(32, 1),
(33, 1),
(34, 1),
(35, 1),
(36, 1),
(37, 1),
(38, 1),
(39, 1),
(40, 1),
(41, 1),
(42, 1),
(43, 1),
(44, 1),
(45, 1),
(46, 1),
(47, 1),
(48, 1),
(49, 1),
(50, 1),
(51, 1),
(52, 1),
(53, 1),
(54, 1),
(55, 1),
(56, 1),
(57, 1),
(58, 1),
(59, 1),
(60, 1),
(61, 1),
(62, 1),
(63, 1),
(64, 1),
(65, 1),
(66, 1),
(67, 1),
(68, 1),
(69, 1),
(70, 1),
(71, 1),
(72, 1),
(73, 1),
(74, 1),
(75, 1),
(76, 1),
(77, 1),
(78, 1),
(79, 1),
(80, 1),
(81, 1),
(82, 1),
(83, 1),
(84, 1),
(85, 1),
(86, 1),
(87, 1),
(88, 1),
(89, 1),
(90, 1),
(91, 1),
(92, 1);

-- --------------------------------------------------------

--
-- Table structure for table `seos`
--

CREATE TABLE `seos` (
  `id` bigint(20) UNSIGNED NOT NULL,
  `page_slug` varchar(255) NOT NULL,
  `created_at` timestamp NULL DEFAULT NULL,
  `updated_at` timestamp NULL DEFAULT NULL
) ENGINE=InnoDB DEFAULT CHARSET=utf8mb4 COLLATE=utf8mb4_unicode_ci;

--
-- Dumping data for table `seos`
--

INSERT INTO `seos` (`id`, `page_slug`, `created_at`, `updated_at`) VALUES
(1, 'home', '2023-10-09 21:26:53', '2023-10-09 21:26:53'),
(2, 'about', '2023-10-09 21:26:53', '2023-10-09 21:26:53'),
(3, 'contact', '2023-10-09 21:26:53', '2023-10-09 21:26:53'),
(4, 'ads', '2023-10-09 21:26:53', '2023-10-09 21:26:53'),
(5, 'blog', '2023-10-09 21:26:53', '2023-10-09 21:26:53'),
(6, 'pricing', '2023-10-09 21:26:53', '2023-10-09 21:26:53'),
(7, 'login', '2023-10-09 21:26:53', '2023-10-09 21:26:53'),
(8, 'register', '2023-10-09 21:26:53', '2023-10-09 21:26:53'),
(9, 'faq', '2023-10-09 21:26:53', '2023-10-09 21:26:53');

-- --------------------------------------------------------

--
-- Table structure for table `seo_page_contents`
--

CREATE TABLE `seo_page_contents` (
  `id` bigint(20) UNSIGNED NOT NULL,
  `page_id` bigint(20) UNSIGNED NOT NULL,
  `language_code` varchar(255) NOT NULL,
  `title` varchar(255) DEFAULT NULL,
  `description` text DEFAULT NULL,
  `image` varchar(255) DEFAULT NULL,
  `created_at` timestamp NULL DEFAULT NULL,
  `updated_at` timestamp NULL DEFAULT NULL
) ENGINE=InnoDB DEFAULT CHARSET=utf8mb4 COLLATE=utf8mb4_unicode_ci;

--
-- Dumping data for table `seo_page_contents`
--

INSERT INTO `seo_page_contents` (`id`, `page_id`, `language_code`, `title`, `description`, `image`, `created_at`, `updated_at`) VALUES
(1, 1, 'en', 'Welcome To adlisting', 'Adlisting - Laravel Classified Ads is a PHP script with minimal, clean, flexible, and structured code. This script will provide you amazing user interface with lots of dynamic frontend and backend features.', 'backend/image/default.png', '2023-10-09 21:26:53', '2023-10-09 21:26:53'),
(2, 2, 'en', 'About', 'Adlisting - Laravel Classified Ads is a PHP script with minimal, clean, flexible, and structured code. This script will provide you amazing user interface with lots of dynamic frontend and backend features.', 'backend/image/default.png', '2023-10-09 21:26:53', '2023-10-09 21:26:53'),
(3, 3, 'en', 'About', 'Adlisting - Laravel Classified Ads is a PHP script with minimal, clean, flexible, and structured code. This script will provide you amazing user interface with lots of dynamic frontend and backend features.', 'backend/image/default.png', '2023-10-09 21:26:53', '2023-10-09 21:26:53'),
(4, 4, 'en', 'Ads', 'Adlisting - Laravel Classified Ads is a PHP script with minimal, clean, flexible, and structured code. This script will provide you amazing user interface with lots of dynamic frontend and backend features.', 'backend/image/default.png', '2023-10-09 21:26:53', '2023-10-09 21:26:53'),
(5, 5, 'en', 'Blog', 'Adlisting - Laravel Classified Ads is a PHP script with minimal, clean, flexible, and structured code. This script will provide you amazing user interface with lots of dynamic frontend and backend features.', 'backend/image/default.png', '2023-10-09 21:26:53', '2023-10-09 21:26:53'),
(6, 6, 'en', 'Pricing', 'Adlisting - Laravel Classified Ads is a PHP script with minimal, clean, flexible, and structured code. This script will provide you amazing user interface with lots of dynamic frontend and backend features.', 'backend/image/default.png', '2023-10-09 21:26:53', '2023-10-09 21:26:53'),
(7, 7, 'en', 'Login', 'Adlisting - Laravel Classified Ads is a PHP script with minimal, clean, flexible, and structured code. This script will provide you amazing user interface with lots of dynamic frontend and backend features.', 'backend/image/default.png', '2023-10-09 21:26:53', '2023-10-09 21:26:53'),
(8, 8, 'en', 'Register', 'Adlisting - Laravel Classified Ads is a PHP script with minimal, clean, flexible, and structured code. This script will provide you amazing user interface with lots of dynamic frontend and backend features.', 'backend/image/default.png', '2023-10-09 21:26:53', '2023-10-09 21:26:53'),
(9, 9, 'en', 'FAQ', 'Adlisting - Laravel Classified Ads is a PHP script with minimal, clean, flexible, and structured code. This script will provide you amazing user interface with lots of dynamic frontend and backend features.', 'backend/image/default.png', '2023-10-09 21:26:53', '2023-10-09 21:26:53');

-- --------------------------------------------------------

--
-- Table structure for table `setup_guides`
--

CREATE TABLE `setup_guides` (
  `id` bigint(20) UNSIGNED NOT NULL,
  `task_name` varchar(255) NOT NULL,
  `title` varchar(255) NOT NULL,
  `description` varchar(255) NOT NULL,
  `action_route` varchar(255) NOT NULL,
  `action_label` varchar(255) NOT NULL,
  `status` tinyint(1) NOT NULL DEFAULT 0,
  `created_at` timestamp NULL DEFAULT NULL,
  `updated_at` timestamp NULL DEFAULT NULL
) ENGINE=InnoDB DEFAULT CHARSET=utf8mb4 COLLATE=utf8mb4_unicode_ci;

--
-- Dumping data for table `setup_guides`
--

INSERT INTO `setup_guides` (`id`, `task_name`, `title`, `description`, `action_route`, `action_label`, `status`, `created_at`, `updated_at`) VALUES
(1, 'app_setting', 'App Information ', 'Add your app logo, name, description, owner and other information.', 'settings.general', 'Add App Information', 1, '2023-10-09 21:27:05', '2023-10-09 21:27:05'),
(2, 'smtp_setting', 'SMTP Configuration', 'Add your app logo, name, description, owner and other information.', 'settings.email', 'Add Mail Configuration', 1, '2023-10-09 21:27:05', '2023-10-09 21:27:05'),
(3, 'payment_setting', 'Enable Payment Method', 'Enable to payment methods to receive payments from your customer.', 'settings.payment', 'Add Payment', 1, '2023-10-09 21:27:05', '2023-10-09 21:27:05'),
(4, 'theme_setting', 'Customize Theme', 'Customize your theme to make your app look more attractive.', 'settings.theme', 'Customize Your App Now', 1, '2023-10-09 21:27:05', '2023-10-09 21:27:05'),
(5, 'map_setting', 'Map Configuration', 'Configure your map setting api to create ad in any location.', 'settings.system', 'Add Map API', 1, '2023-10-09 21:27:05', '2023-10-09 21:27:05'),
(6, 'pusher_setting', 'Pusher Configuration', 'Configure your pusher setting api for the chat application', 'settings.system', 'Add Pusher API', 1, '2023-10-09 21:27:05', '2023-10-09 21:27:05');

-- --------------------------------------------------------

--
-- Table structure for table `social_media`
--

CREATE TABLE `social_media` (
  `id` bigint(20) UNSIGNED NOT NULL,
  `user_id` bigint(20) UNSIGNED NOT NULL,
  `social_media` enum('facebook','twitter','instagram','youtube','linkedin','pinterest','reddit','github','other') NOT NULL,
  `url` varchar(255) NOT NULL,
  `created_at` timestamp NULL DEFAULT NULL,
  `updated_at` timestamp NULL DEFAULT NULL
) ENGINE=InnoDB DEFAULT CHARSET=utf8mb4 COLLATE=utf8mb4_unicode_ci;

-- --------------------------------------------------------

--
-- Table structure for table `sub_categories`
--

CREATE TABLE `sub_categories` (
  `id` bigint(20) UNSIGNED NOT NULL,
  `category_id` bigint(20) UNSIGNED NOT NULL,
  `slug` varchar(255) NOT NULL,
  `status` tinyint(1) NOT NULL DEFAULT 1,
  `created_at` timestamp NULL DEFAULT NULL,
  `updated_at` timestamp NULL DEFAULT NULL
) ENGINE=InnoDB DEFAULT CHARSET=utf8mb4 COLLATE=utf8mb4_unicode_ci;

--
-- Dumping data for table `sub_categories`
--

INSERT INTO `sub_categories` (`id`, `category_id`, `slug`, `status`, `created_at`, `updated_at`) VALUES
(1, 1, 'computer-laptop', 1, '2023-10-09 21:27:05', '2023-10-09 21:27:05'),
(2, 1, 'tv', 1, '2023-10-09 21:27:05', '2023-10-09 21:27:05'),
(3, 1, 'camera', 1, '2023-10-09 21:27:05', '2023-10-09 21:27:05'),
(4, 2, 'iphone', 1, '2023-10-09 21:27:05', '2023-10-09 21:27:05'),
(5, 2, 'samsung', 1, '2023-10-09 21:27:05', '2023-10-09 21:27:05'),
(6, 2, 'tablet', 1, '2023-10-09 21:27:05', '2023-10-09 21:27:05'),
(7, 3, 'cycle', 1, '2023-10-09 21:27:05', '2023-10-09 21:27:05'),
(8, 3, 'car', 1, '2023-10-09 21:27:05', '2023-10-09 21:27:05'),
(9, 3, 'bike', 1, '2023-10-09 21:27:05', '2023-10-09 21:27:05'),
(10, 4, 'toy', 1, '2023-10-09 21:27:05', '2023-10-09 21:27:05'),
(11, 4, 'bat', 1, '2023-10-09 21:27:05', '2023-10-09 21:27:05'),
(12, 4, 'football', 1, '2023-10-09 21:27:05', '2023-10-09 21:27:05'),
(13, 5, 'sofa', 1, '2023-10-09 21:27:05', '2023-10-09 21:27:05'),
(14, 5, 'chair', 1, '2023-10-09 21:27:05', '2023-10-09 21:27:05'),
(15, 5, 'table', 1, '2023-10-09 21:27:05', '2023-10-09 21:27:05'),
(16, 6, 'apartments-for-sale', 1, '2023-10-09 21:27:05', '2023-10-09 21:27:05'),
(17, 6, 'houses-for-sale', 1, '2023-10-09 21:27:05', '2023-10-09 21:27:05'),
(18, 6, 'office-space', 1, '2023-10-09 21:27:05', '2023-10-09 21:27:05');

-- --------------------------------------------------------

--
-- Table structure for table `sub_category_translations`
--

CREATE TABLE `sub_category_translations` (
  `id` bigint(20) UNSIGNED NOT NULL,
  `sub_category_id` bigint(20) UNSIGNED NOT NULL,
  `name` varchar(255) NOT NULL,
  `locale` varchar(255) NOT NULL,
  `created_at` timestamp NULL DEFAULT NULL,
  `updated_at` timestamp NULL DEFAULT NULL
) ENGINE=InnoDB DEFAULT CHARSET=utf8mb4 COLLATE=utf8mb4_unicode_ci;

--
-- Dumping data for table `sub_category_translations`
--

INSERT INTO `sub_category_translations` (`id`, `sub_category_id`, `name`, `locale`, `created_at`, `updated_at`) VALUES
(1, 1, 'Computer & Laptop', 'bn', NULL, NULL),
(2, 1, 'Computer & Laptop', 'en', NULL, NULL),
(3, 2, 'TV', 'bn', NULL, NULL),
(4, 2, 'TV', 'en', NULL, NULL),
(5, 3, 'Camera', 'bn', NULL, NULL),
(6, 3, 'Camera', 'en', NULL, NULL),
(7, 4, 'iPhone', 'bn', NULL, NULL),
(8, 4, 'iPhone', 'en', NULL, NULL),
(9, 5, 'Samsung', 'bn', NULL, NULL),
(10, 5, 'Samsung', 'en', NULL, NULL),
(11, 6, 'Tablet', 'bn', NULL, NULL),
(12, 6, 'Tablet', 'en', NULL, NULL),
(13, 7, 'Cycle', 'bn', NULL, NULL),
(14, 7, 'Cycle', 'en', NULL, NULL),
(15, 8, 'Car', 'bn', NULL, NULL),
(16, 8, 'Car', 'en', NULL, NULL),
(17, 9, 'Bike', 'bn', NULL, NULL),
(18, 9, 'Bike', 'en', NULL, NULL),
(19, 10, 'Toy', 'bn', NULL, NULL),
(20, 10, 'Toy', 'en', NULL, NULL),
(21, 11, 'Bat', 'bn', NULL, NULL),
(22, 11, 'Bat', 'en', NULL, NULL),
(23, 12, 'Football', 'bn', NULL, NULL),
(24, 12, 'Football', 'en', NULL, NULL),
(25, 13, 'Sofa', 'bn', NULL, NULL),
(26, 13, 'Sofa', 'en', NULL, NULL),
(27, 14, 'Chair', 'bn', NULL, NULL),
(28, 14, 'Chair', 'en', NULL, NULL),
(29, 15, 'Table', 'bn', NULL, NULL),
(30, 15, 'Table', 'en', NULL, NULL),
(31, 16, 'Apartments for Sale', 'bn', NULL, NULL),
(32, 16, 'Apartments for Sale', 'en', NULL, NULL),
(33, 17, 'Houses for Sale', 'bn', NULL, NULL),
(34, 17, 'Houses for Sale', 'en', NULL, NULL),
(35, 18, 'Office Space', 'bn', NULL, NULL),
(36, 18, 'Office Space', 'en', NULL, NULL);

-- --------------------------------------------------------

--
-- Table structure for table `testimonials`
--

CREATE TABLE `testimonials` (
  `id` bigint(20) UNSIGNED NOT NULL,
  `name` varchar(255) NOT NULL,
  `position` varchar(255) NOT NULL,
  `description` text NOT NULL,
  `image` varchar(255) DEFAULT NULL,
  `stars` int(11) NOT NULL,
  `created_at` timestamp NULL DEFAULT NULL,
  `updated_at` timestamp NULL DEFAULT NULL,
  `code` varchar(255) NOT NULL DEFAULT 'en'
) ENGINE=InnoDB DEFAULT CHARSET=utf8mb4 COLLATE=utf8mb4_unicode_ci;

--
-- Dumping data for table `testimonials`
--

INSERT INTO `testimonials` (`id`, `name`, `position`, `description`, `image`, `stars`, `created_at`, `updated_at`, `code`) VALUES
(1, 'Ms. Myrtie Metz', 'Welder', 'Eaque et distinctio cum dolores quasi doloremque. Porro praesentium fugiat quam adipisci optio eaque. Est rerum reprehenderit quidem quod rerum quae. Ratione ea sed corporis voluptatum blanditiis.', 'https://via.placeholder.com/640x480.png/00bb00?text=quo', 4, '2023-10-09 21:27:05', '2023-10-09 21:27:05', 'bn'),
(2, 'Dorthy Ryan', 'Assessor', 'Minus eius beatae voluptate in eaque est distinctio. Expedita voluptatem eveniet et aut culpa odio dicta. Assumenda amet quia enim iusto iusto sed non.', 'https://via.placeholder.com/640x480.png/0044ee?text=inventore', 3, '2023-10-09 21:27:05', '2023-10-09 21:27:05', 'bn'),
(3, 'Regan Brekke', 'Freight Inspector', 'Laboriosam et rerum quo quis consequuntur. Nihil non quae nam. Recusandae totam itaque voluptatem cupiditate. Maiores voluptas voluptatum excepturi ducimus asperiores laboriosam.', 'https://via.placeholder.com/640x480.png/00ccee?text=ullam', 5, '2023-10-09 21:27:05', '2023-10-09 21:27:05', 'bn'),
(4, 'Kayleigh Schimmel', 'Wind Instrument Repairer', 'Nemo repudiandae repellat consequuntur maiores vitae. Asperiores laboriosam voluptatum nesciunt facere. Sed ut voluptates ea id eligendi.', 'https://via.placeholder.com/640x480.png/0044aa?text=ullam', 2, '2023-10-09 21:27:05', '2023-10-09 21:27:05', 'en'),
(5, 'Prof. Demetrius Daugherty', 'Orthodontist', 'Non doloremque qui velit nobis et. Odio nisi totam saepe neque occaecati ex. Facere saepe nam adipisci. Rerum reiciendis odit omnis quam.', 'https://via.placeholder.com/640x480.png/000055?text=pariatur', 4, '2023-10-09 21:27:05', '2023-10-09 21:27:05', 'bn'),
(6, 'Prof. Tremayne Denesik MD', 'Financial Specialist', 'Et et ad optio expedita. Repellendus sed assumenda et aliquid ut aut. Consequatur aliquam sapiente aut corrupti rerum laudantium magnam vel. Magni vel omnis placeat temporibus dolorem.', 'https://via.placeholder.com/640x480.png/006666?text=eos', 4, '2023-10-09 21:27:05', '2023-10-09 21:27:05', 'en'),
(7, 'Cassandra Nader', 'Municipal Fire Fighting Supervisor', 'Provident tempore eos velit et sint. In repellendus architecto quos quam. Illo nulla dolorem distinctio ullam doloribus mollitia libero.', 'https://via.placeholder.com/640x480.png/00cc88?text=doloribus', 4, '2023-10-09 21:27:05', '2023-10-09 21:27:05', 'bn'),
(8, 'Randal Quitzon', 'Automotive Mechanic', 'Omnis error occaecati repellat laboriosam inventore non facere. Sit est enim consequatur ad et. Consequatur temporibus deserunt ratione id dolores omnis. Iusto accusantium eum sit quod voluptate doloremque sit.', 'https://via.placeholder.com/640x480.png/009955?text=sunt', 3, '2023-10-09 21:27:05', '2023-10-09 21:27:05', 'en'),
(9, 'Royce Bogisich', 'Geological Sample Test Technician', 'Excepturi dolorem vel minima cumque. Explicabo laboriosam ratione officia distinctio sed ducimus ea. Cum quis id eius quidem.', 'https://via.placeholder.com/640x480.png/009999?text=quibusdam', 1, '2023-10-09 21:27:05', '2023-10-09 21:27:05', 'en'),
(10, 'Alice Larson', 'Hand Presser', 'Repellendus quisquam perferendis deserunt laboriosam. Aut numquam expedita vitae necessitatibus. Dolorem architecto alias quis.', 'https://via.placeholder.com/640x480.png/00cc55?text=nesciunt', 3, '2023-10-09 21:27:05', '2023-10-09 21:27:05', 'en'),
(11, 'Mya Fahey', 'Manager of Food Preparation', 'Distinctio ea quo ea non recusandae quia nisi. Aliquid sequi earum corporis ut qui illo quae. Enim neque consectetur quam qui.', 'https://via.placeholder.com/640x480.png/00ff11?text=qui', 4, '2023-10-09 21:27:05', '2023-10-09 21:27:05', 'bn'),
(12, 'Dr. Jannie Littel Jr.', 'Singer', 'Molestias molestiae culpa labore officiis voluptates iste. Delectus ut repellendus voluptatem amet.', 'https://via.placeholder.com/640x480.png/00cc99?text=natus', 3, '2023-10-09 21:27:05', '2023-10-09 21:27:05', 'en'),
(13, 'Priscilla Gorczany', 'ccc', 'Itaque est doloremque dolores nihil ad alias dolores in. Tempore incidunt aut velit numquam. Dolores dolor veritatis nihil quis aut aliquid rerum. Non sint ducimus et asperiores expedita. Quibusdam perferendis impedit at magnam occaecati.', 'https://via.placeholder.com/640x480.png/00dd99?text=impedit', 5, '2023-10-09 21:27:05', '2023-10-09 21:27:05', 'bn'),
(14, 'Otho Kshlerin', 'Coremaking Machine Operator', 'Ut consectetur neque id voluptatibus saepe tempore qui iusto. Et saepe voluptatem nisi beatae. Doloremque adipisci alias et molestias consequatur id.', 'https://via.placeholder.com/640x480.png/00aa22?text=vel', 4, '2023-10-09 21:27:05', '2023-10-09 21:27:05', 'en'),
(15, 'Prof. Odell Grant PhD', 'Logging Tractor Operator', 'Nobis laboriosam voluptatem cupiditate quod iure omnis. Facere explicabo rerum aut aut possimus aut nisi. Blanditiis exercitationem id ex.', 'https://via.placeholder.com/640x480.png/0088dd?text=quia', 2, '2023-10-09 21:27:05', '2023-10-09 21:27:05', 'en'),
(16, 'Mr. Wiley Schmidt', 'Forestry Conservation Science Teacher', 'Quia soluta libero dolor totam blanditiis. Sed fuga ipsam perspiciatis necessitatibus porro ipsam.', 'https://via.placeholder.com/640x480.png/00ffdd?text=aperiam', 3, '2023-10-09 21:27:06', '2023-10-09 21:27:06', 'en'),
(17, 'Anissa Satterfield', 'Music Arranger and Orchestrator', 'Est consequatur exercitationem recusandae quibusdam architecto. Expedita mollitia porro quidem eveniet et. Ut occaecati asperiores ullam. Itaque est harum placeat necessitatibus odio facere dolore.', 'https://via.placeholder.com/640x480.png/0033bb?text=est', 5, '2023-10-09 21:27:06', '2023-10-09 21:27:06', 'en'),
(18, 'Jayda Yundt', 'Glass Blower', 'Ut consequatur nobis corrupti est. Et minima aut voluptates mollitia deleniti minus. Vitae voluptas dolorem perspiciatis magni pariatur. Aspernatur odio non occaecati itaque autem.', 'https://via.placeholder.com/640x480.png/00bb22?text=harum', 5, '2023-10-09 21:27:06', '2023-10-09 21:27:06', 'bn'),
(19, 'Leora Johns', 'Special Education Teacher', 'Esse quae minus sit. Quis quibusdam magni nulla itaque voluptatum dolores. Laudantium nobis occaecati aspernatur quo omnis odit.', 'https://via.placeholder.com/640x480.png/00cc55?text=in', 5, '2023-10-09 21:27:06', '2023-10-09 21:27:06', 'en'),
(20, 'Dr. Robert Kreiger V', 'Council', 'Amet culpa id voluptatem consequatur sit rerum blanditiis. Beatae a voluptas quae consequatur repudiandae. Reprehenderit et blanditiis autem harum. Aperiam veniam suscipit ex ea dolorem est.', 'https://via.placeholder.com/640x480.png/008866?text=asperiores', 4, '2023-10-09 21:27:06', '2023-10-09 21:27:06', 'en');

-- --------------------------------------------------------

--
-- Table structure for table `themes`
--

CREATE TABLE `themes` (
  `id` bigint(20) UNSIGNED NOT NULL,
  `home_page` tinyint(4) NOT NULL DEFAULT 1,
  `created_at` timestamp NULL DEFAULT NULL,
  `updated_at` timestamp NULL DEFAULT NULL
) ENGINE=InnoDB DEFAULT CHARSET=utf8mb4 COLLATE=utf8mb4_unicode_ci;

-- --------------------------------------------------------

--
-- Table structure for table `timezones`
--

CREATE TABLE `timezones` (
  `id` bigint(20) UNSIGNED NOT NULL,
  `value` varchar(255) NOT NULL
) ENGINE=InnoDB DEFAULT CHARSET=utf8mb4 COLLATE=utf8mb4_unicode_ci;

--
-- Dumping data for table `timezones`
--

INSERT INTO `timezones` (`id`, `value`) VALUES
(1, 'Africa/Abidjan'),
(2, 'Africa/Accra'),
(3, 'Africa/Addis_Ababa'),
(4, 'Africa/Algiers'),
(5, 'Africa/Asmara'),
(6, 'Africa/Bamako'),
(7, 'Africa/Bangui'),
(8, 'Africa/Banjul'),
(9, 'Africa/Bissau'),
(10, 'Africa/Blantyre'),
(11, 'Africa/Brazzaville'),
(12, 'Africa/Bujumbura'),
(13, 'Africa/Cairo'),
(14, 'Africa/Casablanca'),
(15, 'Africa/Ceuta'),
(16, 'Africa/Conakry'),
(17, 'Africa/Dakar'),
(18, 'Africa/Dar_es_Salaam'),
(19, 'Africa/Djibouti'),
(20, 'Africa/Douala'),
(21, 'Africa/El_Aaiun'),
(22, 'Africa/Freetown'),
(23, 'Africa/Gaborone'),
(24, 'Africa/Harare'),
(25, 'Africa/Johannesburg'),
(26, 'Africa/Juba'),
(27, 'Africa/Kampala'),
(28, 'Africa/Khartoum'),
(29, 'Africa/Kigali'),
(30, 'Africa/Kinshasa'),
(31, 'Africa/Lagos'),
(32, 'Africa/Libreville'),
(33, 'Africa/Lome'),
(34, 'Africa/Luanda'),
(35, 'Africa/Lubumbashi'),
(36, 'Africa/Lusaka'),
(37, 'Africa/Malabo'),
(38, 'Africa/Maputo'),
(39, 'Africa/Maseru'),
(40, 'Africa/Mbabane'),
(41, 'Africa/Mogadishu'),
(42, 'Africa/Monrovia'),
(43, 'Africa/Nairobi'),
(44, 'Africa/Ndjamena'),
(45, 'Africa/Niamey'),
(46, 'Africa/Nouakchott'),
(47, 'Africa/Ouagadougou'),
(48, 'Africa/Porto-Novo'),
(49, 'Africa/Sao_Tome'),
(50, 'Africa/Tripoli'),
(51, 'Africa/Tunis'),
(52, 'Africa/Windhoek'),
(53, 'America/Adak'),
(54, 'America/Anchorage'),
(55, 'America/Anguilla'),
(56, 'America/Antigua'),
(57, 'America/Araguaina'),
(58, 'America/Argentina/Buenos_Aires'),
(59, 'America/Argentina/Catamarca'),
(60, 'America/Argentina/Cordoba'),
(61, 'America/Argentina/Jujuy'),
(62, 'America/Argentina/La_Rioja'),
(63, 'America/Argentina/Mendoza'),
(64, 'America/Argentina/Rio_Gallegos'),
(65, 'America/Argentina/Salta'),
(66, 'America/Argentina/San_Juan'),
(67, 'America/Argentina/San_Luis'),
(68, 'America/Argentina/Tucuman'),
(69, 'America/Argentina/Ushuaia'),
(70, 'America/Aruba'),
(71, 'America/Asuncion'),
(72, 'America/Atikokan'),
(73, 'America/Bahia'),
(74, 'America/Bahia_Banderas'),
(75, 'America/Barbados'),
(76, 'America/Belem'),
(77, 'America/Belize'),
(78, 'America/Blanc-Sablon'),
(79, 'America/Boa_Vista'),
(80, 'America/Bogota'),
(81, 'America/Boise'),
(82, 'America/Cambridge_Bay'),
(83, 'America/Campo_Grande'),
(84, 'America/Cancun'),
(85, 'America/Caracas'),
(86, 'America/Cayenne'),
(87, 'America/Cayman'),
(88, 'America/Chicago'),
(89, 'America/Chihuahua'),
(90, 'America/Ciudad_Juarez'),
(91, 'America/Costa_Rica'),
(92, 'America/Creston'),
(93, 'America/Cuiaba'),
(94, 'America/Curacao'),
(95, 'America/Danmarkshavn'),
(96, 'America/Dawson'),
(97, 'America/Dawson_Creek'),
(98, 'America/Denver'),
(99, 'America/Detroit'),
(100, 'America/Dominica'),
(101, 'America/Edmonton'),
(102, 'America/Eirunepe'),
(103, 'America/El_Salvador'),
(104, 'America/Fort_Nelson'),
(105, 'America/Fortaleza'),
(106, 'America/Glace_Bay'),
(107, 'America/Goose_Bay'),
(108, 'America/Grand_Turk'),
(109, 'America/Grenada'),
(110, 'America/Guadeloupe'),
(111, 'America/Guatemala'),
(112, 'America/Guayaquil'),
(113, 'America/Guyana'),
(114, 'America/Halifax'),
(115, 'America/Havana'),
(116, 'America/Hermosillo'),
(117, 'America/Indiana/Indianapolis'),
(118, 'America/Indiana/Knox'),
(119, 'America/Indiana/Marengo'),
(120, 'America/Indiana/Petersburg'),
(121, 'America/Indiana/Tell_City'),
(122, 'America/Indiana/Vevay'),
(123, 'America/Indiana/Vincennes'),
(124, 'America/Indiana/Winamac'),
(125, 'America/Inuvik'),
(126, 'America/Iqaluit'),
(127, 'America/Jamaica'),
(128, 'America/Juneau'),
(129, 'America/Kentucky/Louisville'),
(130, 'America/Kentucky/Monticello'),
(131, 'America/Kralendijk'),
(132, 'America/La_Paz'),
(133, 'America/Lima'),
(134, 'America/Los_Angeles'),
(135, 'America/Lower_Princes'),
(136, 'America/Maceio'),
(137, 'America/Managua'),
(138, 'America/Manaus'),
(139, 'America/Marigot'),
(140, 'America/Martinique'),
(141, 'America/Matamoros'),
(142, 'America/Mazatlan'),
(143, 'America/Menominee'),
(144, 'America/Merida'),
(145, 'America/Metlakatla'),
(146, 'America/Mexico_City'),
(147, 'America/Miquelon'),
(148, 'America/Moncton'),
(149, 'America/Monterrey'),
(150, 'America/Montevideo'),
(151, 'America/Montserrat'),
(152, 'America/Nassau'),
(153, 'America/New_York'),
(154, 'America/Nome'),
(155, 'America/Noronha'),
(156, 'America/North_Dakota/Beulah'),
(157, 'America/North_Dakota/Center'),
(158, 'America/North_Dakota/New_Salem'),
(159, 'America/Nuuk'),
(160, 'America/Ojinaga'),
(161, 'America/Panama'),
(162, 'America/Paramaribo'),
(163, 'America/Phoenix'),
(164, 'America/Port-au-Prince'),
(165, 'America/Port_of_Spain'),
(166, 'America/Porto_Velho'),
(167, 'America/Puerto_Rico'),
(168, 'America/Punta_Arenas'),
(169, 'America/Rankin_Inlet'),
(170, 'America/Recife'),
(171, 'America/Regina'),
(172, 'America/Resolute'),
(173, 'America/Rio_Branco'),
(174, 'America/Santarem'),
(175, 'America/Santiago'),
(176, 'America/Santo_Domingo'),
(177, 'America/Sao_Paulo'),
(178, 'America/Scoresbysund'),
(179, 'America/Sitka'),
(180, 'America/St_Barthelemy'),
(181, 'America/St_Johns'),
(182, 'America/St_Kitts'),
(183, 'America/St_Lucia'),
(184, 'America/St_Thomas'),
(185, 'America/St_Vincent'),
(186, 'America/Swift_Current'),
(187, 'America/Tegucigalpa'),
(188, 'America/Thule'),
(189, 'America/Tijuana'),
(190, 'America/Toronto'),
(191, 'America/Tortola'),
(192, 'America/Vancouver'),
(193, 'America/Whitehorse'),
(194, 'America/Winnipeg'),
(195, 'America/Yakutat'),
(196, 'Antarctica/Casey'),
(197, 'Antarctica/Davis'),
(198, 'Antarctica/DumontDUrville'),
(199, 'Antarctica/Macquarie'),
(200, 'Antarctica/Mawson'),
(201, 'Antarctica/McMurdo'),
(202, 'Antarctica/Palmer'),
(203, 'Antarctica/Rothera'),
(204, 'Antarctica/Syowa'),
(205, 'Antarctica/Troll'),
(206, 'Antarctica/Vostok'),
(207, 'Arctic/Longyearbyen'),
(208, 'Asia/Aden'),
(209, 'Asia/Almaty'),
(210, 'Asia/Amman'),
(211, 'Asia/Anadyr'),
(212, 'Asia/Aqtau'),
(213, 'Asia/Aqtobe'),
(214, 'Asia/Ashgabat'),
(215, 'Asia/Atyrau'),
(216, 'Asia/Baghdad'),
(217, 'Asia/Bahrain'),
(218, 'Asia/Baku'),
(219, 'Asia/Bangkok'),
(220, 'Asia/Barnaul'),
(221, 'Asia/Beirut'),
(222, 'Asia/Bishkek'),
(223, 'Asia/Brunei'),
(224, 'Asia/Chita'),
(225, 'Asia/Choibalsan'),
(226, 'Asia/Colombo'),
(227, 'Asia/Damascus'),
(228, 'Asia/Dhaka'),
(229, 'Asia/Dili'),
(230, 'Asia/Dubai'),
(231, 'Asia/Dushanbe'),
(232, 'Asia/Famagusta'),
(233, 'Asia/Gaza'),
(234, 'Asia/Hebron'),
(235, 'Asia/Ho_Chi_Minh'),
(236, 'Asia/Hong_Kong'),
(237, 'Asia/Hovd'),
(238, 'Asia/Irkutsk'),
(239, 'Asia/Jakarta'),
(240, 'Asia/Jayapura'),
(241, 'Asia/Jerusalem'),
(242, 'Asia/Kabul'),
(243, 'Asia/Kamchatka'),
(244, 'Asia/Karachi'),
(245, 'Asia/Kathmandu'),
(246, 'Asia/Khandyga'),
(247, 'Asia/Kolkata'),
(248, 'Asia/Krasnoyarsk'),
(249, 'Asia/Kuala_Lumpur'),
(250, 'Asia/Kuching'),
(251, 'Asia/Kuwait'),
(252, 'Asia/Macau'),
(253, 'Asia/Magadan'),
(254, 'Asia/Makassar'),
(255, 'Asia/Manila'),
(256, 'Asia/Muscat'),
(257, 'Asia/Nicosia'),
(258, 'Asia/Novokuznetsk'),
(259, 'Asia/Novosibirsk'),
(260, 'Asia/Omsk'),
(261, 'Asia/Oral'),
(262, 'Asia/Phnom_Penh'),
(263, 'Asia/Pontianak'),
(264, 'Asia/Pyongyang'),
(265, 'Asia/Qatar'),
(266, 'Asia/Qostanay'),
(267, 'Asia/Qyzylorda'),
(268, 'Asia/Riyadh'),
(269, 'Asia/Sakhalin'),
(270, 'Asia/Samarkand'),
(271, 'Asia/Seoul'),
(272, 'Asia/Shanghai'),
(273, 'Asia/Singapore'),
(274, 'Asia/Srednekolymsk'),
(275, 'Asia/Taipei'),
(276, 'Asia/Tashkent'),
(277, 'Asia/Tbilisi'),
(278, 'Asia/Tehran'),
(279, 'Asia/Thimphu'),
(280, 'Asia/Tokyo'),
(281, 'Asia/Tomsk'),
(282, 'Asia/Ulaanbaatar'),
(283, 'Asia/Urumqi'),
(284, 'Asia/Ust-Nera'),
(285, 'Asia/Vientiane'),
(286, 'Asia/Vladivostok'),
(287, 'Asia/Yakutsk'),
(288, 'Asia/Yangon'),
(289, 'Asia/Yekaterinburg'),
(290, 'Asia/Yerevan'),
(291, 'Atlantic/Azores'),
(292, 'Atlantic/Bermuda'),
(293, 'Atlantic/Canary'),
(294, 'Atlantic/Cape_Verde'),
(295, 'Atlantic/Faroe'),
(296, 'Atlantic/Madeira'),
(297, 'Atlantic/Reykjavik'),
(298, 'Atlantic/South_Georgia'),
(299, 'Atlantic/St_Helena'),
(300, 'Atlantic/Stanley'),
(301, 'Australia/Adelaide'),
(302, 'Australia/Brisbane'),
(303, 'Australia/Broken_Hill'),
(304, 'Australia/Darwin'),
(305, 'Australia/Eucla'),
(306, 'Australia/Hobart'),
(307, 'Australia/Lindeman'),
(308, 'Australia/Lord_Howe'),
(309, 'Australia/Melbourne'),
(310, 'Australia/Perth'),
(311, 'Australia/Sydney'),
(312, 'Europe/Amsterdam'),
(313, 'Europe/Andorra'),
(314, 'Europe/Astrakhan'),
(315, 'Europe/Athens'),
(316, 'Europe/Belgrade'),
(317, 'Europe/Berlin'),
(318, 'Europe/Bratislava'),
(319, 'Europe/Brussels'),
(320, 'Europe/Bucharest'),
(321, 'Europe/Budapest'),
(322, 'Europe/Busingen'),
(323, 'Europe/Chisinau'),
(324, 'Europe/Copenhagen'),
(325, 'Europe/Dublin'),
(326, 'Europe/Gibraltar'),
(327, 'Europe/Guernsey'),
(328, 'Europe/Helsinki'),
(329, 'Europe/Isle_of_Man'),
(330, 'Europe/Istanbul'),
(331, 'Europe/Jersey'),
(332, 'Europe/Kaliningrad'),
(333, 'Europe/Kirov'),
(334, 'Europe/Kyiv'),
(335, 'Europe/Lisbon'),
(336, 'Europe/Ljubljana'),
(337, 'Europe/London'),
(338, 'Europe/Luxembourg'),
(339, 'Europe/Madrid'),
(340, 'Europe/Malta'),
(341, 'Europe/Mariehamn'),
(342, 'Europe/Minsk'),
(343, 'Europe/Monaco'),
(344, 'Europe/Moscow'),
(345, 'Europe/Oslo'),
(346, 'Europe/Paris'),
(347, 'Europe/Podgorica'),
(348, 'Europe/Prague'),
(349, 'Europe/Riga'),
(350, 'Europe/Rome'),
(351, 'Europe/Samara'),
(352, 'Europe/San_Marino'),
(353, 'Europe/Sarajevo'),
(354, 'Europe/Saratov'),
(355, 'Europe/Simferopol'),
(356, 'Europe/Skopje'),
(357, 'Europe/Sofia'),
(358, 'Europe/Stockholm'),
(359, 'Europe/Tallinn'),
(360, 'Europe/Tirane'),
(361, 'Europe/Ulyanovsk'),
(362, 'Europe/Vaduz'),
(363, 'Europe/Vatican'),
(364, 'Europe/Vienna'),
(365, 'Europe/Vilnius'),
(366, 'Europe/Volgograd'),
(367, 'Europe/Warsaw'),
(368, 'Europe/Zagreb'),
(369, 'Europe/Zurich'),
(370, 'Indian/Antananarivo'),
(371, 'Indian/Chagos'),
(372, 'Indian/Christmas'),
(373, 'Indian/Cocos'),
(374, 'Indian/Comoro'),
(375, 'Indian/Kerguelen'),
(376, 'Indian/Mahe'),
(377, 'Indian/Maldives'),
(378, 'Indian/Mauritius'),
(379, 'Indian/Mayotte'),
(380, 'Indian/Reunion'),
(381, 'Pacific/Apia'),
(382, 'Pacific/Auckland'),
(383, 'Pacific/Bougainville'),
(384, 'Pacific/Chatham'),
(385, 'Pacific/Chuuk'),
(386, 'Pacific/Easter'),
(387, 'Pacific/Efate'),
(388, 'Pacific/Fakaofo'),
(389, 'Pacific/Fiji'),
(390, 'Pacific/Funafuti'),
(391, 'Pacific/Galapagos'),
(392, 'Pacific/Gambier'),
(393, 'Pacific/Guadalcanal'),
(394, 'Pacific/Guam'),
(395, 'Pacific/Honolulu'),
(396, 'Pacific/Kanton'),
(397, 'Pacific/Kiritimati'),
(398, 'Pacific/Kosrae'),
(399, 'Pacific/Kwajalein'),
(400, 'Pacific/Majuro'),
(401, 'Pacific/Marquesas'),
(402, 'Pacific/Midway'),
(403, 'Pacific/Nauru'),
(404, 'Pacific/Niue'),
(405, 'Pacific/Norfolk'),
(406, 'Pacific/Noumea'),
(407, 'Pacific/Pago_Pago'),
(408, 'Pacific/Palau'),
(409, 'Pacific/Pitcairn'),
(410, 'Pacific/Pohnpei'),
(411, 'Pacific/Port_Moresby'),
(412, 'Pacific/Rarotonga'),
(413, 'Pacific/Saipan'),
(414, 'Pacific/Tahiti'),
(415, 'Pacific/Tarawa'),
(416, 'Pacific/Tongatapu'),
(417, 'Pacific/Wake'),
(418, 'Pacific/Wallis'),
(419, 'UTC'),
(420, 'Africa/Abidjan'),
(421, 'Africa/Accra'),
(422, 'Africa/Addis_Ababa'),
(423, 'Africa/Algiers'),
(424, 'Africa/Asmara'),
(425, 'Africa/Bamako'),
(426, 'Africa/Bangui'),
(427, 'Africa/Banjul'),
(428, 'Africa/Bissau'),
(429, 'Africa/Blantyre'),
(430, 'Africa/Brazzaville'),
(431, 'Africa/Bujumbura'),
(432, 'Africa/Cairo'),
(433, 'Africa/Casablanca'),
(434, 'Africa/Ceuta'),
(435, 'Africa/Conakry'),
(436, 'Africa/Dakar'),
(437, 'Africa/Dar_es_Salaam'),
(438, 'Africa/Djibouti'),
(439, 'Africa/Douala'),
(440, 'Africa/El_Aaiun'),
(441, 'Africa/Freetown'),
(442, 'Africa/Gaborone'),
(443, 'Africa/Harare'),
(444, 'Africa/Johannesburg'),
(445, 'Africa/Juba'),
(446, 'Africa/Kampala'),
(447, 'Africa/Khartoum'),
(448, 'Africa/Kigali'),
(449, 'Africa/Kinshasa'),
(450, 'Africa/Lagos'),
(451, 'Africa/Libreville'),
(452, 'Africa/Lome'),
(453, 'Africa/Luanda'),
(454, 'Africa/Lubumbashi'),
(455, 'Africa/Lusaka'),
(456, 'Africa/Malabo'),
(457, 'Africa/Maputo'),
(458, 'Africa/Maseru'),
(459, 'Africa/Mbabane'),
(460, 'Africa/Mogadishu'),
(461, 'Africa/Monrovia'),
(462, 'Africa/Nairobi'),
(463, 'Africa/Ndjamena'),
(464, 'Africa/Niamey'),
(465, 'Africa/Nouakchott'),
(466, 'Africa/Ouagadougou'),
(467, 'Africa/Porto-Novo'),
(468, 'Africa/Sao_Tome'),
(469, 'Africa/Tripoli'),
(470, 'Africa/Tunis'),
(471, 'Africa/Windhoek'),
(472, 'America/Adak'),
(473, 'America/Anchorage'),
(474, 'America/Anguilla'),
(475, 'America/Antigua'),
(476, 'America/Araguaina'),
(477, 'America/Argentina/Buenos_Aires'),
(478, 'America/Argentina/Catamarca'),
(479, 'America/Argentina/Cordoba'),
(480, 'America/Argentina/Jujuy'),
(481, 'America/Argentina/La_Rioja'),
(482, 'America/Argentina/Mendoza'),
(483, 'America/Argentina/Rio_Gallegos'),
(484, 'America/Argentina/Salta'),
(485, 'America/Argentina/San_Juan'),
(486, 'America/Argentina/San_Luis'),
(487, 'America/Argentina/Tucuman'),
(488, 'America/Argentina/Ushuaia'),
(489, 'America/Aruba'),
(490, 'America/Asuncion'),
(491, 'America/Atikokan'),
(492, 'America/Bahia'),
(493, 'America/Bahia_Banderas'),
(494, 'America/Barbados'),
(495, 'America/Belem'),
(496, 'America/Belize'),
(497, 'America/Blanc-Sablon'),
(498, 'America/Boa_Vista'),
(499, 'America/Bogota'),
(500, 'America/Boise'),
(501, 'America/Cambridge_Bay'),
(502, 'America/Campo_Grande'),
(503, 'America/Cancun'),
(504, 'America/Caracas'),
(505, 'America/Cayenne'),
(506, 'America/Cayman'),
(507, 'America/Chicago'),
(508, 'America/Chihuahua'),
(509, 'America/Ciudad_Juarez'),
(510, 'America/Costa_Rica'),
(511, 'America/Creston'),
(512, 'America/Cuiaba'),
(513, 'America/Curacao'),
(514, 'America/Danmarkshavn'),
(515, 'America/Dawson'),
(516, 'America/Dawson_Creek'),
(517, 'America/Denver'),
(518, 'America/Detroit'),
(519, 'America/Dominica'),
(520, 'America/Edmonton'),
(521, 'America/Eirunepe'),
(522, 'America/El_Salvador'),
(523, 'America/Fort_Nelson'),
(524, 'America/Fortaleza'),
(525, 'America/Glace_Bay'),
(526, 'America/Goose_Bay'),
(527, 'America/Grand_Turk'),
(528, 'America/Grenada'),
(529, 'America/Guadeloupe'),
(530, 'America/Guatemala'),
(531, 'America/Guayaquil'),
(532, 'America/Guyana'),
(533, 'America/Halifax'),
(534, 'America/Havana'),
(535, 'America/Hermosillo'),
(536, 'America/Indiana/Indianapolis'),
(537, 'America/Indiana/Knox'),
(538, 'America/Indiana/Marengo'),
(539, 'America/Indiana/Petersburg'),
(540, 'America/Indiana/Tell_City'),
(541, 'America/Indiana/Vevay'),
(542, 'America/Indiana/Vincennes'),
(543, 'America/Indiana/Winamac'),
(544, 'America/Inuvik'),
(545, 'America/Iqaluit'),
(546, 'America/Jamaica'),
(547, 'America/Juneau'),
(548, 'America/Kentucky/Louisville'),
(549, 'America/Kentucky/Monticello'),
(550, 'America/Kralendijk'),
(551, 'America/La_Paz'),
(552, 'America/Lima'),
(553, 'America/Los_Angeles'),
(554, 'America/Lower_Princes'),
(555, 'America/Maceio'),
(556, 'America/Managua'),
(557, 'America/Manaus'),
(558, 'America/Marigot'),
(559, 'America/Martinique'),
(560, 'America/Matamoros'),
(561, 'America/Mazatlan'),
(562, 'America/Menominee'),
(563, 'America/Merida'),
(564, 'America/Metlakatla'),
(565, 'America/Mexico_City'),
(566, 'America/Miquelon'),
(567, 'America/Moncton'),
(568, 'America/Monterrey'),
(569, 'America/Montevideo'),
(570, 'America/Montserrat'),
(571, 'America/Nassau'),
(572, 'America/New_York'),
(573, 'America/Nome'),
(574, 'America/Noronha'),
(575, 'America/North_Dakota/Beulah'),
(576, 'America/North_Dakota/Center'),
(577, 'America/North_Dakota/New_Salem'),
(578, 'America/Nuuk'),
(579, 'America/Ojinaga'),
(580, 'America/Panama'),
(581, 'America/Paramaribo'),
(582, 'America/Phoenix'),
(583, 'America/Port-au-Prince'),
(584, 'America/Port_of_Spain'),
(585, 'America/Porto_Velho'),
(586, 'America/Puerto_Rico'),
(587, 'America/Punta_Arenas'),
(588, 'America/Rankin_Inlet'),
(589, 'America/Recife'),
(590, 'America/Regina'),
(591, 'America/Resolute'),
(592, 'America/Rio_Branco'),
(593, 'America/Santarem'),
(594, 'America/Santiago'),
(595, 'America/Santo_Domingo'),
(596, 'America/Sao_Paulo'),
(597, 'America/Scoresbysund'),
(598, 'America/Sitka'),
(599, 'America/St_Barthelemy'),
(600, 'America/St_Johns'),
(601, 'America/St_Kitts'),
(602, 'America/St_Lucia'),
(603, 'America/St_Thomas'),
(604, 'America/St_Vincent'),
(605, 'America/Swift_Current'),
(606, 'America/Tegucigalpa'),
(607, 'America/Thule'),
(608, 'America/Tijuana'),
(609, 'America/Toronto'),
(610, 'America/Tortola'),
(611, 'America/Vancouver'),
(612, 'America/Whitehorse'),
(613, 'America/Winnipeg'),
(614, 'America/Yakutat'),
(615, 'Antarctica/Casey'),
(616, 'Antarctica/Davis'),
(617, 'Antarctica/DumontDUrville'),
(618, 'Antarctica/Macquarie'),
(619, 'Antarctica/Mawson'),
(620, 'Antarctica/McMurdo'),
(621, 'Antarctica/Palmer'),
(622, 'Antarctica/Rothera'),
(623, 'Antarctica/Syowa'),
(624, 'Antarctica/Troll'),
(625, 'Antarctica/Vostok'),
(626, 'Arctic/Longyearbyen'),
(627, 'Asia/Aden'),
(628, 'Asia/Almaty'),
(629, 'Asia/Amman'),
(630, 'Asia/Anadyr'),
(631, 'Asia/Aqtau'),
(632, 'Asia/Aqtobe'),
(633, 'Asia/Ashgabat'),
(634, 'Asia/Atyrau'),
(635, 'Asia/Baghdad'),
(636, 'Asia/Bahrain'),
(637, 'Asia/Baku'),
(638, 'Asia/Bangkok'),
(639, 'Asia/Barnaul'),
(640, 'Asia/Beirut'),
(641, 'Asia/Bishkek'),
(642, 'Asia/Brunei'),
(643, 'Asia/Chita'),
(644, 'Asia/Choibalsan'),
(645, 'Asia/Colombo'),
(646, 'Asia/Damascus'),
(647, 'Asia/Dhaka'),
(648, 'Asia/Dili'),
(649, 'Asia/Dubai'),
(650, 'Asia/Dushanbe'),
(651, 'Asia/Famagusta'),
(652, 'Asia/Gaza'),
(653, 'Asia/Hebron'),
(654, 'Asia/Ho_Chi_Minh'),
(655, 'Asia/Hong_Kong'),
(656, 'Asia/Hovd'),
(657, 'Asia/Irkutsk'),
(658, 'Asia/Jakarta'),
(659, 'Asia/Jayapura'),
(660, 'Asia/Jerusalem'),
(661, 'Asia/Kabul'),
(662, 'Asia/Kamchatka'),
(663, 'Asia/Karachi'),
(664, 'Asia/Kathmandu'),
(665, 'Asia/Khandyga'),
(666, 'Asia/Kolkata'),
(667, 'Asia/Krasnoyarsk'),
(668, 'Asia/Kuala_Lumpur'),
(669, 'Asia/Kuching'),
(670, 'Asia/Kuwait'),
(671, 'Asia/Macau'),
(672, 'Asia/Magadan'),
(673, 'Asia/Makassar'),
(674, 'Asia/Manila'),
(675, 'Asia/Muscat'),
(676, 'Asia/Nicosia'),
(677, 'Asia/Novokuznetsk'),
(678, 'Asia/Novosibirsk'),
(679, 'Asia/Omsk'),
(680, 'Asia/Oral'),
(681, 'Asia/Phnom_Penh'),
(682, 'Asia/Pontianak'),
(683, 'Asia/Pyongyang'),
(684, 'Asia/Qatar'),
(685, 'Asia/Qostanay'),
(686, 'Asia/Qyzylorda'),
(687, 'Asia/Riyadh'),
(688, 'Asia/Sakhalin'),
(689, 'Asia/Samarkand'),
(690, 'Asia/Seoul'),
(691, 'Asia/Shanghai'),
(692, 'Asia/Singapore'),
(693, 'Asia/Srednekolymsk'),
(694, 'Asia/Taipei'),
(695, 'Asia/Tashkent'),
(696, 'Asia/Tbilisi'),
(697, 'Asia/Tehran'),
(698, 'Asia/Thimphu'),
(699, 'Asia/Tokyo'),
(700, 'Asia/Tomsk'),
(701, 'Asia/Ulaanbaatar'),
(702, 'Asia/Urumqi'),
(703, 'Asia/Ust-Nera'),
(704, 'Asia/Vientiane'),
(705, 'Asia/Vladivostok'),
(706, 'Asia/Yakutsk'),
(707, 'Asia/Yangon'),
(708, 'Asia/Yekaterinburg'),
(709, 'Asia/Yerevan'),
(710, 'Atlantic/Azores'),
(711, 'Atlantic/Bermuda'),
(712, 'Atlantic/Canary'),
(713, 'Atlantic/Cape_Verde'),
(714, 'Atlantic/Faroe'),
(715, 'Atlantic/Madeira'),
(716, 'Atlantic/Reykjavik'),
(717, 'Atlantic/South_Georgia'),
(718, 'Atlantic/St_Helena'),
(719, 'Atlantic/Stanley'),
(720, 'Australia/Adelaide'),
(721, 'Australia/Brisbane'),
(722, 'Australia/Broken_Hill'),
(723, 'Australia/Darwin'),
(724, 'Australia/Eucla'),
(725, 'Australia/Hobart'),
(726, 'Australia/Lindeman'),
(727, 'Australia/Lord_Howe'),
(728, 'Australia/Melbourne'),
(729, 'Australia/Perth'),
(730, 'Australia/Sydney'),
(731, 'Europe/Amsterdam'),
(732, 'Europe/Andorra'),
(733, 'Europe/Astrakhan'),
(734, 'Europe/Athens'),
(735, 'Europe/Belgrade'),
(736, 'Europe/Berlin'),
(737, 'Europe/Bratislava'),
(738, 'Europe/Brussels'),
(739, 'Europe/Bucharest'),
(740, 'Europe/Budapest'),
(741, 'Europe/Busingen'),
(742, 'Europe/Chisinau'),
(743, 'Europe/Copenhagen'),
(744, 'Europe/Dublin'),
(745, 'Europe/Gibraltar'),
(746, 'Europe/Guernsey'),
(747, 'Europe/Helsinki'),
(748, 'Europe/Isle_of_Man'),
(749, 'Europe/Istanbul'),
(750, 'Europe/Jersey'),
(751, 'Europe/Kaliningrad'),
(752, 'Europe/Kirov'),
(753, 'Europe/Kyiv'),
(754, 'Europe/Lisbon'),
(755, 'Europe/Ljubljana'),
(756, 'Europe/London'),
(757, 'Europe/Luxembourg'),
(758, 'Europe/Madrid'),
(759, 'Europe/Malta'),
(760, 'Europe/Mariehamn'),
(761, 'Europe/Minsk'),
(762, 'Europe/Monaco'),
(763, 'Europe/Moscow'),
(764, 'Europe/Oslo'),
(765, 'Europe/Paris'),
(766, 'Europe/Podgorica'),
(767, 'Europe/Prague'),
(768, 'Europe/Riga'),
(769, 'Europe/Rome'),
(770, 'Europe/Samara'),
(771, 'Europe/San_Marino'),
(772, 'Europe/Sarajevo'),
(773, 'Europe/Saratov'),
(774, 'Europe/Simferopol'),
(775, 'Europe/Skopje'),
(776, 'Europe/Sofia'),
(777, 'Europe/Stockholm'),
(778, 'Europe/Tallinn'),
(779, 'Europe/Tirane'),
(780, 'Europe/Ulyanovsk'),
(781, 'Europe/Vaduz'),
(782, 'Europe/Vatican'),
(783, 'Europe/Vienna'),
(784, 'Europe/Vilnius'),
(785, 'Europe/Volgograd'),
(786, 'Europe/Warsaw'),
(787, 'Europe/Zagreb'),
(788, 'Europe/Zurich'),
(789, 'Indian/Antananarivo'),
(790, 'Indian/Chagos'),
(791, 'Indian/Christmas'),
(792, 'Indian/Cocos'),
(793, 'Indian/Comoro'),
(794, 'Indian/Kerguelen'),
(795, 'Indian/Mahe'),
(796, 'Indian/Maldives'),
(797, 'Indian/Mauritius'),
(798, 'Indian/Mayotte'),
(799, 'Indian/Reunion'),
(800, 'Pacific/Apia'),
(801, 'Pacific/Auckland'),
(802, 'Pacific/Bougainville'),
(803, 'Pacific/Chatham'),
(804, 'Pacific/Chuuk'),
(805, 'Pacific/Easter'),
(806, 'Pacific/Efate'),
(807, 'Pacific/Fakaofo'),
(808, 'Pacific/Fiji'),
(809, 'Pacific/Funafuti'),
(810, 'Pacific/Galapagos'),
(811, 'Pacific/Gambier'),
(812, 'Pacific/Guadalcanal'),
(813, 'Pacific/Guam'),
(814, 'Pacific/Honolulu'),
(815, 'Pacific/Kanton'),
(816, 'Pacific/Kiritimati'),
(817, 'Pacific/Kosrae'),
(818, 'Pacific/Kwajalein'),
(819, 'Pacific/Majuro'),
(820, 'Pacific/Marquesas'),
(821, 'Pacific/Midway'),
(822, 'Pacific/Nauru'),
(823, 'Pacific/Niue'),
(824, 'Pacific/Norfolk'),
(825, 'Pacific/Noumea'),
(826, 'Pacific/Pago_Pago'),
(827, 'Pacific/Palau'),
(828, 'Pacific/Pitcairn'),
(829, 'Pacific/Pohnpei'),
(830, 'Pacific/Port_Moresby'),
(831, 'Pacific/Rarotonga'),
(832, 'Pacific/Saipan'),
(833, 'Pacific/Tahiti'),
(834, 'Pacific/Tarawa'),
(835, 'Pacific/Tongatapu'),
(836, 'Pacific/Wake'),
(837, 'Pacific/Wallis'),
(838, 'UTC');

-- --------------------------------------------------------

--
-- Table structure for table `transactions`
--

CREATE TABLE `transactions` (
  `id` bigint(20) UNSIGNED NOT NULL,
  `order_id` varchar(255) NOT NULL,
  `transaction_id` varchar(255) DEFAULT NULL,
  `payment_provider` enum('flutterwave','mollie','midtrans','paypal','paystack','razorpay','sslcommerz','stripe','instamojo','offline') NOT NULL,
  `plan_id` bigint(20) UNSIGNED NOT NULL,
  `user_id` bigint(20) UNSIGNED NOT NULL,
  `amount` varchar(255) NOT NULL,
  `currency_symbol` varchar(255) DEFAULT NULL,
  `usd_amount` varchar(255) DEFAULT NULL,
  `payment_status` enum('paid','unpaid') NOT NULL DEFAULT 'unpaid',
  `created_at` timestamp NULL DEFAULT NULL,
  `updated_at` timestamp NULL DEFAULT NULL,
  `manual_payment_id` bigint(20) UNSIGNED DEFAULT NULL
) ENGINE=InnoDB DEFAULT CHARSET=utf8mb4 COLLATE=utf8mb4_unicode_ci;

--
-- Dumping data for table `transactions`
--

INSERT INTO `transactions` (`id`, `order_id`, `transaction_id`, `payment_provider`, `plan_id`, `user_id`, `amount`, `currency_symbol`, `usd_amount`, `payment_status`, `created_at`, `updated_at`, `manual_payment_id`) VALUES
(1, '293137803', 'tr_6524c4cda9877', 'instamojo', 1, 3, '50', '€', '50', 'paid', '2023-04-24 06:22:22', '2023-10-09 21:28:14', NULL),
(2, '380315846', 'tr_6524c4cdaa788', 'stripe', 1, 3, '50', '$', '20', 'paid', '2023-01-03 07:37:05', '2023-10-09 21:28:14', NULL),
(3, '871211948', 'tr_6524c4cdab4c0', 'instamojo', 3, 2, '50', '€', '50', 'paid', '2023-05-04 13:25:45', '2023-10-09 21:28:14', NULL),
(4, '330594675', 'tr_6524c4cdad09a', 'razorpay', 3, 2, '20', '$', '50', 'paid', '2023-06-13 16:00:32', '2023-10-09 21:28:14', NULL),
(5, '974897817', 'tr_6524c4cdada63', 'flutterwave', 1, 3, '100', '€', '100', 'paid', '2022-12-06 12:16:41', '2023-10-09 21:28:14', NULL),
(6, '921760757', 'tr_6524c4cdae15a', 'stripe', 2, 3, '20', '€', '50', 'paid', '2023-06-24 22:59:08', '2023-10-09 21:28:14', NULL),
(7, '704500351', 'tr_6524c4cdaf039', 'paypal', 1, 3, '50', '$', '20', 'paid', '2023-03-23 01:34:23', '2023-10-09 21:28:14', NULL),
(8, '42418996', 'tr_6524c4cdb2047', 'instamojo', 2, 2, '50', '$', '100', 'paid', '2023-03-27 01:15:17', '2023-10-09 21:28:14', NULL),
(9, '827779188', 'tr_6524c4cdb2fd5', 'mollie', 3, 1, '50', '$', '20', 'paid', '2023-09-06 15:31:13', '2023-10-09 21:28:14', NULL),
(10, '192049074', 'tr_6524c4cdb3782', 'stripe', 3, 1, '50', '€', '100', 'paid', '2023-05-22 21:58:49', '2023-10-09 21:28:14', NULL),
(11, '779829522', 'tr_6524c4cdb3e8a', 'flutterwave', 1, 3, '50', '$', '50', 'paid', '2023-05-09 10:24:09', '2023-10-09 21:28:14', NULL),
(12, '431214154', 'tr_6524c4cdb4f4a', 'razorpay', 1, 2, '20', '€', '20', 'paid', '2022-10-19 01:50:01', '2023-10-09 21:28:14', NULL),
(13, '997213240', 'tr_6524c4cdb5b1f', 'mollie', 2, 1, '20', '$', '100', 'paid', '2023-01-07 18:28:13', '2023-10-09 21:28:14', NULL),
(14, '618247818', 'tr_6524c4cdb692b', 'mollie', 2, 2, '100', '€', '20', 'paid', '2023-07-05 06:04:32', '2023-10-09 21:28:14', NULL),
(15, '400664779', 'tr_6524c4cdb771d', 'razorpay', 1, 1, '100', '£', '50', 'paid', '2023-07-29 22:40:38', '2023-10-09 21:28:14', NULL),
(16, '997901448', 'tr_6524c4cdb8047', 'mollie', 3, 3, '20', '£', '50', 'paid', '2023-08-09 10:57:53', '2023-10-09 21:28:14', NULL),
(17, '874176394', 'tr_6524c4cdb963b', 'razorpay', 1, 3, '20', '€', '100', 'paid', '2023-09-16 17:39:25', '2023-10-09 21:28:14', NULL),
(18, '655323898', 'tr_6524c4cdba539', 'mollie', 1, 2, '20', '€', '20', 'paid', '2023-10-09 03:33:13', '2023-10-09 21:28:14', NULL),
(19, '9162761', 'tr_6524c4cdbaec0', 'paypal', 1, 3, '20', '£', '20', 'paid', '2023-01-22 18:59:49', '2023-10-09 21:28:14', NULL),
(20, '489822438', 'tr_6524c4cdbb71d', 'instamojo', 2, 2, '100', '$', '50', 'paid', '2023-01-20 13:38:09', '2023-10-09 21:28:14', NULL),
(21, '35725459', 'tr_6524c4cdbcba8', 'razorpay', 1, 2, '100', '€', '100', 'paid', '2023-04-06 09:35:18', '2023-10-09 21:28:14', NULL),
(22, '536182252', 'tr_6524c4cdbe8bf', 'midtrans', 3, 2, '20', '£', '20', 'paid', '2023-02-11 21:19:46', '2023-10-09 21:28:14', NULL),
(23, '503374080', 'tr_6524c4cdbfaf2', 'midtrans', 1, 3, '20', '£', '50', 'paid', '2023-06-20 09:25:24', '2023-10-09 21:28:14', NULL),
(24, '971216234', 'tr_6524c4cdc03ea', 'instamojo', 3, 1, '50', '€', '100', 'paid', '2023-01-01 18:06:34', '2023-10-09 21:28:14', NULL),
(25, '17864763', 'tr_6524c4cdc1c14', 'stripe', 2, 1, '100', '€', '50', 'paid', '2023-05-10 09:17:16', '2023-10-09 21:28:14', NULL),
(26, '234109761', 'tr_6524c4cdc2862', 'razorpay', 2, 3, '50', '€', '50', 'paid', '2022-12-01 19:44:22', '2023-10-09 21:28:14', NULL),
(27, '428047096', 'tr_6524c4cdc2d95', 'sslcommerz', 1, 3, '100', '€', '50', 'paid', '2023-05-06 09:36:40', '2023-10-09 21:28:14', NULL),
(28, '457285623', 'tr_6524c4cdc3233', 'paystack', 2, 2, '20', '$', '100', 'paid', '2023-03-08 07:16:17', '2023-10-09 21:28:14', NULL),
(29, '611423390', 'tr_6524c4cdc368e', 'midtrans', 2, 1, '100', '£', '100', 'paid', '2023-05-30 07:35:23', '2023-10-09 21:28:14', NULL),
(30, '636889697', 'tr_6524c4cdc3d7d', 'paystack', 3, 2, '50', '€', '20', 'paid', '2022-12-02 11:58:10', '2023-10-09 21:28:14', NULL),
(31, '115979274', 'tr_6524c4cdc43c9', 'midtrans', 3, 3, '100', '£', '20', 'paid', '2022-11-01 20:52:40', '2023-10-09 21:28:14', NULL),
(32, '357538190', 'tr_6524c4cdc4f98', 'mollie', 1, 3, '50', '€', '100', 'paid', '2023-02-15 02:44:40', '2023-10-09 21:28:14', NULL),
(33, '29613425', 'tr_6524c4cdc6084', 'midtrans', 2, 2, '50', '$', '50', 'paid', '2023-10-07 00:13:26', '2023-10-09 21:28:14', NULL),
(34, '942866668', 'tr_6524c4cdc68df', 'razorpay', 3, 2, '50', '£', '50', 'paid', '2022-10-10 01:24:50', '2023-10-09 21:28:14', NULL),
(35, '559456801', 'tr_6524c4cdc6f5e', 'paypal', 2, 2, '100', '£', '50', 'paid', '2022-10-23 11:15:25', '2023-10-09 21:28:14', NULL),
(36, '267101868', 'tr_6524c4cdc7670', 'instamojo', 3, 1, '100', '€', '100', 'paid', '2022-12-22 02:26:26', '2023-10-09 21:28:14', NULL),
(37, '831374336', 'tr_6524c4cdc7f27', 'midtrans', 1, 1, '50', '€', '50', 'paid', '2023-05-21 16:45:45', '2023-10-09 21:28:14', NULL),
(38, '355218924', 'tr_6524c4cdc8415', 'stripe', 2, 1, '50', '€', '100', 'paid', '2023-07-03 08:55:50', '2023-10-09 21:28:14', NULL),
(39, '514986868', 'tr_6524c4cdc8d8a', 'razorpay', 1, 3, '20', '£', '100', 'paid', '2023-03-02 02:56:53', '2023-10-09 21:28:14', NULL),
(40, '812471104', 'tr_6524c4cdc9484', 'instamojo', 1, 2, '100', '$', '50', 'paid', '2023-06-10 12:26:43', '2023-10-09 21:28:14', NULL),
(41, '872687481', 'tr_6524c4cdc9f46', 'midtrans', 2, 1, '20', '$', '100', 'paid', '2023-03-17 14:01:44', '2023-10-09 21:28:14', NULL),
(42, '985215457', 'tr_6524c4cdca575', 'flutterwave', 3, 2, '50', '£', '20', 'paid', '2023-04-15 11:00:36', '2023-10-09 21:28:14', NULL),
(43, '185304591', 'tr_6524c4cdcaf8f', 'midtrans', 3, 2, '20', '$', '20', 'paid', '2023-07-19 05:59:39', '2023-10-09 21:28:14', NULL),
(44, '508549510', 'tr_6524c4cdcb434', 'midtrans', 2, 3, '100', '£', '100', 'paid', '2023-07-06 02:41:01', '2023-10-09 21:28:14', NULL),
(45, '463453814', 'tr_6524c4cdcb7de', 'flutterwave', 1, 1, '100', '€', '100', 'paid', '2023-01-11 18:45:47', '2023-10-09 21:28:14', NULL),
(46, '179174221', 'tr_6524c4cdcbb88', 'midtrans', 1, 2, '20', '£', '50', 'paid', '2023-02-13 13:50:11', '2023-10-09 21:28:14', NULL),
(47, '862173443', 'tr_6524c4cdcbee8', 'midtrans', 3, 2, '20', '$', '100', 'paid', '2022-11-27 07:04:42', '2023-10-09 21:28:14', NULL),
(48, '974414094', 'tr_6524c4cdcc437', 'instamojo', 3, 3, '50', '€', '50', 'paid', '2023-01-06 03:14:07', '2023-10-09 21:28:14', NULL),
(49, '325135899', 'tr_6524c4cdccc7a', 'midtrans', 3, 1, '100', '€', '50', 'paid', '2023-01-02 13:26:12', '2023-10-09 21:28:14', NULL),
(50, '670754097', 'tr_6524c4cdcd41b', 'paypal', 2, 2, '50', '€', '20', 'paid', '2023-06-19 01:34:45', '2023-10-09 21:28:14', NULL),
(51, '276725907', 'tr_6524c4cdcded4', 'flutterwave', 1, 3, '50', '£', '100', 'paid', '2022-10-23 22:53:57', '2023-10-09 21:28:14', NULL),
(52, '481408833', 'tr_6524c4cdce5ae', 'paystack', 2, 1, '20', '£', '50', 'paid', '2023-02-09 16:06:24', '2023-10-09 21:28:14', NULL),
(53, '845710357', 'tr_6524c4cdcec77', 'midtrans', 1, 3, '20', '$', '100', 'paid', '2023-02-22 05:35:22', '2023-10-09 21:28:14', NULL),
(54, '58201286', 'tr_6524c4cdcf363', 'mollie', 3, 2, '50', '£', '20', 'paid', '2023-04-15 07:35:40', '2023-10-09 21:28:14', NULL),
(55, '89010049', 'tr_6524c4cdcf7e6', 'flutterwave', 1, 1, '50', '£', '100', 'paid', '2023-06-27 02:39:35', '2023-10-09 21:28:14', NULL),
(56, '289454484', 'tr_6524c4cdcfc30', 'stripe', 3, 1, '20', '$', '20', 'paid', '2023-02-25 15:51:53', '2023-10-09 21:28:14', NULL),
(57, '354152850', 'tr_6524c4cdcffb7', 'paystack', 3, 2, '50', '$', '100', 'paid', '2022-10-23 10:37:57', '2023-10-09 21:28:14', NULL),
(58, '240404045', 'tr_6524c4cdd0316', 'paystack', 3, 3, '50', '£', '20', 'paid', '2023-03-22 16:33:28', '2023-10-09 21:28:14', NULL),
(59, '431320317', 'tr_6524c4cdd0696', 'midtrans', 3, 2, '50', '$', '100', 'paid', '2023-07-10 02:51:24', '2023-10-09 21:28:14', NULL),
(60, '307686533', 'tr_6524c4cdd0e52', 'mollie', 2, 1, '20', '€', '20', 'paid', '2023-05-23 15:17:28', '2023-10-09 21:28:14', NULL),
(61, '554657438', 'tr_6524c4cdd14bc', 'stripe', 3, 3, '50', '£', '20', 'paid', '2023-03-05 04:24:37', '2023-10-09 21:28:14', NULL),
(62, '443865347', 'tr_6524c4cdd20bc', 'stripe', 2, 3, '100', '$', '50', 'paid', '2023-08-14 07:14:37', '2023-10-09 21:28:14', NULL),
(63, '608663375', 'tr_6524c4cdd2782', 'razorpay', 3, 3, '20', '$', '20', 'paid', '2022-11-12 18:45:56', '2023-10-09 21:28:14', NULL),
(64, '138112315', 'tr_6524c4cdd3109', 'instamojo', 2, 3, '100', '€', '100', 'paid', '2023-03-25 02:38:54', '2023-10-09 21:28:14', NULL),
(65, '830734035', 'tr_6524c4cdd361e', 'instamojo', 3, 3, '100', '£', '100', 'paid', '2023-04-17 02:53:31', '2023-10-09 21:28:14', NULL),
(66, '662040162', 'tr_6524c4cdd3ac0', 'midtrans', 2, 2, '100', '$', '50', 'paid', '2023-02-06 00:29:05', '2023-10-09 21:28:14', NULL),
(67, '506187266', 'tr_6524c4cdd3eef', 'midtrans', 3, 3, '50', '£', '50', 'paid', '2023-06-03 23:36:42', '2023-10-09 21:28:14', NULL),
(68, '79333578', 'tr_6524c4cdd4309', 'mollie', 2, 3, '100', '$', '100', 'paid', '2023-04-06 07:02:38', '2023-10-09 21:28:14', NULL),
(69, '834266850', 'tr_6524c4cdd4854', 'razorpay', 2, 1, '50', '€', '100', 'paid', '2022-12-23 06:38:53', '2023-10-09 21:28:14', NULL),
(70, '437699096', 'tr_6524c4cdd5134', 'paypal', 3, 3, '100', '€', '100', 'paid', '2023-08-27 19:06:25', '2023-10-09 21:28:14', NULL),
(71, '913824983', 'tr_6524c4cdd5874', 'razorpay', 1, 3, '20', '£', '20', 'paid', '2023-06-28 21:28:22', '2023-10-09 21:28:14', NULL),
(72, '141290570', 'tr_6524c4cdd633f', 'paystack', 2, 2, '50', '£', '50', 'paid', '2023-02-11 17:05:35', '2023-10-09 21:28:14', NULL),
(73, '874719164', 'tr_6524c4cdd6a40', 'paystack', 2, 1, '100', '€', '50', 'paid', '2022-12-27 18:20:14', '2023-10-09 21:28:14', NULL),
(74, '481588333', 'tr_6524c4cdd72a6', 'paypal', 1, 2, '50', '$', '100', 'paid', '2023-02-10 21:51:27', '2023-10-09 21:28:14', NULL),
(75, '36570618', 'tr_6524c4cdd7830', 'midtrans', 2, 1, '20', '£', '20', 'paid', '2023-01-06 17:55:58', '2023-10-09 21:28:14', NULL),
(76, '601540550', 'tr_6524c4cdd7d85', 'paystack', 2, 2, '20', '£', '20', 'paid', '2023-03-06 14:08:16', '2023-10-09 21:28:14', NULL),
(77, '3481214', 'tr_6524c4cdd81d5', 'paystack', 3, 2, '50', '$', '20', 'paid', '2023-01-22 06:20:29', '2023-10-09 21:28:14', NULL),
(78, '34538651', 'tr_6524c4cdd8606', 'mollie', 1, 1, '50', '$', '20', 'paid', '2022-11-17 14:04:04', '2023-10-09 21:28:14', NULL),
(79, '361792775', 'tr_6524c4cdd8a2a', 'razorpay', 2, 1, '50', '$', '50', 'paid', '2022-10-12 10:10:13', '2023-10-09 21:28:14', NULL),
(80, '211399493', 'tr_6524c4cdd93de', 'midtrans', 1, 2, '20', '£', '20', 'paid', '2022-11-17 11:18:44', '2023-10-09 21:28:14', NULL),
(81, '77042326', 'tr_6524c4cdd9e9f', 'stripe', 1, 2, '20', '€', '20', 'paid', '2022-11-30 08:22:10', '2023-10-09 21:28:14', NULL),
(82, '580794367', 'tr_6524c4cddacc8', 'paypal', 2, 3, '50', '$', '50', 'paid', '2023-07-12 09:50:42', '2023-10-09 21:28:14', NULL),
(83, '241898394', 'tr_6524c4cddb9e1', 'midtrans', 2, 3, '50', '$', '100', 'paid', '2022-11-22 03:40:03', '2023-10-09 21:28:14', NULL),
(84, '353022620', 'tr_6524c4cddc20e', 'sslcommerz', 3, 3, '100', '£', '50', 'paid', '2023-05-18 14:29:02', '2023-10-09 21:28:14', NULL),
(85, '430551390', 'tr_6524c4cddcbbb', 'sslcommerz', 2, 2, '20', '$', '100', 'paid', '2023-04-24 11:09:21', '2023-10-09 21:28:14', NULL),
(86, '474699094', 'tr_6524c4cdddbd6', 'razorpay', 2, 2, '100', '€', '100', 'paid', '2023-04-30 09:24:11', '2023-10-09 21:28:14', NULL),
(87, '165576609', 'tr_6524c4cdde859', 'midtrans', 3, 2, '50', '£', '50', 'paid', '2023-02-24 15:02:56', '2023-10-09 21:28:14', NULL),
(88, '233753348', 'tr_6524c4cddf074', 'instamojo', 1, 3, '20', '€', '100', 'paid', '2023-04-13 19:26:01', '2023-10-09 21:28:14', NULL),
(89, '637184106', 'tr_6524c4cddf9b5', 'paypal', 1, 2, '100', '$', '50', 'paid', '2023-09-19 13:00:41', '2023-10-09 21:28:14', NULL),
(90, '642096287', 'tr_6524c4cde02ec', 'flutterwave', 1, 2, '20', '£', '100', 'paid', '2023-06-08 21:10:55', '2023-10-09 21:28:14', NULL),
(91, '21077967', 'tr_6524c4cde192a', 'midtrans', 3, 1, '100', '$', '50', 'paid', '2023-06-10 17:21:23', '2023-10-09 21:28:14', NULL),
(92, '717060317', 'tr_6524c4cde32ed', 'sslcommerz', 3, 2, '20', '$', '20', 'paid', '2023-03-23 05:29:07', '2023-10-09 21:28:14', NULL),
(93, '772631399', 'tr_6524c4cde3c0c', 'paypal', 2, 1, '50', '€', '50', 'paid', '2022-10-27 21:58:13', '2023-10-09 21:28:14', NULL),
(94, '9993853', 'tr_6524c4cde454b', 'paystack', 2, 2, '100', '$', '100', 'paid', '2022-10-16 06:42:58', '2023-10-09 21:28:14', NULL),
(95, '126847276', 'tr_6524c4cde4cf2', 'sslcommerz', 2, 3, '100', '£', '100', 'paid', '2023-06-10 10:46:02', '2023-10-09 21:28:14', NULL),
(96, '396809137', 'tr_6524c4cde56fa', 'midtrans', 2, 1, '50', '€', '100', 'paid', '2023-05-01 12:06:25', '2023-10-09 21:28:14', NULL),
(97, '806045377', 'tr_6524c4cde5d6e', 'flutterwave', 2, 2, '50', '£', '100', 'paid', '2023-05-26 04:05:30', '2023-10-09 21:28:14', NULL),
(98, '893797549', 'tr_6524c4cde6443', 'paypal', 2, 2, '100', '$', '20', 'paid', '2023-07-03 09:11:02', '2023-10-09 21:28:14', NULL),
(99, '104596605', 'tr_6524c4cde6b11', 'stripe', 1, 3, '50', '$', '100', 'paid', '2023-02-26 15:48:21', '2023-10-09 21:28:14', NULL),
(100, '846793203', 'tr_6524c4cde71ad', 'paypal', 3, 3, '50', '$', '20', 'paid', '2023-09-02 19:41:00', '2023-10-09 21:28:14', NULL),
(101, '871907450', 'tr_6524c4cde783b', 'mollie', 1, 1, '20', '£', '100', 'paid', '2023-07-16 11:30:40', '2023-10-09 21:28:14', NULL),
(102, '846506542', 'tr_6524c4cde7f0c', 'paystack', 2, 3, '100', '$', '20', 'paid', '2022-12-27 06:03:44', '2023-10-09 21:28:14', NULL),
(103, '394763926', 'tr_6524c4cde86ca', 'sslcommerz', 2, 2, '100', '£', '20', 'paid', '2023-06-24 03:08:44', '2023-10-09 21:28:14', NULL),
(104, '848351690', 'tr_6524c4cde8e7c', 'paypal', 1, 1, '100', '€', '20', 'paid', '2023-10-03 10:53:55', '2023-10-09 21:28:14', NULL),
(105, '293944473', 'tr_6524c4cde95a3', 'sslcommerz', 2, 1, '50', '£', '50', 'paid', '2023-03-11 07:38:34', '2023-10-09 21:28:14', NULL),
(106, '668068494', 'tr_6524c4cde9cd2', 'sslcommerz', 2, 3, '50', '£', '20', 'paid', '2023-01-28 07:18:55', '2023-10-09 21:28:14', NULL),
(107, '733908229', 'tr_6524c4cdea451', 'instamojo', 2, 3, '20', '£', '50', 'paid', '2023-08-29 00:58:37', '2023-10-09 21:28:14', NULL),
(108, '60667472', 'tr_6524c4cdeace9', 'paypal', 1, 2, '50', '€', '50', 'paid', '2022-12-11 10:20:46', '2023-10-09 21:28:14', NULL),
(109, '559424517', 'tr_6524c4cdeb5bb', 'razorpay', 2, 2, '20', '€', '50', 'paid', '2023-05-18 15:46:48', '2023-10-09 21:28:14', NULL),
(110, '741815209', 'tr_6524c4cdebda4', 'instamojo', 2, 3, '50', '£', '50', 'paid', '2023-07-16 06:23:08', '2023-10-09 21:28:14', NULL),
(111, '616432930', 'tr_6524c4cdec57b', 'paypal', 2, 1, '50', '$', '50', 'paid', '2023-02-10 21:08:13', '2023-10-09 21:28:14', NULL),
(112, '811922940', 'tr_6524c4cdecb5a', 'paypal', 2, 2, '50', '$', '50', 'paid', '2022-12-16 01:35:05', '2023-10-09 21:28:14', NULL),
(113, '730586465', 'tr_6524c4cded01b', 'razorpay', 1, 2, '100', '$', '20', 'paid', '2022-11-25 05:01:43', '2023-10-09 21:28:14', NULL),
(114, '117628412', 'tr_6524c4cded4d8', 'stripe', 3, 3, '20', '€', '20', 'paid', '2023-08-10 07:48:52', '2023-10-09 21:28:14', NULL),
(115, '972808628', 'tr_6524c4cdedb31', 'paypal', 3, 1, '50', '$', '100', 'paid', '2023-09-08 10:34:08', '2023-10-09 21:28:14', NULL),
(116, '318011631', 'tr_6524c4cdee0bd', 'instamojo', 2, 1, '50', '$', '100', 'paid', '2023-04-20 14:44:37', '2023-10-09 21:28:14', NULL),
(117, '556046404', 'tr_6524c4cdee57b', 'sslcommerz', 2, 1, '50', '$', '20', 'paid', '2022-10-21 06:22:50', '2023-10-09 21:28:14', NULL),
(118, '137139429', 'tr_6524c4cdeeaa5', 'paystack', 1, 2, '100', '£', '20', 'paid', '2022-11-13 08:41:10', '2023-10-09 21:28:14', NULL),
(119, '89693201', 'tr_6524c4cdef24b', 'paypal', 2, 2, '20', '$', '50', 'paid', '2023-03-23 11:18:31', '2023-10-09 21:28:14', NULL),
(120, '929528346', 'tr_6524c4cdefab3', 'paystack', 3, 1, '100', '$', '20', 'paid', '2023-08-06 14:38:14', '2023-10-09 21:28:14', NULL),
(121, '962715987', 'tr_6524c4cdf0278', 'flutterwave', 3, 2, '100', '£', '20', 'paid', '2023-09-04 01:05:58', '2023-10-09 21:28:14', NULL),
(122, '862438810', 'tr_6524c4cdf0b86', 'mollie', 1, 2, '20', '£', '20', 'paid', '2023-08-05 22:39:47', '2023-10-09 21:28:14', NULL),
(123, '628109327', 'tr_6524c4cdf12d3', 'paypal', 1, 3, '20', '$', '20', 'paid', '2023-09-30 11:19:51', '2023-10-09 21:28:14', NULL),
(124, '445752281', 'tr_6524c4cdf18b3', 'razorpay', 1, 3, '50', '€', '100', 'paid', '2023-07-19 15:58:26', '2023-10-09 21:28:14', NULL),
(125, '861374562', 'tr_6524c4cdf1fed', 'sslcommerz', 1, 2, '50', '$', '20', 'paid', '2023-08-19 10:57:02', '2023-10-09 21:28:14', NULL),
(126, '398644003', 'tr_6524c4cdf27f4', 'stripe', 1, 2, '20', '$', '50', 'paid', '2023-07-31 12:28:33', '2023-10-09 21:28:14', NULL),
(127, '866477905', 'tr_6524c4cdf2ec7', 'mollie', 2, 2, '20', '€', '20', 'paid', '2023-09-13 01:33:06', '2023-10-09 21:28:14', NULL),
(128, '347250740', 'tr_6524c4cdf365c', 'stripe', 2, 1, '50', '€', '50', 'paid', '2023-03-03 04:25:01', '2023-10-09 21:28:14', NULL),
(129, '91565903', 'tr_6524c4cdf3fb8', 'sslcommerz', 2, 2, '50', '$', '20', 'paid', '2023-03-02 01:20:55', '2023-10-09 21:28:14', NULL),
(130, '952360167', 'tr_6524c4ce006e2', 'midtrans', 1, 1, '20', '£', '100', 'paid', '2022-11-17 23:40:20', '2023-10-09 21:28:14', NULL),
(131, '483667912', 'tr_6524c4ce00e42', 'paypal', 2, 2, '100', '£', '50', 'paid', '2023-03-10 15:30:47', '2023-10-09 21:28:14', NULL),
(132, '512636695', 'tr_6524c4ce01739', 'midtrans', 3, 2, '20', '$', '20', 'paid', '2022-10-10 11:26:37', '2023-10-09 21:28:14', NULL),
(133, '856299912', 'tr_6524c4ce02044', 'paystack', 2, 3, '20', '€', '50', 'paid', '2023-03-25 15:16:15', '2023-10-09 21:28:14', NULL),
(134, '321651589', 'tr_6524c4ce026d1', 'paypal', 2, 1, '20', '£', '50', 'paid', '2022-11-22 22:29:18', '2023-10-09 21:28:14', NULL),
(135, '729084542', 'tr_6524c4ce02ccb', 'paystack', 1, 1, '20', '$', '100', 'paid', '2023-03-04 22:23:59', '2023-10-09 21:28:14', NULL),
(136, '985702991', 'tr_6524c4ce03224', 'stripe', 2, 2, '100', '€', '100', 'paid', '2023-08-17 19:06:23', '2023-10-09 21:28:14', NULL),
(137, '880038761', 'tr_6524c4ce03882', 'mollie', 2, 3, '50', '€', '100', 'paid', '2023-06-22 10:31:04', '2023-10-09 21:28:14', NULL),
(138, '469661887', 'tr_6524c4ce03da2', 'mollie', 3, 3, '50', '€', '20', 'paid', '2023-01-21 14:28:02', '2023-10-09 21:28:14', NULL),
(139, '494868767', 'tr_6524c4ce04200', 'flutterwave', 2, 1, '100', '€', '20', 'paid', '2023-09-07 18:56:24', '2023-10-09 21:28:14', NULL),
(140, '72158256', 'tr_6524c4ce04696', 'razorpay', 3, 3, '100', '£', '20', 'paid', '2023-09-18 13:58:17', '2023-10-09 21:28:14', NULL),
(141, '214557825', 'tr_6524c4ce04c21', 'razorpay', 2, 3, '50', '$', '50', 'paid', '2023-02-08 08:54:15', '2023-10-09 21:28:14', NULL),
(142, '482244941', 'tr_6524c4ce051d4', 'sslcommerz', 1, 1, '50', '$', '20', 'paid', '2023-02-26 11:12:56', '2023-10-09 21:28:14', NULL),
(143, '304966148', 'tr_6524c4ce055d9', 'razorpay', 3, 1, '50', '€', '20', 'paid', '2023-06-21 16:20:45', '2023-10-09 21:28:14', NULL),
(144, '235771547', 'tr_6524c4ce05a82', 'paypal', 2, 3, '20', '$', '50', 'paid', '2023-09-23 10:17:06', '2023-10-09 21:28:14', NULL),
(145, '376450721', 'tr_6524c4ce05e3a', 'midtrans', 3, 1, '100', '£', '50', 'paid', '2023-08-08 09:10:52', '2023-10-09 21:28:14', NULL),
(146, '928563349', 'tr_6524c4ce061db', 'stripe', 1, 2, '50', '$', '100', 'paid', '2023-04-06 18:34:42', '2023-10-09 21:28:14', NULL),
(147, '836595160', 'tr_6524c4ce066e3', 'sslcommerz', 1, 3, '20', '£', '20', 'paid', '2023-04-29 10:25:47', '2023-10-09 21:28:14', NULL),
(148, '980259446', 'tr_6524c4ce06bf2', 'instamojo', 2, 1, '100', '€', '50', 'paid', '2023-07-12 02:56:10', '2023-10-09 21:28:14', NULL),
(149, '620835756', 'tr_6524c4ce06f98', 'sslcommerz', 1, 1, '100', '€', '50', 'paid', '2023-08-13 04:05:02', '2023-10-09 21:28:14', NULL),
(150, '996480181', 'tr_6524c4ce07321', 'mollie', 1, 1, '20', '£', '100', 'paid', '2023-07-07 10:09:33', '2023-10-09 21:28:14', NULL),
(151, '227467903', 'tr_6524c4ce076bb', 'instamojo', 1, 1, '50', '$', '100', 'paid', '2023-04-27 16:30:42', '2023-10-09 21:28:14', NULL),
(152, '18474549', 'tr_6524c4ce07a11', 'sslcommerz', 1, 3, '20', '€', '100', 'paid', '2023-09-22 11:38:50', '2023-10-09 21:28:14', NULL),
(153, '528660937', 'tr_6524c4ce07d73', 'flutterwave', 1, 3, '50', '£', '20', 'paid', '2022-10-28 16:15:11', '2023-10-09 21:28:14', NULL),
(154, '570489163', 'tr_6524c4ce081e2', 'instamojo', 1, 2, '50', '$', '100', 'paid', '2023-07-25 21:40:25', '2023-10-09 21:28:14', NULL),
(155, '692783854', 'tr_6524c4ce0872a', 'paypal', 1, 3, '100', '€', '20', 'paid', '2023-04-23 17:37:37', '2023-10-09 21:28:14', NULL),
(156, '849751756', 'tr_6524c4ce08b72', 'paystack', 3, 1, '100', '€', '100', 'paid', '2023-04-30 07:53:32', '2023-10-09 21:28:14', NULL),
(157, '131047273', 'tr_6524c4ce08f97', 'stripe', 2, 1, '100', '$', '20', 'paid', '2022-12-12 04:02:16', '2023-10-09 21:28:14', NULL),
(158, '72760526', 'tr_6524c4ce093d0', 'instamojo', 3, 3, '20', '€', '50', 'paid', '2022-10-31 20:44:38', '2023-10-09 21:28:14', NULL),
(159, '34689733', 'tr_6524c4ce0992d', 'sslcommerz', 2, 1, '20', '€', '100', 'paid', '2022-11-03 18:21:53', '2023-10-09 21:28:14', NULL),
(160, '911935147', 'tr_6524c4ce09f82', 'paystack', 1, 3, '20', '€', '100', 'paid', '2023-04-13 15:04:19', '2023-10-09 21:28:14', NULL),
(161, '391643778', 'tr_6524c4ce0a41f', 'stripe', 3, 1, '100', '€', '100', 'paid', '2023-10-09 03:56:32', '2023-10-09 21:28:14', NULL),
(162, '748216711', 'tr_6524c4ce0a855', 'paypal', 2, 1, '20', '€', '50', 'paid', '2022-10-18 08:23:41', '2023-10-09 21:28:14', NULL),
(163, '713005716', 'tr_6524c4ce0ac79', 'instamojo', 1, 3, '20', '€', '50', 'paid', '2023-03-01 01:05:34', '2023-10-09 21:28:14', NULL),
(164, '831714005', 'tr_6524c4ce0b090', 'instamojo', 3, 2, '50', '£', '100', 'paid', '2023-03-24 11:06:08', '2023-10-09 21:28:14', NULL),
(165, '769317987', 'tr_6524c4ce0b622', 'stripe', 3, 1, '100', '£', '100', 'paid', '2023-03-12 02:25:27', '2023-10-09 21:28:14', NULL),
(166, '582090743', 'tr_6524c4ce0bb90', 'razorpay', 1, 1, '50', '€', '100', 'paid', '2023-09-03 11:07:43', '2023-10-09 21:28:14', NULL),
(167, '137457008', 'tr_6524c4ce0c185', 'razorpay', 2, 1, '20', '€', '100', 'paid', '2023-03-15 10:13:05', '2023-10-09 21:28:14', NULL),
(168, '557470077', 'tr_6524c4ce0c614', 'paypal', 2, 2, '100', '€', '20', 'paid', '2022-12-17 07:58:06', '2023-10-09 21:28:14', NULL),
(169, '405006101', 'tr_6524c4ce0ca83', 'stripe', 1, 2, '100', '£', '100', 'paid', '2023-08-15 21:40:56', '2023-10-09 21:28:14', NULL),
(170, '465936066', 'tr_6524c4ce0cfa5', 'sslcommerz', 2, 2, '100', '£', '100', 'paid', '2023-02-09 01:11:00', '2023-10-09 21:28:14', NULL),
(171, '934133538', 'tr_6524c4ce0d38e', 'mollie', 2, 2, '50', '$', '100', 'paid', '2023-09-11 19:35:31', '2023-10-09 21:28:14', NULL),
(172, '216507615', 'tr_6524c4ce0d766', 'flutterwave', 1, 1, '50', '€', '100', 'paid', '2022-12-14 17:36:45', '2023-10-09 21:28:14', NULL),
(173, '993917132', 'tr_6524c4ce0dace', 'flutterwave', 1, 2, '100', '$', '50', 'paid', '2023-04-25 19:54:57', '2023-10-09 21:28:14', NULL),
(174, '551745028', 'tr_6524c4ce0de3f', 'paystack', 2, 1, '20', '£', '20', 'paid', '2023-03-16 14:43:24', '2023-10-09 21:28:14', NULL),
(175, '174368640', 'tr_6524c4ce0e1a4', 'razorpay', 2, 2, '100', '$', '50', 'paid', '2023-09-30 06:18:18', '2023-10-09 21:28:14', NULL),
(176, '183448630', 'tr_6524c4ce0e4ed', 'paypal', 3, 1, '100', '€', '20', 'paid', '2023-02-03 23:03:48', '2023-10-09 21:28:14', NULL),
(177, '568018617', 'tr_6524c4ce0e837', 'paypal', 1, 3, '20', '€', '100', 'paid', '2022-10-29 07:53:09', '2023-10-09 21:28:14', NULL),
(178, '973399323', 'tr_6524c4ce0eb90', 'paypal', 1, 1, '100', '£', '50', 'paid', '2023-08-26 07:19:44', '2023-10-09 21:28:15', NULL),
(179, '192094826', 'tr_6524c4ce0eed8', 'paystack', 1, 3, '20', '£', '20', 'paid', '2022-12-28 10:56:11', '2023-10-09 21:28:15', NULL),
(180, '485576079', 'tr_6524c4ce0f2a6', 'instamojo', 2, 3, '100', '$', '50', 'paid', '2022-11-01 08:48:31', '2023-10-09 21:28:15', NULL),
(181, '483894688', 'tr_6524c4ce0f60a', 'instamojo', 2, 2, '50', '$', '100', 'paid', '2023-08-12 08:55:49', '2023-10-09 21:28:15', NULL),
(182, '29586192', 'tr_6524c4ce0f967', 'paypal', 1, 1, '100', '£', '100', 'paid', '2023-04-14 05:29:31', '2023-10-09 21:28:15', NULL),
(183, '92818449', 'tr_6524c4ce0fcab', 'stripe', 3, 2, '20', '€', '50', 'paid', '2023-03-28 09:42:36', '2023-10-09 21:28:15', NULL),
(184, '332485985', 'tr_6524c4ce10001', 'paypal', 2, 3, '50', '€', '100', 'paid', '2023-04-26 04:46:07', '2023-10-09 21:28:15', NULL),
(185, '757150774', 'tr_6524c4ce1035b', 'razorpay', 1, 3, '20', '$', '50', 'paid', '2023-06-18 07:35:11', '2023-10-09 21:28:15', NULL),
(186, '874345211', 'tr_6524c4ce106a1', 'paystack', 2, 2, '50', '$', '50', 'paid', '2023-01-29 19:18:24', '2023-10-09 21:28:15', NULL),
(187, '131792493', 'tr_6524c4ce109ee', 'stripe', 1, 3, '100', '$', '50', 'paid', '2023-02-28 12:27:40', '2023-10-09 21:28:15', NULL),
(188, '716293924', 'tr_6524c4ce10d30', 'sslcommerz', 1, 1, '50', '$', '50', 'paid', '2022-12-11 20:39:43', '2023-10-09 21:28:15', NULL),
(189, '22248745', 'tr_6524c4ce11087', 'instamojo', 1, 3, '100', '€', '20', 'paid', '2022-11-03 00:25:47', '2023-10-09 21:28:15', NULL),
(190, '442310735', 'tr_6524c4ce113d5', 'paypal', 1, 3, '100', '£', '100', 'paid', '2023-04-02 18:58:06', '2023-10-09 21:28:15', NULL),
(191, '696143364', 'tr_6524c4ce11718', 'razorpay', 2, 1, '100', '$', '50', 'paid', '2022-12-28 22:15:09', '2023-10-09 21:28:15', NULL),
(192, '149921273', 'tr_6524c4ce11d5e', 'stripe', 3, 2, '100', '£', '100', 'paid', '2023-09-13 20:35:25', '2023-10-09 21:28:15', NULL),
(193, '46705207', 'tr_6524c4ce125be', 'midtrans', 2, 2, '20', '€', '100', 'paid', '2023-09-17 01:54:45', '2023-10-09 21:28:15', NULL),
(194, '360173664', 'tr_6524c4ce134e3', 'mollie', 2, 1, '50', '$', '50', 'paid', '2023-04-13 01:00:11', '2023-10-09 21:28:15', NULL),
(195, '682034564', 'tr_6524c4ce13a36', 'razorpay', 1, 2, '20', '£', '50', 'paid', '2023-05-31 07:17:49', '2023-10-09 21:28:15', NULL),
(196, '821038312', 'tr_6524c4ce13ecc', 'paypal', 1, 2, '20', '£', '100', 'paid', '2023-03-03 04:44:31', '2023-10-09 21:28:15', NULL),
(197, '809825199', 'tr_6524c4ce14378', 'paystack', 1, 1, '20', '$', '50', 'paid', '2022-12-28 19:28:29', '2023-10-09 21:28:15', NULL),
(198, '83624547', 'tr_6524c4ce147d2', 'razorpay', 2, 3, '100', '$', '50', 'paid', '2023-08-24 21:11:15', '2023-10-09 21:28:15', NULL),
(199, '498717057', 'tr_6524c4ce14be5', 'flutterwave', 2, 3, '100', '€', '100', 'paid', '2022-12-17 16:15:25', '2023-10-09 21:28:15', NULL),
(200, '239683462', 'tr_6524c4ce14fc7', 'razorpay', 2, 2, '20', '£', '100', 'paid', '2023-10-01 18:22:41', '2023-10-09 21:28:15', NULL);

-- --------------------------------------------------------

--
-- Table structure for table `user_device_tokens`
--

CREATE TABLE `user_device_tokens` (
  `id` bigint(20) UNSIGNED NOT NULL,
  `user_id` bigint(20) UNSIGNED NOT NULL,
  `device_token` text DEFAULT NULL,
  `created_at` timestamp NULL DEFAULT NULL,
  `updated_at` timestamp NULL DEFAULT NULL
) ENGINE=InnoDB DEFAULT CHARSET=utf8mb4 COLLATE=utf8mb4_unicode_ci;

-- --------------------------------------------------------

--
-- Table structure for table `user_document_verifications`
--

CREATE TABLE `user_document_verifications` (
  `id` bigint(20) UNSIGNED NOT NULL,
  `user_id` bigint(20) UNSIGNED NOT NULL,
  `password_photo_url` varchar(255) NOT NULL,
  `status` enum('rejected','pending','approved') NOT NULL,
  `rejected_reason` varchar(255) DEFAULT NULL,
  `created_at` timestamp NULL DEFAULT NULL,
  `updated_at` timestamp NULL DEFAULT NULL
) ENGINE=InnoDB DEFAULT CHARSET=utf8mb4 COLLATE=utf8mb4_unicode_ci;

-- --------------------------------------------------------

--
-- Table structure for table `user_plans`
--

CREATE TABLE `user_plans` (
  `id` bigint(20) UNSIGNED NOT NULL,
  `user_id` bigint(20) UNSIGNED NOT NULL,
  `ad_limit` bigint(20) UNSIGNED NOT NULL DEFAULT 3,
  `featured_limit` bigint(20) UNSIGNED NOT NULL DEFAULT 0,
  `badge` tinyint(1) NOT NULL DEFAULT 0,
  `created_at` timestamp NULL DEFAULT NULL,
  `updated_at` timestamp NULL DEFAULT NULL,
  `subscription_type` enum('one_time','recurring') NOT NULL DEFAULT 'one_time',
  `expired_date` date DEFAULT NULL,
  `current_plan_id` bigint(20) UNSIGNED DEFAULT NULL,
  `is_restored_plan_benefits` tinyint(1) NOT NULL DEFAULT 0
) ENGINE=InnoDB DEFAULT CHARSET=utf8mb4 COLLATE=utf8mb4_unicode_ci;

--
-- Dumping data for table `user_plans`
--

INSERT INTO `user_plans` (`id`, `user_id`, `ad_limit`, `featured_limit`, `badge`, `created_at`, `updated_at`, `subscription_type`, `expired_date`, `current_plan_id`, `is_restored_plan_benefits`) VALUES
(1, 1, 3, 1, 0, '2023-10-09 21:27:04', '2023-10-09 21:27:04', 'recurring', NULL, NULL, 0),
(2, 2, 3, 1, 0, '2023-10-09 21:27:04', '2023-10-09 21:27:04', 'recurring', NULL, NULL, 0),
(3, 3, 3, 1, 0, '2023-10-09 21:27:04', '2023-10-09 21:27:04', 'recurring', NULL, NULL, 0);

-- --------------------------------------------------------

--
-- Table structure for table `wishlists`
--

CREATE TABLE `wishlists` (
  `id` bigint(20) UNSIGNED NOT NULL,
  `ad_id` bigint(20) UNSIGNED NOT NULL,
  `user_id` bigint(20) UNSIGNED NOT NULL,
  `created_at` timestamp NULL DEFAULT NULL,
  `updated_at` timestamp NULL DEFAULT NULL
) ENGINE=InnoDB DEFAULT CHARSET=utf8mb4 COLLATE=utf8mb4_unicode_ci;

--
-- Dumping data for table `wishlists`
--

INSERT INTO `wishlists` (`id`, `ad_id`, `user_id`, `created_at`, `updated_at`) VALUES
(1, 415, 1, '2023-10-09 21:28:12', '2023-10-09 21:28:12'),
(2, 615, 3, '2023-10-09 21:28:12', '2023-10-09 21:28:12'),
(3, 482, 1, '2023-10-09 21:28:12', '2023-10-09 21:28:12'),
(4, 716, 2, '2023-10-09 21:28:12', '2023-10-09 21:28:12'),
(5, 129, 3, '2023-10-09 21:28:12', '2023-10-09 21:28:12');

--
-- Indexes for table `admin_searches`
--
ALTER TABLE `admin_searches`
  ADD PRIMARY KEY (`id`);

--
-- Indexes for table `ads`
--
ALTER TABLE `ads`
  ADD PRIMARY KEY (`id`),
  ADD KEY `ads_user_id_foreign` (`user_id`),
  ADD KEY `ads_category_id_foreign` (`category_id`),
  ADD KEY `ads_brand_id_foreign` (`brand_id`);

--
-- Indexes for table `advertisements`
--
ALTER TABLE `advertisements`
  ADD PRIMARY KEY (`id`);

--
-- Indexes for table `ad_features`
--
ALTER TABLE `ad_features`
  ADD PRIMARY KEY (`id`),
  ADD KEY `ad_features_ad_id_foreign` (`ad_id`);

--
-- Indexes for table `ad_galleries`
--
ALTER TABLE `ad_galleries`
  ADD PRIMARY KEY (`id`);

--
-- Indexes for table `blog_comments`
--
ALTER TABLE `blog_comments`
  ADD PRIMARY KEY (`id`),
  ADD KEY `blog_comments_post_id_foreign` (`post_id`);

--
-- Indexes for table `brands`
--
ALTER TABLE `brands`
  ADD PRIMARY KEY (`id`);

--
-- Indexes for table `categories`
--
ALTER TABLE `categories`
  ADD PRIMARY KEY (`id`);

--
-- Indexes for table `category_custom_field`
--
ALTER TABLE `category_custom_field`
  ADD PRIMARY KEY (`id`),
  ADD KEY `category_custom_field_category_id_foreign` (`category_id`),
  ADD KEY `category_custom_field_custom_field_id_foreign` (`custom_field_id`);

--
-- Indexes for table `category_translations`
--
ALTER TABLE `category_translations`
  ADD PRIMARY KEY (`id`),
  ADD KEY `category_translations_category_id_foreign` (`category_id`);

--
-- Indexes for table `cms`
--
ALTER TABLE `cms`
  ADD PRIMARY KEY (`id`);

--
-- Indexes for table `cms_contents`
--
ALTER TABLE `cms_contents`
  ADD PRIMARY KEY (`id`);

--
-- Indexes for table `cookies`
--
ALTER TABLE `cookies`
  ADD PRIMARY KEY (`id`);

--
-- Indexes for table `countries`
--
ALTER TABLE `countries`
  ADD PRIMARY KEY (`id`);

--
-- Indexes for table `currencies`
--
ALTER TABLE `currencies`
  ADD PRIMARY KEY (`id`);

--
-- Indexes for table `custom_fields`
--
ALTER TABLE `custom_fields`
  ADD PRIMARY KEY (`id`),
  ADD KEY `custom_fields_custom_field_group_id_foreign` (`custom_field_group_id`);

--
-- Indexes for table `custom_field_groups`
--
ALTER TABLE `custom_field_groups`
  ADD PRIMARY KEY (`id`);

--
-- Indexes for table `custom_field_values`
--
ALTER TABLE `custom_field_values`
  ADD PRIMARY KEY (`id`),
  ADD KEY `custom_field_values_custom_field_id_foreign` (`custom_field_id`);

--
-- Indexes for table `database_backups`
--
ALTER TABLE `database_backups`
  ADD PRIMARY KEY (`id`);

--
-- Indexes for table `emails`
--
ALTER TABLE `emails`
  ADD PRIMARY KEY (`id`),
  ADD UNIQUE KEY `emails_email_unique` (`email`);

--
-- Indexes for table `failed_jobs`
--
ALTER TABLE `failed_jobs`
  ADD PRIMARY KEY (`id`),
  ADD UNIQUE KEY `failed_jobs_uuid_unique` (`uuid`);

--
-- Indexes for table `faqs`
--
ALTER TABLE `faqs`
  ADD PRIMARY KEY (`id`),
  ADD KEY `faqs_faq_category_id_foreign` (`faq_category_id`);

--
-- Indexes for table `faq_categories`
--
ALTER TABLE `faq_categories`
  ADD PRIMARY KEY (`id`),
  ADD UNIQUE KEY `faq_categories_name_unique` (`name`),
  ADD UNIQUE KEY `faq_categories_slug_unique` (`slug`);

--
-- Indexes for table `jobs`
--
ALTER TABLE `jobs`
  ADD PRIMARY KEY (`id`),
  ADD KEY `jobs_queue_index` (`queue`);

--
-- Indexes for table `languages`
--
ALTER TABLE `languages`
  ADD PRIMARY KEY (`id`),
  ADD UNIQUE KEY `languages_name_unique` (`name`),
  ADD UNIQUE KEY `languages_code_unique` (`code`);

--
-- Indexes for table `manual_payments`
--
ALTER TABLE `manual_payments`
  ADD PRIMARY KEY (`id`);

--
-- Indexes for table `messengers`
--
ALTER TABLE `messengers`
  ADD PRIMARY KEY (`id`);

--
-- Indexes for table `migrations`
--
ALTER TABLE `migrations`
  ADD PRIMARY KEY (`id`);

--
-- Indexes for table `mobile_app_configs`
--
ALTER TABLE `mobile_app_configs`
  ADD PRIMARY KEY (`id`);

--
-- Indexes for table `mobile_app_sliders`
--
ALTER TABLE `mobile_app_sliders`
  ADD PRIMARY KEY (`id`);

--
-- Indexes for table `model_has_permissions`
--
ALTER TABLE `model_has_permissions`
  ADD PRIMARY KEY (`permission_id`,`model_id`,`model_type`),
  ADD KEY `model_has_permissions_model_id_model_type_index` (`model_id`,`model_type`);

--
-- Indexes for table `model_has_roles`
--
ALTER TABLE `model_has_roles`
  ADD PRIMARY KEY (`role_id`,`model_id`,`model_type`),
  ADD KEY `model_has_roles_model_id_model_type_index` (`model_id`,`model_type`);

--
-- Indexes for table `module_settings`
--
ALTER TABLE `module_settings`
  ADD PRIMARY KEY (`id`);

--
-- Indexes for table `notifications`
--
ALTER TABLE `notifications`
  ADD PRIMARY KEY (`id`),
  ADD KEY `notifications_notifiable_type_notifiable_id_index` (`notifiable_type`,`notifiable_id`);

--
-- Indexes for table `orders`
--
ALTER TABLE `orders`
  ADD PRIMARY KEY (`id`);

--
-- Indexes for table `password_resets`
--
ALTER TABLE `password_resets`
  ADD KEY `password_resets_email_index` (`email`);

--
-- Indexes for table `permissions`
--
ALTER TABLE `permissions`
  ADD PRIMARY KEY (`id`);

--
-- Indexes for table `personal_access_tokens`
--
ALTER TABLE `personal_access_tokens`
  ADD PRIMARY KEY (`id`),
  ADD UNIQUE KEY `personal_access_tokens_token_unique` (`token`),
  ADD KEY `personal_access_tokens_tokenable_type_tokenable_id_index` (`tokenable_type`,`tokenable_id`);

--
-- Indexes for table `plans`
--
ALTER TABLE `plans`
  ADD PRIMARY KEY (`id`),
  ADD UNIQUE KEY `plans_label_unique` (`label`);

--
-- Indexes for table `posts`
--
ALTER TABLE `posts`
  ADD PRIMARY KEY (`id`),
  ADD KEY `posts_category_id_foreign` (`category_id`),
  ADD KEY `posts_author_id_foreign` (`author_id`);

--
-- Indexes for table `post_categories`
--
ALTER TABLE `post_categories`
  ADD PRIMARY KEY (`id`);

--
-- Indexes for table `product_custom_fields`
--
ALTER TABLE `product_custom_fields`
  ADD PRIMARY KEY (`id`),
  ADD KEY `product_custom_fields_ad_id_foreign` (`ad_id`),
  ADD KEY `product_custom_fields_custom_field_id_foreign` (`custom_field_id`),
  ADD KEY `product_custom_fields_custom_field_group_id_foreign` (`custom_field_group_id`);

--
-- Indexes for table `reports`
--
ALTER TABLE `reports`
  ADD PRIMARY KEY (`id`),
  ADD KEY `reports_report_from_id_foreign` (`report_from_id`),
  ADD KEY `reports_report_to_id_foreign` (`report_to_id`);

--
-- Indexes for table `reviews`
--
ALTER TABLE `reviews`
  ADD PRIMARY KEY (`id`),
  ADD KEY `reviews_user_id_foreign` (`user_id`),
  ADD KEY `reviews_seller_id_foreign` (`seller_id`);

--
-- Indexes for table `roles`
--
ALTER TABLE `roles`
  ADD PRIMARY KEY (`id`);

--
-- Indexes for table `role_has_permissions`
--
ALTER TABLE `role_has_permissions`
  ADD PRIMARY KEY (`permission_id`,`role_id`),
  ADD KEY `role_has_permissions_role_id_foreign` (`role_id`);

--
-- Indexes for table `seos`
--
ALTER TABLE `seos`
  ADD PRIMARY KEY (`id`);

--
-- Indexes for table `seo_page_contents`
--
ALTER TABLE `seo_page_contents`
  ADD PRIMARY KEY (`id`),
  ADD KEY `seo_page_contents_page_id_foreign` (`page_id`);

--
-- Indexes for table `setup_guides`
--
ALTER TABLE `setup_guides`
  ADD PRIMARY KEY (`id`);

--
-- Indexes for table `social_media`
--
ALTER TABLE `social_media`
  ADD PRIMARY KEY (`id`),
  ADD KEY `social_media_user_id_foreign` (`user_id`);

--
-- Indexes for table `sub_categories`
--
ALTER TABLE `sub_categories`
  ADD PRIMARY KEY (`id`),
  ADD KEY `sub_categories_category_id_foreign` (`category_id`);

--
-- Indexes for table `sub_category_translations`
--
ALTER TABLE `sub_category_translations`
  ADD PRIMARY KEY (`id`),
  ADD KEY `sub_category_translations_sub_category_id_foreign` (`sub_category_id`);

--
-- Indexes for table `testimonials`
--
ALTER TABLE `testimonials`
  ADD PRIMARY KEY (`id`);

--
-- Indexes for table `themes`
--
ALTER TABLE `themes`
  ADD PRIMARY KEY (`id`);

--
-- Indexes for table `timezones`
--
ALTER TABLE `timezones`
  ADD PRIMARY KEY (`id`);

--
-- Indexes for table `transactions`
--
ALTER TABLE `transactions`
  ADD PRIMARY KEY (`id`),
  ADD KEY `transactions_plan_id_foreign` (`plan_id`),
  ADD KEY `transactions_user_id_foreign` (`user_id`),
  ADD KEY `transactions_manual_payment_id_foreign` (`manual_payment_id`);

--
-- Indexes for table `user_device_tokens`
--
ALTER TABLE `user_device_tokens`
  ADD PRIMARY KEY (`id`),
  ADD KEY `user_device_tokens_user_id_foreign` (`user_id`);

--
-- Indexes for table `user_document_verifications`
--
ALTER TABLE `user_document_verifications`
  ADD PRIMARY KEY (`id`),
  ADD KEY `user_document_verifications_user_id_foreign` (`user_id`);

--
-- Indexes for table `user_plans`
--
ALTER TABLE `user_plans`
  ADD PRIMARY KEY (`id`),
  ADD KEY `user_plans_user_id_foreign` (`user_id`),
  ADD KEY `user_plans_current_plan_id_foreign` (`current_plan_id`);

--
-- Indexes for table `wishlists`
--
ALTER TABLE `wishlists`
  ADD PRIMARY KEY (`id`),
  ADD KEY `wishlists_ad_id_foreign` (`ad_id`),
  ADD KEY `wishlists_user_id_foreign` (`user_id`);

--
-- AUTO_INCREMENT for table `admin_searches`
--
ALTER TABLE `admin_searches`
  MODIFY `id` bigint(20) UNSIGNED NOT NULL AUTO_INCREMENT, AUTO_INCREMENT=25;

--
-- AUTO_INCREMENT for table `ads`
--
ALTER TABLE `ads`
  MODIFY `id` bigint(20) UNSIGNED NOT NULL AUTO_INCREMENT, AUTO_INCREMENT=1236;

--
-- AUTO_INCREMENT for table `advertisements`
--
ALTER TABLE `advertisements`
  MODIFY `id` bigint(20) UNSIGNED NOT NULL AUTO_INCREMENT, AUTO_INCREMENT=9;

--
-- AUTO_INCREMENT for table `ad_features`
--
ALTER TABLE `ad_features`
  MODIFY `id` bigint(20) UNSIGNED NOT NULL AUTO_INCREMENT, AUTO_INCREMENT=5603;

--
-- AUTO_INCREMENT for table `ad_galleries`
--
ALTER TABLE `ad_galleries`
  MODIFY `id` bigint(20) UNSIGNED NOT NULL AUTO_INCREMENT, AUTO_INCREMENT=3549;

--
-- AUTO_INCREMENT for table `blog_comments`
--
ALTER TABLE `blog_comments`
  MODIFY `id` bigint(20) UNSIGNED NOT NULL AUTO_INCREMENT;

--
-- AUTO_INCREMENT for table `brands`
--
ALTER TABLE `brands`
  MODIFY `id` bigint(20) UNSIGNED NOT NULL AUTO_INCREMENT, AUTO_INCREMENT=6;

--
-- AUTO_INCREMENT for table `categories`
--
ALTER TABLE `categories`
  MODIFY `id` bigint(20) UNSIGNED NOT NULL AUTO_INCREMENT, AUTO_INCREMENT=12;

--
-- AUTO_INCREMENT for table `category_custom_field`
--
ALTER TABLE `category_custom_field`
  MODIFY `id` bigint(20) UNSIGNED NOT NULL AUTO_INCREMENT, AUTO_INCREMENT=111;

--
-- AUTO_INCREMENT for table `category_translations`
--
ALTER TABLE `category_translations`
  MODIFY `id` bigint(20) UNSIGNED NOT NULL AUTO_INCREMENT, AUTO_INCREMENT=23;

--
-- AUTO_INCREMENT for table `cms`
--
ALTER TABLE `cms`
  MODIFY `id` bigint(20) UNSIGNED NOT NULL AUTO_INCREMENT, AUTO_INCREMENT=2;

--
-- AUTO_INCREMENT for table `cms_contents`
--
ALTER TABLE `cms_contents`
  MODIFY `id` bigint(20) UNSIGNED NOT NULL AUTO_INCREMENT;

--
-- AUTO_INCREMENT for table `cookies`
--
ALTER TABLE `cookies`
  MODIFY `id` bigint(20) UNSIGNED NOT NULL AUTO_INCREMENT, AUTO_INCREMENT=2;

--
-- AUTO_INCREMENT for table `countries`
--
ALTER TABLE `countries`
  MODIFY `id` bigint(20) UNSIGNED NOT NULL AUTO_INCREMENT, AUTO_INCREMENT=495;

--
-- AUTO_INCREMENT for table `currencies`
--
ALTER TABLE `currencies`
  MODIFY `id` bigint(20) UNSIGNED NOT NULL AUTO_INCREMENT, AUTO_INCREMENT=6;

--
-- AUTO_INCREMENT for table `custom_fields`
--
ALTER TABLE `custom_fields`
  MODIFY `id` bigint(20) UNSIGNED NOT NULL AUTO_INCREMENT, AUTO_INCREMENT=11;

--
-- AUTO_INCREMENT for table `custom_field_groups`
--
ALTER TABLE `custom_field_groups`
  MODIFY `id` bigint(20) UNSIGNED NOT NULL AUTO_INCREMENT, AUTO_INCREMENT=3;

--
-- AUTO_INCREMENT for table `custom_field_values`
--
ALTER TABLE `custom_field_values`
  MODIFY `id` bigint(20) UNSIGNED NOT NULL AUTO_INCREMENT, AUTO_INCREMENT=15;

--
-- AUTO_INCREMENT for table `database_backups`
--
ALTER TABLE `database_backups`
  MODIFY `id` bigint(20) UNSIGNED NOT NULL AUTO_INCREMENT;

--
-- AUTO_INCREMENT for table `emails`
--
ALTER TABLE `emails`
  MODIFY `id` bigint(20) UNSIGNED NOT NULL AUTO_INCREMENT, AUTO_INCREMENT=11;

--
-- AUTO_INCREMENT for table `failed_jobs`
--
ALTER TABLE `failed_jobs`
  MODIFY `id` bigint(20) UNSIGNED NOT NULL AUTO_INCREMENT;

--
-- AUTO_INCREMENT for table `faqs`
--
ALTER TABLE `faqs`
  MODIFY `id` bigint(20) UNSIGNED NOT NULL AUTO_INCREMENT, AUTO_INCREMENT=21;

--
-- AUTO_INCREMENT for table `faq_categories`
--
ALTER TABLE `faq_categories`
  MODIFY `id` bigint(20) UNSIGNED NOT NULL AUTO_INCREMENT, AUTO_INCREMENT=6;

--
-- AUTO_INCREMENT for table `jobs`
--
ALTER TABLE `jobs`
  MODIFY `id` bigint(20) UNSIGNED NOT NULL AUTO_INCREMENT;

--
-- AUTO_INCREMENT for table `languages`
--
ALTER TABLE `languages`
  MODIFY `id` bigint(20) UNSIGNED NOT NULL AUTO_INCREMENT, AUTO_INCREMENT=3;

--
-- AUTO_INCREMENT for table `manual_payments`
--
ALTER TABLE `manual_payments`
  MODIFY `id` bigint(20) UNSIGNED NOT NULL AUTO_INCREMENT, AUTO_INCREMENT=5;

--
-- AUTO_INCREMENT for table `messengers`
--
ALTER TABLE `messengers`
  MODIFY `id` bigint(20) UNSIGNED NOT NULL AUTO_INCREMENT;

--
-- AUTO_INCREMENT for table `migrations`
--
ALTER TABLE `migrations`
  MODIFY `id` int(10) UNSIGNED NOT NULL AUTO_INCREMENT, AUTO_INCREMENT=89;

--
-- AUTO_INCREMENT for table `mobile_app_configs`
--
ALTER TABLE `mobile_app_configs`
  MODIFY `id` bigint(20) UNSIGNED NOT NULL AUTO_INCREMENT, AUTO_INCREMENT=2;

--
-- AUTO_INCREMENT for table `mobile_app_sliders`
--
ALTER TABLE `mobile_app_sliders`
  MODIFY `id` bigint(20) UNSIGNED NOT NULL AUTO_INCREMENT;

--
-- AUTO_INCREMENT for table `module_settings`
--
ALTER TABLE `module_settings`
  MODIFY `id` bigint(20) UNSIGNED NOT NULL AUTO_INCREMENT, AUTO_INCREMENT=3;

--
-- AUTO_INCREMENT for table `orders`
--
ALTER TABLE `orders`
  MODIFY `id` bigint(20) UNSIGNED NOT NULL AUTO_INCREMENT;

--
-- AUTO_INCREMENT for table `permissions`
--
ALTER TABLE `permissions`
  MODIFY `id` bigint(20) UNSIGNED NOT NULL AUTO_INCREMENT, AUTO_INCREMENT=93;

--
-- AUTO_INCREMENT for table `personal_access_tokens`
--
ALTER TABLE `personal_access_tokens`
  MODIFY `id` bigint(20) UNSIGNED NOT NULL AUTO_INCREMENT;

--
-- AUTO_INCREMENT for table `plans`
--
ALTER TABLE `plans`
  MODIFY `id` bigint(20) UNSIGNED NOT NULL AUTO_INCREMENT, AUTO_INCREMENT=4;

--
-- AUTO_INCREMENT for table `posts`
--
ALTER TABLE `posts`
  MODIFY `id` bigint(20) UNSIGNED NOT NULL AUTO_INCREMENT, AUTO_INCREMENT=51;

--
-- AUTO_INCREMENT for table `post_categories`
--
ALTER TABLE `post_categories`
  MODIFY `id` bigint(20) UNSIGNED NOT NULL AUTO_INCREMENT, AUTO_INCREMENT=7;

--
-- AUTO_INCREMENT for table `product_custom_fields`
--
ALTER TABLE `product_custom_fields`
  MODIFY `id` bigint(20) UNSIGNED NOT NULL AUTO_INCREMENT, AUTO_INCREMENT=12351;

--
-- AUTO_INCREMENT for table `reports`
--
ALTER TABLE `reports`
  MODIFY `id` bigint(20) UNSIGNED NOT NULL AUTO_INCREMENT, AUTO_INCREMENT=11;

--
-- AUTO_INCREMENT for table `reviews`
--
ALTER TABLE `reviews`
  MODIFY `id` bigint(20) UNSIGNED NOT NULL AUTO_INCREMENT, AUTO_INCREMENT=101;

--
-- AUTO_INCREMENT for table `roles`
--
ALTER TABLE `roles`
  MODIFY `id` bigint(20) UNSIGNED NOT NULL AUTO_INCREMENT, AUTO_INCREMENT=2;

--
-- AUTO_INCREMENT for table `seos`
--
ALTER TABLE `seos`
  MODIFY `id` bigint(20) UNSIGNED NOT NULL AUTO_INCREMENT, AUTO_INCREMENT=10;

--
-- AUTO_INCREMENT for table `seo_page_contents`
--
ALTER TABLE `seo_page_contents`
  MODIFY `id` bigint(20) UNSIGNED NOT NULL AUTO_INCREMENT, AUTO_INCREMENT=10;

--
-- AUTO_INCREMENT for table `setup_guides`
--
ALTER TABLE `setup_guides`
  MODIFY `id` bigint(20) UNSIGNED NOT NULL AUTO_INCREMENT, AUTO_INCREMENT=7;

--
-- AUTO_INCREMENT for table `social_media`
--
ALTER TABLE `social_media`
  MODIFY `id` bigint(20) UNSIGNED NOT NULL AUTO_INCREMENT;

--
-- AUTO_INCREMENT for table `sub_categories`
--
ALTER TABLE `sub_categories`
  MODIFY `id` bigint(20) UNSIGNED NOT NULL AUTO_INCREMENT, AUTO_INCREMENT=19;

--
-- AUTO_INCREMENT for table `sub_category_translations`
--
ALTER TABLE `sub_category_translations`
  MODIFY `id` bigint(20) UNSIGNED NOT NULL AUTO_INCREMENT, AUTO_INCREMENT=37;

--
-- AUTO_INCREMENT for table `testimonials`
--
ALTER TABLE `testimonials`
  MODIFY `id` bigint(20) UNSIGNED NOT NULL AUTO_INCREMENT, AUTO_INCREMENT=21;

--
-- AUTO_INCREMENT for table `themes`
--
ALTER TABLE `themes`
  MODIFY `id` bigint(20) UNSIGNED NOT NULL AUTO_INCREMENT;

--
-- AUTO_INCREMENT for table `timezones`
--
ALTER TABLE `timezones`
  MODIFY `id` bigint(20) UNSIGNED NOT NULL AUTO_INCREMENT, AUTO_INCREMENT=839;

--
-- AUTO_INCREMENT for table `transactions`
--
ALTER TABLE `transactions`
  MODIFY `id` bigint(20) UNSIGNED NOT NULL AUTO_INCREMENT, AUTO_INCREMENT=201;

--
-- AUTO_INCREMENT for table `user_device_tokens`
--
ALTER TABLE `user_device_tokens`
  MODIFY `id` bigint(20) UNSIGNED NOT NULL AUTO_INCREMENT;

--
-- AUTO_INCREMENT for table `user_document_verifications`
--
ALTER TABLE `user_document_verifications`
  MODIFY `id` bigint(20) UNSIGNED NOT NULL AUTO_INCREMENT;

--
-- AUTO_INCREMENT for table `user_plans`
--
ALTER TABLE `user_plans`
  MODIFY `id` bigint(20) UNSIGNED NOT NULL AUTO_INCREMENT, AUTO_INCREMENT=4;

--
-- AUTO_INCREMENT for table `wishlists`
--
ALTER TABLE `wishlists`
  MODIFY `id` bigint(20) UNSIGNED NOT NULL AUTO_INCREMENT, AUTO_INCREMENT=6;

--
-- Constraints for dumped tables
--

--
-- Constraints for table `ads`
--
ALTER TABLE `ads`
  ADD CONSTRAINT `ads_brand_id_foreign` FOREIGN KEY (`brand_id`) REFERENCES `brands` (`id`) ON DELETE CASCADE,
  ADD CONSTRAINT `ads_category_id_foreign` FOREIGN KEY (`category_id`) REFERENCES `categories` (`id`) ON DELETE CASCADE,
  ADD CONSTRAINT `ads_user_id_foreign` FOREIGN KEY (`user_id`) REFERENCES `users` (`id`) ON DELETE CASCADE;

--
-- Constraints for table `ad_features`
--
ALTER TABLE `ad_features`
  ADD CONSTRAINT `ad_features_ad_id_foreign` FOREIGN KEY (`ad_id`) REFERENCES `ads` (`id`) ON DELETE CASCADE;

--
-- Constraints for table `blog_comments`
--
ALTER TABLE `blog_comments`
  ADD CONSTRAINT `blog_comments_post_id_foreign` FOREIGN KEY (`post_id`) REFERENCES `posts` (`id`) ON DELETE CASCADE;

--
-- Constraints for table `category_custom_field`
--
ALTER TABLE `category_custom_field`
  ADD CONSTRAINT `category_custom_field_category_id_foreign` FOREIGN KEY (`category_id`) REFERENCES `categories` (`id`) ON DELETE CASCADE,
  ADD CONSTRAINT `category_custom_field_custom_field_id_foreign` FOREIGN KEY (`custom_field_id`) REFERENCES `custom_fields` (`id`) ON DELETE CASCADE;

--
-- Constraints for table `category_translations`
--
ALTER TABLE `category_translations`
  ADD CONSTRAINT `category_translations_category_id_foreign` FOREIGN KEY (`category_id`) REFERENCES `categories` (`id`) ON DELETE CASCADE;

--
-- Constraints for table `custom_fields`
--
ALTER TABLE `custom_fields`
  ADD CONSTRAINT `custom_fields_custom_field_group_id_foreign` FOREIGN KEY (`custom_field_group_id`) REFERENCES `custom_field_groups` (`id`) ON DELETE CASCADE;

--
-- Constraints for table `custom_field_values`
--
ALTER TABLE `custom_field_values`
  ADD CONSTRAINT `custom_field_values_custom_field_id_foreign` FOREIGN KEY (`custom_field_id`) REFERENCES `custom_fields` (`id`) ON DELETE CASCADE;

--
-- Constraints for table `faqs`
--
ALTER TABLE `faqs`
  ADD CONSTRAINT `faqs_faq_category_id_foreign` FOREIGN KEY (`faq_category_id`) REFERENCES `faq_categories` (`id`) ON DELETE CASCADE;

--
-- Constraints for table `model_has_permissions`
--
ALTER TABLE `model_has_permissions`
  ADD CONSTRAINT `model_has_permissions_permission_id_foreign` FOREIGN KEY (`permission_id`) REFERENCES `permissions` (`id`) ON DELETE CASCADE;

--
-- Constraints for table `model_has_roles`
--
ALTER TABLE `model_has_roles`
  ADD CONSTRAINT `model_has_roles_role_id_foreign` FOREIGN KEY (`role_id`) REFERENCES `roles` (`id`) ON DELETE CASCADE;

--
-- Constraints for table `posts`
--
ALTER TABLE `posts`
  ADD CONSTRAINT `posts_author_id_foreign` FOREIGN KEY (`author_id`) REFERENCES `admins` (`id`) ON DELETE CASCADE,
  ADD CONSTRAINT `posts_category_id_foreign` FOREIGN KEY (`category_id`) REFERENCES `post_categories` (`id`) ON DELETE CASCADE;

--
-- Constraints for table `product_custom_fields`
--
ALTER TABLE `product_custom_fields`
  ADD CONSTRAINT `product_custom_fields_ad_id_foreign` FOREIGN KEY (`ad_id`) REFERENCES `ads` (`id`) ON DELETE CASCADE,
  ADD CONSTRAINT `product_custom_fields_custom_field_group_id_foreign` FOREIGN KEY (`custom_field_group_id`) REFERENCES `custom_field_groups` (`id`) ON DELETE CASCADE,
  ADD CONSTRAINT `product_custom_fields_custom_field_id_foreign` FOREIGN KEY (`custom_field_id`) REFERENCES `custom_fields` (`id`) ON DELETE CASCADE;

--
-- Constraints for table `reports`
--
ALTER TABLE `reports`
  ADD CONSTRAINT `reports_report_from_id_foreign` FOREIGN KEY (`report_from_id`) REFERENCES `users` (`id`) ON DELETE CASCADE,
  ADD CONSTRAINT `reports_report_to_id_foreign` FOREIGN KEY (`report_to_id`) REFERENCES `users` (`id`) ON DELETE CASCADE;

--
-- Constraints for table `reviews`
--
ALTER TABLE `reviews`
  ADD CONSTRAINT `reviews_seller_id_foreign` FOREIGN KEY (`seller_id`) REFERENCES `users` (`id`) ON DELETE CASCADE,
  ADD CONSTRAINT `reviews_user_id_foreign` FOREIGN KEY (`user_id`) REFERENCES `users` (`id`) ON DELETE CASCADE;

--
-- Constraints for table `role_has_permissions`
--
ALTER TABLE `role_has_permissions`
  ADD CONSTRAINT `role_has_permissions_permission_id_foreign` FOREIGN KEY (`permission_id`) REFERENCES `permissions` (`id`) ON DELETE CASCADE,
  ADD CONSTRAINT `role_has_permissions_role_id_foreign` FOREIGN KEY (`role_id`) REFERENCES `roles` (`id`) ON DELETE CASCADE;

--
-- Constraints for table `seo_page_contents`
--
ALTER TABLE `seo_page_contents`
  ADD CONSTRAINT `seo_page_contents_page_id_foreign` FOREIGN KEY (`page_id`) REFERENCES `seos` (`id`) ON DELETE CASCADE;

--
-- Constraints for table `social_media`
--
ALTER TABLE `social_media`
  ADD CONSTRAINT `social_media_user_id_foreign` FOREIGN KEY (`user_id`) REFERENCES `users` (`id`) ON DELETE CASCADE;

--
-- Constraints for table `sub_categories`
--
ALTER TABLE `sub_categories`
  ADD CONSTRAINT `sub_categories_category_id_foreign` FOREIGN KEY (`category_id`) REFERENCES `categories` (`id`) ON DELETE CASCADE;

--
-- Constraints for table `sub_category_translations`
--
ALTER TABLE `sub_category_translations`
  ADD CONSTRAINT `sub_category_translations_sub_category_id_foreign` FOREIGN KEY (`sub_category_id`) REFERENCES `sub_categories` (`id`) ON DELETE CASCADE;

--
-- Constraints for table `transactions`
--
ALTER TABLE `transactions`
  ADD CONSTRAINT `transactions_manual_payment_id_foreign` FOREIGN KEY (`manual_payment_id`) REFERENCES `manual_payments` (`id`) ON DELETE CASCADE,
  ADD CONSTRAINT `transactions_plan_id_foreign` FOREIGN KEY (`plan_id`) REFERENCES `plans` (`id`) ON DELETE CASCADE,
  ADD CONSTRAINT `transactions_user_id_foreign` FOREIGN KEY (`user_id`) REFERENCES `users` (`id`) ON DELETE CASCADE;

--
-- Constraints for table `user_device_tokens`
--
ALTER TABLE `user_device_tokens`
  ADD CONSTRAINT `user_device_tokens_user_id_foreign` FOREIGN KEY (`user_id`) REFERENCES `users` (`id`) ON DELETE CASCADE;

--
-- Constraints for table `user_document_verifications`
--
ALTER TABLE `user_document_verifications`
  ADD CONSTRAINT `user_document_verifications_user_id_foreign` FOREIGN KEY (`user_id`) REFERENCES `users` (`id`) ON DELETE CASCADE;

--
-- Constraints for table `user_plans`
--
ALTER TABLE `user_plans`
  ADD CONSTRAINT `user_plans_current_plan_id_foreign` FOREIGN KEY (`current_plan_id`) REFERENCES `plans` (`id`) ON DELETE CASCADE,
  ADD CONSTRAINT `user_plans_user_id_foreign` FOREIGN KEY (`user_id`) REFERENCES `users` (`id`) ON DELETE CASCADE;

--
-- Constraints for table `wishlists`
--
ALTER TABLE `wishlists`
  ADD CONSTRAINT `wishlists_ad_id_foreign` FOREIGN KEY (`ad_id`) REFERENCES `ads` (`id`) ON DELETE CASCADE,
  ADD CONSTRAINT `wishlists_user_id_foreign` FOREIGN KEY (`user_id`) REFERENCES `users` (`id`) ON DELETE CASCADE;
COMMIT;

